\.


--
-- Data for Name: cms_component_type; Type: TABLE DATA; Schema: public; Owner: biomket
--

COPY public.cms_component_type (id, name, display_name, description, reusable, repeatable, created_at, updated_at, deleted_at, folder_id) FROM stdin;
01KJ4HM8YEHMJVQVFG684ZG62G	organic_waste_marketplace	Organic Waste Marketplace	\N	t	t	2026-02-23 07:05:17.646+01	2026-02-23 07:05:17.646+01	\N	01KHX16CR0GT5DNQRYR3W24BKK
01KJ4ME13788FKSG104Z7VMF4M	navigation	Navigate	\N	t	t	2026-02-23 07:54:18.727+01	2026-02-23 07:54:18.727+01	\N	\N
01KJ4MGF3A600HC8RA94DK78PE	company_address	Company Address		t	t	2026-02-23 07:55:38.602+01	2026-02-23 07:57:28.657+01	\N	\N
01KJ4MR5M4ZKX8GHG3HPG2CDYF	social_media	Social Media	\N	t	t	2026-02-23 07:59:51.044+01	2026-02-23 07:59:51.044+01	\N	\N
01KJ4N325VBD3Y3WNAX2PN0FX4	image_and_link	Image and Link	\N	t	t	2026-02-23 08:05:47.963+01	2026-02-23 08:05:47.963+01	\N	\N
01KJ4N72AQZXDN19BY2QKHVHXF	footer_popup	Footer Popup	\N	t	t	2026-02-23 08:07:59.191+01	2026-02-23 08:07:59.191+01	\N	\N
01KJ4NJNB7P161TDSQZEKM6JCW	copyright	Copyright	\N	t	t	2026-02-23 08:14:19.111+01	2026-02-23 08:14:19.111+01	\N	\N
01KJCAFH206EP746WFSVE2JY43	image	Image	\N	t	t	2026-02-26 07:34:17.536+01	2026-02-26 07:34:17.536+01	\N	\N
01KJSWW8NEJM75RQCRBVPXMCJQ	industry_solution	Industry Solution		t	t	2026-03-03 14:05:56.91+01	2026-03-03 14:05:58.214+01	\N	01KJSVTKA866EPF6HEJJEQTN5K
01KJSHY7BSXPTJ19S371HC5QWH	imageonly	ImageOnly	\N	t	t	2026-03-03 10:54:46.777+01	2026-03-03 10:54:46.777+01	\N	\N
01KJSJKPXQ3D5D5PMK5487RFK5	title_description_image	Title Description Image	\N	t	t	2026-03-03 11:06:30.839+01	2026-03-03 11:06:30.839+01	\N	\N
01KJSXEXK8TKWG1THGKJYP98NS	why_choose_us	Why Choose Us	\N	t	t	2026-03-03 14:16:08.168+01	2026-03-03 14:16:08.168+01	\N	01KJSVTKA866EPF6HEJJEQTN5K
01KJER2QEH3BPA1TH7JS6KBY1Q	test	test		f	t	2026-02-27 06:10:27.025+01	2026-02-27 06:43:51.577+01	\N	\N
01KJY9WD57QTH2E5W4HRW3AWF9	what_are_ewc_codes	What are EWC codes	\N	t	t	2026-03-05 07:10:10.727+01	2026-03-05 07:10:10.727+01	\N	01KJY9D0415VZW6ZTPZJY1P3TN
01KJCBWC3E7JRP21XSR89GWNS1	cards_for_wastecollection_and_hero_section	Cards for WasteCollection and Team Section		t	t	2026-02-26 07:58:47.022+01	2026-02-26 10:50:38.207+01	\N	\N
01KJCPTN6JZW4RQY8CXV6QZ7VE	waste_management_options	 Waste Management Options	\N	f	t	2026-02-26 11:10:05.138+01	2026-02-26 11:10:05.138+01	\N	\N
01KJCQ5YVCGADYBPNTMCB89VWA	waste_management	Waste Management	\N	f	f	2026-02-26 11:16:15.468+01	2026-02-26 11:16:15.468+01	\N	\N
01KJCQQAZD2GRZXHPCNF11FNBR	how_it_works	How it Works	\N	f	f	2026-02-26 11:25:44.941+01	2026-02-26 11:25:44.941+01	\N	\N
01KJCRFM1YQP7191RB4QRXZ102	sliding_card_hitw	Sliding Card HITW	\N	f	t	2026-02-26 11:39:00.67+01	2026-02-26 11:39:00.67+01	\N	\N
01KJCR9SD3Z29PV92PGX2GZ0C7	title_description_btns_component	Title Description Btns (Logo Title Description)	\N	t	f	2026-02-26 11:35:49.54+01	2026-03-03 11:45:18.388+01	\N	\N
01KJCW9YMMY7JCV8ESA9NDTWQ0	signin_register	SignIn & Register	\N	t	t	2026-02-26 12:45:49.204+01	2026-02-26 12:46:20.702+01	\N	\N
01KJCAVQMZ61BFP5G8VBFZ55B2	wastecategoriessection	Waste Categories & Team Section	\N	t	f	2026-02-26 07:40:57.503+01	2026-03-03 11:49:42.667+01	\N	\N
01KJS151GQZBQFWAX8MASWXY3T	title_description_btn_img_component	Title Description Btn Img (Logo Title Description)	\N	t	t	2026-03-03 06:01:24.375+01	2026-03-03 11:52:15.776+01	\N	\N
01KJCSGDFR1J7YKFS67DQVJH3Q	cards_in_whtbiomket	Logo Title Richtext	\N	t	t	2026-02-26 11:56:55.288+01	2026-03-03 12:10:19.991+01	\N	\N
01KJCYQ4WQQNK6Z7ZX1WZCP8X1	value_proposition_cards	Value Proposition Cards	\N	t	t	2026-02-26 13:27:58.743+01	2026-02-26 13:27:58.743+01	\N	\N
01KJCYHR290J3WK4XPSJEATJQ0	list	List	\N	t	t	2026-02-26 13:25:01.769+01	2026-02-27 07:02:30.858+01	\N	\N
01KJCXS6M5E7ME3PAQZC4ACP4A	title_description_component	Title Description bgImg list Component 	\N	t	f	2026-02-26 13:11:37.478+01	2026-02-27 07:09:47.627+01	\N	\N
01KJEZEJCNXCRFAZW0BR2BJRCW	process_timeline	Process Timeline	\N	t	f	2026-02-27 08:19:15.094+01	2026-02-27 08:19:15.094+01	\N	\N
01KJSPK5XHQXFS51NT3C6DFSV0	title_description	Title Description	\N	t	t	2026-03-03 12:16:07.729+01	2026-03-03 12:16:07.729+01	\N	\N
01KJEZWYV76N20K0X6CQ203JST	process_steps	Process Steps	\N	t	t	2026-02-27 08:27:06.599+01	2026-02-27 08:27:06.599+01	\N	\N
01KJF0FBP895T4NK9T06EHTC9A	industry_solutions_cards	Industry Solutions Cards	\N	f	t	2026-02-27 08:37:09.576+01	2026-02-27 08:37:09.576+01	\N	\N
01KJF1608J17EF03NT0VCRAC5P	title_subtitle_component	Title Subtitle component		t	t	2026-02-27 08:49:31.538+01	2026-02-27 08:49:33.315+01	\N	\N
01KJF18ZT0HXWF7MBW1PRB0NP5	logo_component	Logo Component		t	t	2026-02-27 08:51:09.376+01	2026-02-27 08:51:12.258+01	\N	\N
01KJF8G2V1EK5XSNMK7YC6PEFX	logo_title_description	Logo Title Description 	\N	t	t	2026-02-27 10:57:21.889+01	2026-02-27 10:57:21.889+01	\N	\N
01KHXGG6X8CMGQQYVDV92FKHQC	block	Hero Section		t	t	2026-02-20 13:30:54.888+01	2026-03-02 07:01:44.781+01	\N	\N
01KJPN8G0ZANRHDN5BK7S70FSY	rich_text	Rich Text	\N	t	t	2026-03-02 07:55:05.759+01	2026-03-02 07:55:05.759+01	\N	\N
01KJPX692NCR9B8TCFCSFCH5CT	step2	step2	\N	t	t	2026-03-02 10:13:41.717+01	2026-03-02 10:13:41.717+01	\N	\N
01KJPX762XE8229J5RR7GKFXHV	steps3	steps3	\N	t	t	2026-03-02 10:14:11.421+01	2026-03-02 10:14:11.421+01	\N	\N
01KJSQXXX132XKJD9QHWP3MD62	who_we_are	Who We Are		t	t	2026-03-03 12:39:28.546+01	2026-03-03 12:51:16.566+01	\N	\N
01KJPX328A7NBCCH3AX2CTFZRE	testsdfsdf	step1	\N	t	t	2026-03-02 10:11:56.426+01	2026-03-02 10:17:53.184+01	\N	\N
01KJPYWH0G5C03G5B5K6CEDXHH	title_richtext_component	Title Richtext Component	\N	t	t	2026-03-02 10:43:19.312+01	2026-03-02 10:43:19.312+01	\N	\N
01KJS16YHCGVP18SDJMK4Q54KF	button	Button	\N	t	t	2026-03-03 06:02:26.86+01	2026-03-03 06:02:26.86+01	\N	\N
01KJSRV3Z2RV82BTPVA0KYTHWS	sector_serve	Sector Serve	\N	t	t	2026-03-03 12:55:25.026+01	2026-03-03 12:55:27.159+01	\N	01KJSRJ19GG9YPCRKHTB5N3C0G
01KJS35JKYBRFMZQH5AJJMWFXF	title_description_richtext_component	Title Description Richtext Component	\N	t	t	2026-03-03 06:36:39.038+01	2026-03-03 06:36:39.038+01	\N	\N
01KJSG0PQ80S3PC6CPFVK9RGGS	title_description_and_button	Title Description and Button	\N	t	t	2026-03-03 10:21:10.889+01	2026-03-03 10:21:10.889+01	\N	\N
01KJSSHYDY8NZ3JFASYNXKZ6C5	value_proposition	Value Proposition	\N	f	f	2026-03-03 13:07:53.022+01	2026-03-03 13:07:53.022+01	\N	01KJSRJ19GG9YPCRKHTB5N3C0G
01KJSW16P8QY69Q1F93PPH20JV	waste_management_services	Waste  Management Services		t	t	2026-03-03 13:51:10.152+01	2026-03-03 13:52:14.284+01	\N	01KJSVTKA866EPF6HEJJEQTN5K
01KJY6GATAFCTQQ0RN3K7NP7Z3	regulation_on_organic_waste	Regulation on Organic Waste	\N	t	f	2026-03-05 06:11:09.387+01	2026-03-05 06:11:12.559+01	\N	01KJY63MQ5VW84SEPT09HFGFCQ
01KJYA42WCPDWCFCJ38H26MT3S	code_interpret_way	 Code Interpret Way	\N	t	f	2026-03-05 07:14:22.348+01	2026-03-05 07:14:22.348+01	\N	\N
01KJYCAQDDECVSNQ2GM3BDPKQC	faq_subcategory	FAQ Sub-Category	\N	t	t	2026-03-05 07:52:57.134+01	2026-03-05 07:52:57.134+01	\N	01KJY9D0415VZW6ZTPZJY1P3TN
01KJYCJ0H96Y7WKF1H8Y4M6AJ9	find_your_waste_section	Find Your Waste Section	\N	t	t	2026-03-05 07:56:55.849+01	2026-03-05 08:43:31.312+01	\N	01KJY9D0415VZW6ZTPZJY1P3TN
01KJYCNP975JEKM0C1XWAPX81H	faq_category	FAQ Category	\N	t	t	2026-03-05 07:58:56.423+01	2026-03-05 07:58:56.423+01	\N	01KJY9D0415VZW6ZTPZJY1P3TN
01KKE62E7EG6NE9KCY6YC2NT0F	support_card	Support Card	\N	t	f	2026-03-11 11:11:25.038+01	2026-03-11 11:11:25.038+01	\N	01KKE61MV4HYMXKDV0FPMT875C
01KKE66AK4NRXH532E10SB959X	logo_text	Logo & Text	\N	t	t	2026-03-11 11:13:32.388+01	2026-03-11 11:13:32.388+01	\N	\N
01KKECQ0H41FYWVMSFF2TDGZWK	supporthelp_card	Support/help Card	\N	t	t	2026-03-11 13:07:30.597+01	2026-03-11 13:07:30.597+01	\N	\N
01KKECW38R6TX0072BQV90VD9P	secure_transition_card	Secure Transition Card	\N	t	f	2026-03-11 13:10:17.24+01	2026-03-11 13:10:20.366+01	\N	01KKECTXS4VF3WA1YD89M9M1NH
01KKEDYH2KT5ZD3QS4BP2EE13Q	information_card	Information Card	\N	t	f	2026-03-11 13:29:05.492+01	2026-03-11 13:29:05.492+01	\N	01KKECTXS4VF3WA1YD89M9M1NH
01KKEGSHXF8XM1RHJ0Y491G86G	hello	hello	\N	f	f	2026-03-11 14:18:48.239+01	2026-03-11 14:18:48.239+01	\N	\N
\.


--
-- Data for Name: cms_page; Type: TABLE DATA; Schema: public; Owner: biomket
--

COPY public.cms_page (id, slug, title, description, meta, published, components, created_at, updated_at, deleted_at, status) FROM stdin;
01KJ4N067F33MBPAKE784NTYH3	footer	Footer		\N	f	\N	2026-02-23 08:04:13.807+01	2026-02-23 08:49:01.27+01	\N	published
01KJ4XE6NRW5R69Q0TPQP8R8XS	navbar	Navbar		\N	f	\N	2026-02-23 10:31:41.624+01	2026-02-23 10:34:34.394+01	\N	published
01KHX1CDH1GPT2B72EZTRA035A	home	Home Page		\N	f	\N	2026-02-20 09:06:41.953+01	2026-02-23 07:16:24.198+01	\N	published
01KJ55ZTCV430M6BK24F9DWHVS	about-us	About us		\N	f	\N	2026-02-23 13:01:07.483+01	2026-02-26 13:42:56.541+01	\N	published
01KJEYAZ2ZX2Q6THKT735KJK20	services	Services		\N	f	\N	2026-02-27 07:59:48.447+01	2026-02-27 10:20:15.088+01	\N	published
01KJPN62X5XJAZC73ASD4YRF9K	terms-conditions-page	Terms & conditions Page		\N	f	\N	2026-03-02 07:53:46.789+01	2026-03-02 08:11:44.29+01	\N	published
01KJPY6AC4BKWBM35MGTCQ4EJM	documents-page	Documents page		\N	f	\N	2026-03-02 10:31:11.62+01	2026-03-02 11:05:11.189+01	\N	published
01KJQ0GFW4754ZZWHTJ7PJ4JCS	legal-page	Legal Page		\N	f	\N	2026-03-02 11:11:42.084+01	2026-03-02 11:26:26.052+01	\N	published
01KJD12XY3FV2BVTD1WRJ1G7NP	contact-us	Contact Us		\N	f	\N	2026-02-26 14:09:21.988+01	2026-03-10 11:35:40.915+01	\N	published
01KJPWDWH30EB8T2TKCTEC9M9F	ewc-code-page	LER Code Page		\N	f	\N	2026-03-02 10:00:22.435+01	2026-03-11 10:50:25.533+01	\N	published
01KKE5KDNSHSJVJYWSMWAC67AP	payment	Payment		\N	f	\N	2026-03-11 11:03:12.953+01	2026-03-11 11:21:06.75+01	\N	published
01KKE4J2X8W9YH24NDVJ32DMW9	register	Register		\N	f	\N	2026-03-11 10:45:00.587+01	2026-03-11 11:21:15.387+01	\N	published
01KJFMJ5C93MSKTVV8A2859PKJ	check-out	Check Out		\N	f	\N	2026-02-27 14:28:12.938+01	2026-03-11 13:15:37.612+01	\N	draft
\.


--
-- Data for Name: cms_page_component; Type: TABLE DATA; Schema: public; Owner: biomket
--

COPY public.cms_page_component (id, page_id, component_instance_id, "position", created_at, updated_at, deleted_at, page_section_id) FROM stdin;
01KJY55BG5NMA7F3FGJGF32Z3F	01KJPY6AC4BKWBM35MGTCQ4EJM	01KJY55BG09DJ6K8XGT4CXYZV0	0	2026-03-05 05:47:41.062+01	2026-03-05 05:47:41.062+01	\N	01KJY53TCFAGVAS4SQ0Q5W1R62
01KJY5SQ8V5FT2CP54PR115QF2	01KJQ0GFW4754ZZWHTJ7PJ4JCS	01KJY5SQ8JBWZDBN8J2RZ56S61	0	2026-03-05 05:58:48.475+01	2026-03-05 05:58:48.475+01	\N	01KJY5RAMNASGPQXYQCCJ5FAAD
01KJY6JKJYTPN8WC60XP6HHXTZ	01KJQ0GFW4754ZZWHTJ7PJ4JCS	01KJY6JKJP1J30NFANS9DNAFS6	0	2026-03-05 06:12:23.902+01	2026-03-05 06:12:23.902+01	\N	01KJY6JFNS73CVV8CTMWY2BPVW
01KJY9YGX67VGAVTJ91Y539343	01KJPWDWH30EB8T2TKCTEC9M9F	01KJY9YGWZ9JQN5PAXPF9AVAV4	0	2026-03-05 07:11:20.103+01	2026-03-05 07:11:20.103+01	\N	01KJY9RYJAYK8XHS5DMK7A7P85
01KJYAPGBPYWE8HW271VG3XQCS	01KJEYAZ2ZX2Q6THKT735KJK20	01KJYAPGBFCDHW1SS8RS0XR0HN	0	2026-03-05 07:24:25.974+01	2026-03-05 07:24:25.974+01	\N	01KJYAP32FT102DKM97BKDVB1V
01KJYCY04KXM1BB89XA6RWSGSB	01KJPWDWH30EB8T2TKCTEC9M9F	01KJYCY04CJBMN7YBJPX9YZ3AV	0	2026-03-05 08:03:28.659+01	2026-03-05 08:03:28.659+01	\N	01KJY9SGKGEPD06NX3T9XP6ETF
01KJ4F5GZVS3V3XSTYHBX30DEF	01KHX1CDH1GPT2B72EZTRA035A	01KJ4F5GZPJ5VEQ3E7712S4G0Z	0	2026-02-23 06:22:17.211+01	2026-02-23 06:22:17.211+01	\N	01KJ4F5BD6H6JZPF557C61SDX3
01KKE5S26WA2M7W370MDWTZQ06	01KKE5KDNSHSJVJYWSMWAC67AP	01KKE5S24C5MXCH4HH9X58TNGG	0	2026-03-11 11:06:17.82+01	2026-03-11 11:06:17.82+01	\N	01KKE5NCQ8166D6YTZJ202B8DY
01KKE6D5647R4XHZ1B15SF5TKS	01KKE5KDNSHSJVJYWSMWAC67AP	01KKE6D55GCJ893FGQ7NHWWKET	0	2026-03-11 11:17:16.228+01	2026-03-11 11:17:16.228+01	\N	01KKE5P4FTB8D6FCK40H8TA7ST
01KKECYRQK948WG2YQS5C26BWS	01KJFMJ5C93MSKTVV8A2859PKJ	01KKECYRQ8PCTRMMT1AJNBCYDD	0	2026-03-11 13:11:44.755+01	2026-03-11 13:11:48.649+01	\N	01KKECGH440CS674V9M9TDYJ1P
01KKGE1XV6XZ39BH8G2230XRMY	01KJEYAZ2ZX2Q6THKT735KJK20	01KKGE1XTQRT9S51KKX6MK5GN6	1	2026-03-12 08:09:25.735+01	2026-03-12 08:09:25.735+01	\N	01KJF1APJ9YXHHYBWWR8HQV46E
01KJF8MAEEGM9DG66GKRXVE76Y	01KJD12XY3FV2BVTD1WRJ1G7NP	01KJF8MAE9A9M7QMKYXNFK2Y1Q	0	2026-02-27 10:59:40.75+01	2026-02-27 10:59:40.75+01	\N	01KJD16TNK5XNCCA3CSACXAZQK
01KJ4NR6W3KJPE7494ZHE1ES9J	01KJ4N067F33MBPAKE784NTYH3	01KJ4NR6W0KKT1DFZH66WHVWFW	0	2026-02-23 08:17:20.899+01	2026-02-23 08:17:20.899+01	\N	01KJ4NR3JRT3BACN0QAQVFMW1A
01KJ4NRMMCR034R5EDZT64WTF7	01KJ4N067F33MBPAKE784NTYH3	01KJ4NRMM9G6KZTNMWNQ5JF2GR	0	2026-02-23 08:17:34.988+01	2026-02-23 08:17:34.988+01	\N	01KJ4NRGW8EYDNVQV03HSFS4YS
01KJ4NS5R4EGR3TY3J6KEM3YSG	01KJ4N067F33MBPAKE784NTYH3	01KJ4NS5R04PYFWJMA8RD4W3FT	0	2026-02-23 08:17:52.516+01	2026-02-23 08:17:52.516+01	\N	01KJ4NS2RJBXT0SA39JB3HJDWH
01KJPN9F9GW1Q9V5Z8Z5TZRVK4	01KJPN62X5XJAZC73ASD4YRF9K	01KJPN9F9BTG347JDCSD80K13T	0	2026-03-02 07:55:37.776+01	2026-03-02 07:55:37.776+01	\N	01KJPN7QVXC02N4VERXR7H66J9
01KJ4P5ASNVC0MEVFNK2YWDKS2	01KJ4N067F33MBPAKE784NTYH3	01KJ4P5ASJ8BQD4VKRP6FZXJJC	2	2026-02-23 08:24:30.901+01	2026-02-23 08:24:30.901+01	\N	01KJ4NSM1A7SS0XDSQRCTQJCFD
01KJPZ36JG250SRR0ASKE7KPV5	01KJPY6AC4BKWBM35MGTCQ4EJM	01KJPZ36JD848H5W9R7B3BFRF1	0	2026-03-02 10:46:58+01	2026-03-02 10:46:58+01	\N	01KJPZ2ZZZSSVWMGPT53NKZMEE
01KJ4XGFAPZQGNYHHR866D9P4F	01KJ4XE6NRW5R69Q0TPQP8R8XS	01KJ4XGFAKCS40XJT34KMXF40V	0	2026-02-23 10:32:56.022+01	2026-02-23 10:32:56.022+01	\N	01KJ4XG0Y2XC32XG55GQF2T4W7
01KJ4PT97R4KCC9W9EE6X4K4FB	01KJ4N067F33MBPAKE784NTYH3	01KJ4PT97PF8115T09Q2KJJMC3	0	2026-02-23 08:35:57.433+01	2026-02-23 08:39:20.259+01	\N	01KJ4NSZAVBYQFYWYVTGCJDKRJ
01KJCAZ2PQ5F776W9WYE0YHHT5	01KHX1CDH1GPT2B72EZTRA035A	01KJCAZ2PHX1AY8AXDWQR3BYEG	0	2026-02-26 07:42:47.127+01	2026-02-26 07:42:47.127+01	\N	01KJCARYSKHN5RCZA9DNZM414T
01KJCSWY8HFYVPDC2TB47NFEAR	01KHX1CDH1GPT2B72EZTRA035A	01KJCSWY8D040AXACY4HA9ZMVY	0	2026-02-26 12:03:45.681+01	2026-02-26 12:04:04.068+01	\N	01KJCPSX9179GDPGXWHNXEF9AQ
01KJCW0B98E7X9MKRN38TXKWW2	01KJ4XE6NRW5R69Q0TPQP8R8XS	01KJCW0B94TSR3B5Q0SCS1EE9D	0	2026-02-26 12:40:34.472+01	2026-02-26 12:40:34.472+01	\N	01KJCW00CF5D2PPXHGMPXC55XX
01KJCWC1F8XB67RH65FF9CQNN6	01KJ4XE6NRW5R69Q0TPQP8R8XS	01KJCWC1F4KDFR9S8PG6S46MZE	0	2026-02-26 12:46:57.64+01	2026-02-26 12:46:57.64+01	\N	01KJCWBXYRDTYMFH78APAYX0SP
01KJY58XCEW0QJ3X1K5QR4FZD0	01KJPY6AC4BKWBM35MGTCQ4EJM	01KJY58XC6K7V6S8A68DKZEN5R	0	2026-03-05 05:49:37.678+01	2026-03-05 05:49:37.678+01	\N	01KJY58N5K2A8NH57AEQ1H1FHR
01KJS1SSAWS2TW2KZKHZ9SJ8GF	01KHX1CDH1GPT2B72EZTRA035A	01KJS1SSAQW3C5HA0E3XKNDVPF	2	2026-03-03 06:12:44.124+01	2026-03-03 06:12:44.124+01	\N	01KJCQNQ3GWR39MJPGZ6YGX2V4
01KJS4EG3B1PCE62931D91S9SS	01KHX1CDH1GPT2B72EZTRA035A	01KJS4EG37Q100CC672JJ1VE92	0	2026-03-03 06:58:59.947+01	2026-03-03 06:59:03.931+01	\N	01KJCSD9K4JK30XY39CSCA8QRC
01KJS39T5BA09M1ZF97AJF603A	01KHX1CDH1GPT2B72EZTRA035A	01KJS39T56XJ320T5154EXAC09	1	2026-03-03 06:38:57.835+01	2026-03-03 06:59:03.936+01	\N	01KJCSD9K4JK30XY39CSCA8QRC
01KJY9SW1HJ60F0C2E568BQ69V	01KJPWDWH30EB8T2TKCTEC9M9F	01KJY9SW1DKFQ9DJW2STXVZ0MX	0	2026-03-05 07:08:47.665+01	2026-03-05 07:08:47.665+01	\N	01KJY9RH5T5NDP640KQT0SHNEE
01KJYAAFAYCH7FT7ZCZTR0JJYA	01KJPWDWH30EB8T2TKCTEC9M9F	01KJYAAFAQTADWJSA4SD8CDR7D	0	2026-03-05 07:17:51.71+01	2026-03-05 07:17:51.71+01	\N	01KJY9S8QY8PSP4CJR0K6RTX9B
01KJSG1YXSVFWP2WEE0MG3SZS1	01KHX1CDH1GPT2B72EZTRA035A	01KJSG1YXNHC6BH3CZ2KZS4QQ2	2	2026-03-03 10:21:52.057+01	2026-03-03 10:21:52.057+01	\N	01KJ4HH5GJFE662H4KASPW94FW
01KJSGNTXGTBWB5FCV1BJQ57FR	01KJ4N067F33MBPAKE784NTYH3	01KJSGNTX9WN58TYEPN0N8Y7JM	0	2026-03-03 10:32:43.312+01	2026-03-03 10:32:43.312+01	\N	01KJ4N0ZSWBKGQ5PBSZYXV40X1
01KJSGXAVS9X74PHEWHHJ772SS	01KJ4N067F33MBPAKE784NTYH3	01KJSGXAVMW9B15J495HXQGWP7	0	2026-03-03 10:36:49.017+01	2026-03-03 10:36:49.017+01	\N	01KJ4NB8PZP377XRTMREADRXYA
01KJSHYY30BK68ED4R1EGZT5E5	01KJ4N067F33MBPAKE784NTYH3	01KJSHYY2HX038RSEBXRNMXFSX	0	2026-03-03 10:55:10.048+01	2026-03-03 10:55:10.048+01	\N	01KJSHPZVNBY118C88V5KQQCRD
01KKE4KYZXCZEFRE8KY5R64R5V	01KKE4J2X8W9YH24NDVJ32DMW9	01KKE4KYZ4JY5DR8NJG7NHPN02	0	2026-03-11 10:46:02.109+01	2026-03-11 10:46:02.109+01	\N	01KKE4KG6CAZ18EP3R8AVCDBH2
01KKE5X1QHPNRTKXNM1X295651	01KKE5KDNSHSJVJYWSMWAC67AP	01KKE5X1QAADNXBAEVMQG37Y9S	0	2026-03-11 11:08:28.401+01	2026-03-11 11:08:28.401+01	\N	01KKE5NXS48RT15F7YY4BZDJ3J
01KKECS95ZXNMWE2FGZ75451S1	01KJFMJ5C93MSKTVV8A2859PKJ	01KKECS95BHZ5KHT30E2YECT2N	1	2026-03-11 13:08:44.991+01	2026-03-11 13:11:48.656+01	\N	01KKECGH440CS674V9M9TDYJ1P
01KJSJN8JVA9H1B7KWQE4MGMSV	01KJ55ZTCV430M6BK24F9DWHVS	01KJSJN8JRVN75N57Q1D0PHEPJ	0	2026-03-03 11:07:21.692+01	2026-03-03 11:07:21.692+01	\N	01KJCX8WTM2D2H3C9C7AAN7YCV
01KKEE03FTNB4QCEC1EJST5G1F	01KJFMJ5C93MSKTVV8A2859PKJ	01KKEE03F7AEAMM2NJCQSAH3PZ	0	2026-03-11 13:29:57.115+01	2026-03-11 13:29:57.115+01	\N	01KKED88T2EN4QPCV0010X0QGH
01KJSR31RP59JRDMTDM2CJ0Q1W	01KJ55ZTCV430M6BK24F9DWHVS	01KJSR31RBEQ9XHG1B5Z1TAAKV	2	2026-03-03 12:42:16.342+01	2026-03-03 12:42:16.342+01	\N	01KJCXE3TYCGH8PZW56A1T42FS
01KJSRZ3PNJKZJ0M5N6BR66TBP	01KJ55ZTCV430M6BK24F9DWHVS	01KJSRZ3P9J1C4TWY7ZT4Q52WW	0	2026-03-03 12:57:35.829+01	2026-03-03 12:57:35.829+01	\N	01KJSRYWGXNFGC000Y6N1X7JAS
01KJSSPPKAWRKA56J6C8JTHSRP	01KJ55ZTCV430M6BK24F9DWHVS	01KJSSPPK7J83NEVAH8N6CMA3D	0	2026-03-03 13:10:28.842+01	2026-03-03 13:10:28.842+01	\N	01KJCY9BW2Z3H4HA9G8BWE1QC4
01KJSTA254CRWT2KH2ZRJFXT30	01KJ55ZTCV430M6BK24F9DWHVS	01KJSTA24QGK8V23WQC93DP9XH	0	2026-03-03 13:21:03.268+01	2026-03-03 13:21:03.268+01	\N	01KJST8GM1B4SRE22ZD4KBR9F0
01KJSVVB78YF0C43K1QXBKKFEP	01KJEYAZ2ZX2Q6THKT735KJK20	01KJSVVB6ZK6RSQSBGHNX15Z3T	0	2026-03-03 13:47:58.184+01	2026-03-03 13:47:58.184+01	\N	01KJEYBQ7XR66Y5NSTYMXJWEKZ
01KJSW3YEYPHAN97N11DRGTMFQ	01KJEYAZ2ZX2Q6THKT735KJK20	01KJSW3YETFCMJ7NTCHWN4GX1P	0	2026-03-03 13:52:40.03+01	2026-03-03 13:52:40.03+01	\N	01KJSW0KYS21C21Z4RFSY8SRBP
01KJSX0P1V0TCEZWWFK3F6P35Y	01KJEYAZ2ZX2Q6THKT735KJK20	01KJSX0P1QHHK58RVKEYH6ZYTV	0	2026-03-03 14:08:21.691+01	2026-03-03 14:08:21.691+01	\N	01KJSX0AH7S8NEACB067G1MEEB
01KJSXGR3VY1XHJJRRN07R7MVJ	01KJEYAZ2ZX2Q6THKT735KJK20	01KJSXGR3P8X7016YG27DAZFS6	0	2026-03-03 14:17:08.091+01	2026-03-03 14:17:08.091+01	\N	01KJSXGG01DT9PQMZN012V4BG1
01KJY47SWE1D9M0P9HY31MVW38	01KJD12XY3FV2BVTD1WRJ1G7NP	01KJY47SVJ93WAJ9150W33Z8ZK	0	2026-03-05 05:31:32.75+01	2026-03-05 05:31:32.75+01	\N	01KJD13CVXC4HZ4M20YD3F7KFX
01KJY4ED98WRBGS1XABV0YYP5S	01KJPN62X5XJAZC73ASD4YRF9K	01KJY4ED8GG29RYT5AM2KFS7R9	0	2026-03-05 05:35:09.224+01	2026-03-05 05:35:09.224+01	\N	01KJY4E5Y6W6KFBETP1QD3CKKQ
\.


--
-- Data for Name: contact_inquiry; Type: TABLE DATA; Schema: public; Owner: biomket
--

COPY public.contact_inquiry (id, name_or_company, email, phone, country, company, inquiry_type, privacy_accepted, created_at, updated_at, deleted_at, contact_name, industry_type, approximate_waste_volume, needs_description, communications_accepted) FROM stdin;
9322f4ec-ceb6-4929-9111-3534f7e7bcfa	Acme Inc	user@example.com	+1234567890	US	Optional company name	Company	t	2026-02-25 06:26:26.424+01	2026-02-25 06:26:26.424+01	\N	\N	\N	\N	\N	f
7442235d-7d52-4745-a6d7-a483ec3636b2	Acme Inc	user@example.com	+1234567890	US	Optional company name	Company	t	2026-02-25 06:27:23.014+01	2026-02-25 06:27:23.014+01	\N	\N	\N	\N	\N	f
97e1ba23-3078-421d-b55d-b27e41525fab	Acme Inc	user@example.com	+1234567890	US	Optional company name	Company	t	2026-02-27 07:43:26.777+01	2026-02-27 07:43:26.777+01	\N	\N	\N	\N	\N	f
4131e452-fa9e-4b56-97d9-c8a2eda490f1	Acme Inc	user@example.com	+1234567890	US	Optional company name	Company	t	2026-02-27 10:21:44.806+01	2026-02-27 10:21:44.806+01	\N	\N	\N	\N	\N	f
\.


--
-- Data for Name: credit_line; Type: TABLE DATA; Schema: public; Owner: biomket
--

COPY public.credit_line (id, cart_id, reference, reference_id, amount, raw_amount, metadata, created_at, updated_at, deleted_at) FROM stdin;
\.


--
-- Data for Name: currency; Type: TABLE DATA; Schema: public; Owner: biomket
--

COPY public.currency (code, symbol, symbol_native, decimal_digits, rounding, raw_rounding, name, created_at, updated_at, deleted_at) FROM stdin;
usd	$	$	2	0	{"value": "0", "precision": 20}	US Dollar	2026-02-18 08:49:10.232+01	2026-02-18 08:49:10.232+01	\N
cad	CA$	$	2	0	{"value": "0", "precision": 20}	Canadian Dollar	2026-02-18 08:49:10.233+01	2026-02-18 08:49:10.233+01	\N
eur	€	€	2	0	{"value": "0", "precision": 20}	Euro	2026-02-18 08:49:10.233+01	2026-02-18 08:49:10.233+01	\N
aed	AED	د.إ.‏	2	0	{"value": "0", "precision": 20}	United Arab Emirates Dirham	2026-02-18 08:49:10.233+01	2026-02-18 08:49:10.233+01	\N
afn	Af	؋	0	0	{"value": "0", "precision": 20}	Afghan Afghani	2026-02-18 08:49:10.233+01	2026-02-18 08:49:10.233+01	\N
all	ALL	Lek	0	0	{"value": "0", "precision": 20}	Albanian Lek	2026-02-18 08:49:10.233+01	2026-02-18 08:49:10.233+01	\N
amd	AMD	դր.	0	0	{"value": "0", "precision": 20}	Armenian Dram	2026-02-18 08:49:10.233+01	2026-02-18 08:49:10.233+01	\N
ars	AR$	$	2	0	{"value": "0", "precision": 20}	Argentine Peso	2026-02-18 08:49:10.233+01	2026-02-18 08:49:10.233+01	\N
aud	AU$	$	2	0	{"value": "0", "precision": 20}	Australian Dollar	2026-02-18 08:49:10.233+01	2026-02-18 08:49:10.233+01	\N
azn	man.	ман.	2	0	{"value": "0", "precision": 20}	Azerbaijani Manat	2026-02-18 08:49:10.233+01	2026-02-18 08:49:10.233+01	\N
bam	KM	KM	2	0	{"value": "0", "precision": 20}	Bosnia-Herzegovina Convertible Mark	2026-02-18 08:49:10.233+01	2026-02-18 08:49:10.233+01	\N
bdt	Tk	৳	2	0	{"value": "0", "precision": 20}	Bangladeshi Taka	2026-02-18 08:49:10.233+01	2026-02-18 08:49:10.233+01	\N
bgn	BGN	лв.	2	0	{"value": "0", "precision": 20}	Bulgarian Lev	2026-02-18 08:49:10.233+01	2026-02-18 08:49:10.233+01	\N
bhd	BD	د.ب.‏	3	0	{"value": "0", "precision": 20}	Bahraini Dinar	2026-02-18 08:49:10.233+01	2026-02-18 08:49:10.233+01	\N
bif	FBu	FBu	0	0	{"value": "0", "precision": 20}	Burundian Franc	2026-02-18 08:49:10.233+01	2026-02-18 08:49:10.233+01	\N
bnd	BN$	$	2	0	{"value": "0", "precision": 20}	Brunei Dollar	2026-02-18 08:49:10.233+01	2026-02-18 08:49:10.233+01	\N
bob	Bs	Bs	2	0	{"value": "0", "precision": 20}	Bolivian Boliviano	2026-02-18 08:49:10.233+01	2026-02-18 08:49:10.233+01	\N
brl	R$	R$	2	0	{"value": "0", "precision": 20}	Brazilian Real	2026-02-18 08:49:10.233+01	2026-02-18 08:49:10.233+01	\N
bwp	BWP	P	2	0	{"value": "0", "precision": 20}	Botswanan Pula	2026-02-18 08:49:10.233+01	2026-02-18 08:49:10.233+01	\N
byn	Br	руб.	2	0	{"value": "0", "precision": 20}	Belarusian Ruble	2026-02-18 08:49:10.233+01	2026-02-18 08:49:10.233+01	\N
bzd	BZ$	$	2	0	{"value": "0", "precision": 20}	Belize Dollar	2026-02-18 08:49:10.233+01	2026-02-18 08:49:10.233+01	\N
cdf	CDF	FrCD	2	0	{"value": "0", "precision": 20}	Congolese Franc	2026-02-18 08:49:10.233+01	2026-02-18 08:49:10.233+01	\N
chf	CHF	CHF	2	0.05	{"value": "0.05", "precision": 20}	Swiss Franc	2026-02-18 08:49:10.233+01	2026-02-18 08:49:10.233+01	\N
clp	CL$	$	0	0	{"value": "0", "precision": 20}	Chilean Peso	2026-02-18 08:49:10.233+01	2026-02-18 08:49:10.233+01	\N
cny	CN¥	CN¥	2	0	{"value": "0", "precision": 20}	Chinese Yuan	2026-02-18 08:49:10.233+01	2026-02-18 08:49:10.233+01	\N
cop	CO$	$	0	0	{"value": "0", "precision": 20}	Colombian Peso	2026-02-18 08:49:10.233+01	2026-02-18 08:49:10.233+01	\N
crc	₡	₡	0	0	{"value": "0", "precision": 20}	Costa Rican Colón	2026-02-18 08:49:10.233+01	2026-02-18 08:49:10.233+01	\N
cve	CV$	CV$	2	0	{"value": "0", "precision": 20}	Cape Verdean Escudo	2026-02-18 08:49:10.233+01	2026-02-18 08:49:10.233+01	\N
czk	Kč	Kč	2	0	{"value": "0", "precision": 20}	Czech Republic Koruna	2026-02-18 08:49:10.233+01	2026-02-18 08:49:10.233+01	\N
djf	Fdj	Fdj	0	0	{"value": "0", "precision": 20}	Djiboutian Franc	2026-02-18 08:49:10.234+01	2026-02-18 08:49:10.234+01	\N
dkk	Dkr	kr	2	0	{"value": "0", "precision": 20}	Danish Krone	2026-02-18 08:49:10.234+01	2026-02-18 08:49:10.234+01	\N
dop	RD$	RD$	2	0	{"value": "0", "precision": 20}	Dominican Peso	2026-02-18 08:49:10.234+01	2026-02-18 08:49:10.234+01	\N
dzd	DA	د.ج.‏	2	0	{"value": "0", "precision": 20}	Algerian Dinar	2026-02-18 08:49:10.234+01	2026-02-18 08:49:10.234+01	\N
eek	Ekr	kr	2	0	{"value": "0", "precision": 20}	Estonian Kroon	2026-02-18 08:49:10.234+01	2026-02-18 08:49:10.234+01	\N
egp	EGP	ج.م.‏	2	0	{"value": "0", "precision": 20}	Egyptian Pound	2026-02-18 08:49:10.234+01	2026-02-18 08:49:10.234+01	\N
ern	Nfk	Nfk	2	0	{"value": "0", "precision": 20}	Eritrean Nakfa	2026-02-18 08:49:10.234+01	2026-02-18 08:49:10.234+01	\N
etb	Br	Br	2	0	{"value": "0", "precision": 20}	Ethiopian Birr	2026-02-18 08:49:10.234+01	2026-02-18 08:49:10.234+01	\N
gbp	£	£	2	0	{"value": "0", "precision": 20}	British Pound Sterling	2026-02-18 08:49:10.234+01	2026-02-18 08:49:10.234+01	\N
gel	GEL	GEL	2	0	{"value": "0", "precision": 20}	Georgian Lari	2026-02-18 08:49:10.234+01	2026-02-18 08:49:10.234+01	\N
ghs	GH₵	GH₵	2	0	{"value": "0", "precision": 20}	Ghanaian Cedi	2026-02-18 08:49:10.234+01	2026-02-18 08:49:10.234+01	\N
gnf	FG	FG	0	0	{"value": "0", "precision": 20}	Guinean Franc	2026-02-18 08:49:10.234+01	2026-02-18 08:49:10.234+01	\N
gtq	GTQ	Q	2	0	{"value": "0", "precision": 20}	Guatemalan Quetzal	2026-02-18 08:49:10.234+01	2026-02-18 08:49:10.234+01	\N
hkd	HK$	$	2	0	{"value": "0", "precision": 20}	Hong Kong Dollar	2026-02-18 08:49:10.234+01	2026-02-18 08:49:10.234+01	\N
hnl	HNL	L	2	0	{"value": "0", "precision": 20}	Honduran Lempira	2026-02-18 08:49:10.234+01	2026-02-18 08:49:10.234+01	\N
hrk	kn	kn	2	0	{"value": "0", "precision": 20}	Croatian Kuna	2026-02-18 08:49:10.234+01	2026-02-18 08:49:10.234+01	\N
huf	Ft	Ft	0	0	{"value": "0", "precision": 20}	Hungarian Forint	2026-02-18 08:49:10.234+01	2026-02-18 08:49:10.234+01	\N
idr	Rp	Rp	0	0	{"value": "0", "precision": 20}	Indonesian Rupiah	2026-02-18 08:49:10.234+01	2026-02-18 08:49:10.234+01	\N
ils	₪	₪	2	0	{"value": "0", "precision": 20}	Israeli New Sheqel	2026-02-18 08:49:10.234+01	2026-02-18 08:49:10.234+01	\N
inr	Rs	₹	2	0	{"value": "0", "precision": 20}	Indian Rupee	2026-02-18 08:49:10.234+01	2026-02-18 08:49:10.234+01	\N
iqd	IQD	د.ع.‏	0	0	{"value": "0", "precision": 20}	Iraqi Dinar	2026-02-18 08:49:10.234+01	2026-02-18 08:49:10.234+01	\N
irr	IRR	﷼	0	0	{"value": "0", "precision": 20}	Iranian Rial	2026-02-18 08:49:10.234+01	2026-02-18 08:49:10.234+01	\N
isk	Ikr	kr	0	0	{"value": "0", "precision": 20}	Icelandic Króna	2026-02-18 08:49:10.234+01	2026-02-18 08:49:10.234+01	\N
jmd	J$	$	2	0	{"value": "0", "precision": 20}	Jamaican Dollar	2026-02-18 08:49:10.234+01	2026-02-18 08:49:10.234+01	\N
jod	JD	د.أ.‏	3	0	{"value": "0", "precision": 20}	Jordanian Dinar	2026-02-18 08:49:10.234+01	2026-02-18 08:49:10.234+01	\N
jpy	¥	￥	0	0	{"value": "0", "precision": 20}	Japanese Yen	2026-02-18 08:49:10.234+01	2026-02-18 08:49:10.234+01	\N
kes	Ksh	Ksh	2	0	{"value": "0", "precision": 20}	Kenyan Shilling	2026-02-18 08:49:10.234+01	2026-02-18 08:49:10.234+01	\N
khr	KHR	៛	2	0	{"value": "0", "precision": 20}	Cambodian Riel	2026-02-18 08:49:10.234+01	2026-02-18 08:49:10.234+01	\N
kmf	CF	FC	0	0	{"value": "0", "precision": 20}	Comorian Franc	2026-02-18 08:49:10.234+01	2026-02-18 08:49:10.234+01	\N
krw	₩	₩	0	0	{"value": "0", "precision": 20}	South Korean Won	2026-02-18 08:49:10.234+01	2026-02-18 08:49:10.234+01	\N
kwd	KD	د.ك.‏	3	0	{"value": "0", "precision": 20}	Kuwaiti Dinar	2026-02-18 08:49:10.234+01	2026-02-18 08:49:10.234+01	\N
kzt	KZT	тңг.	2	0	{"value": "0", "precision": 20}	Kazakhstani Tenge	2026-02-18 08:49:10.234+01	2026-02-18 08:49:10.234+01	\N
lbp	LB£	ل.ل.‏	0	0	{"value": "0", "precision": 20}	Lebanese Pound	2026-02-18 08:49:10.234+01	2026-02-18 08:49:10.234+01	\N
lkr	SLRs	SL Re	2	0	{"value": "0", "precision": 20}	Sri Lankan Rupee	2026-02-18 08:49:10.234+01	2026-02-18 08:49:10.234+01	\N
ltl	Lt	Lt	2	0	{"value": "0", "precision": 20}	Lithuanian Litas	2026-02-18 08:49:10.234+01	2026-02-18 08:49:10.234+01	\N
lvl	Ls	Ls	2	0	{"value": "0", "precision": 20}	Latvian Lats	2026-02-18 08:49:10.234+01	2026-02-18 08:49:10.234+01	\N
lyd	LD	د.ل.‏	3	0	{"value": "0", "precision": 20}	Libyan Dinar	2026-02-18 08:49:10.234+01	2026-02-18 08:49:10.234+01	\N
mad	MAD	د.م.‏	2	0	{"value": "0", "precision": 20}	Moroccan Dirham	2026-02-18 08:49:10.234+01	2026-02-18 08:49:10.234+01	\N
mdl	MDL	MDL	2	0	{"value": "0", "precision": 20}	Moldovan Leu	2026-02-18 08:49:10.234+01	2026-02-18 08:49:10.234+01	\N
mga	MGA	MGA	0	0	{"value": "0", "precision": 20}	Malagasy Ariary	2026-02-18 08:49:10.234+01	2026-02-18 08:49:10.234+01	\N
mkd	MKD	MKD	2	0	{"value": "0", "precision": 20}	Macedonian Denar	2026-02-18 08:49:10.234+01	2026-02-18 08:49:10.234+01	\N
mmk	MMK	K	0	0	{"value": "0", "precision": 20}	Myanma Kyat	2026-02-18 08:49:10.234+01	2026-02-18 08:49:10.234+01	\N
mnt	MNT	₮	0	0	{"value": "0", "precision": 20}	Mongolian Tugrig	2026-02-18 08:49:10.234+01	2026-02-18 08:49:10.234+01	\N
mop	MOP$	MOP$	2	0	{"value": "0", "precision": 20}	Macanese Pataca	2026-02-18 08:49:10.234+01	2026-02-18 08:49:10.234+01	\N
mur	MURs	MURs	0	0	{"value": "0", "precision": 20}	Mauritian Rupee	2026-02-18 08:49:10.234+01	2026-02-18 08:49:10.234+01	\N
mwk	K	K	2	0	{"value": "0", "precision": 20}	Malawian Kwacha	2026-02-18 08:49:10.234+01	2026-02-18 08:49:10.234+01	\N
mxn	MX$	$	2	0	{"value": "0", "precision": 20}	Mexican Peso	2026-02-18 08:49:10.234+01	2026-02-18 08:49:10.234+01	\N
myr	RM	RM	2	0	{"value": "0", "precision": 20}	Malaysian Ringgit	2026-02-18 08:49:10.234+01	2026-02-18 08:49:10.234+01	\N
mzn	MTn	MTn	2	0	{"value": "0", "precision": 20}	Mozambican Metical	2026-02-18 08:49:10.234+01	2026-02-18 08:49:10.234+01	\N
nad	N$	N$	2	0	{"value": "0", "precision": 20}	Namibian Dollar	2026-02-18 08:49:10.234+01	2026-02-18 08:49:10.234+01	\N
ngn	₦	₦	2	0	{"value": "0", "precision": 20}	Nigerian Naira	2026-02-18 08:49:10.235+01	2026-02-18 08:49:10.235+01	\N
nio	C$	C$	2	0	{"value": "0", "precision": 20}	Nicaraguan Córdoba	2026-02-18 08:49:10.235+01	2026-02-18 08:49:10.235+01	\N
nok	Nkr	kr	2	0	{"value": "0", "precision": 20}	Norwegian Krone	2026-02-18 08:49:10.235+01	2026-02-18 08:49:10.235+01	\N
npr	NPRs	नेरू	2	0	{"value": "0", "precision": 20}	Nepalese Rupee	2026-02-18 08:49:10.235+01	2026-02-18 08:49:10.235+01	\N
nzd	NZ$	$	2	0	{"value": "0", "precision": 20}	New Zealand Dollar	2026-02-18 08:49:10.235+01	2026-02-18 08:49:10.235+01	\N
omr	OMR	ر.ع.‏	3	0	{"value": "0", "precision": 20}	Omani Rial	2026-02-18 08:49:10.235+01	2026-02-18 08:49:10.235+01	\N
pab	B/.	B/.	2	0	{"value": "0", "precision": 20}	Panamanian Balboa	2026-02-18 08:49:10.235+01	2026-02-18 08:49:10.235+01	\N
pen	S/.	S/.	2	0	{"value": "0", "precision": 20}	Peruvian Nuevo Sol	2026-02-18 08:49:10.235+01	2026-02-18 08:49:10.235+01	\N
php	₱	₱	2	0	{"value": "0", "precision": 20}	Philippine Peso	2026-02-18 08:49:10.235+01	2026-02-18 08:49:10.235+01	\N
pkr	PKRs	₨	0	0	{"value": "0", "precision": 20}	Pakistani Rupee	2026-02-18 08:49:10.235+01	2026-02-18 08:49:10.235+01	\N
pln	zł	zł	2	0	{"value": "0", "precision": 20}	Polish Zloty	2026-02-18 08:49:10.235+01	2026-02-18 08:49:10.235+01	\N
pyg	₲	₲	0	0	{"value": "0", "precision": 20}	Paraguayan Guarani	2026-02-18 08:49:10.235+01	2026-02-18 08:49:10.235+01	\N
qar	QR	ر.ق.‏	2	0	{"value": "0", "precision": 20}	Qatari Rial	2026-02-18 08:49:10.235+01	2026-02-18 08:49:10.235+01	\N
ron	RON	RON	2	0	{"value": "0", "precision": 20}	Romanian Leu	2026-02-18 08:49:10.235+01	2026-02-18 08:49:10.235+01	\N
rsd	din.	дин.	0	0	{"value": "0", "precision": 20}	Serbian Dinar	2026-02-18 08:49:10.235+01	2026-02-18 08:49:10.235+01	\N
rub	RUB	₽.	2	0	{"value": "0", "precision": 20}	Russian Ruble	2026-02-18 08:49:10.235+01	2026-02-18 08:49:10.235+01	\N
rwf	RWF	FR	0	0	{"value": "0", "precision": 20}	Rwandan Franc	2026-02-18 08:49:10.235+01	2026-02-18 08:49:10.235+01	\N
sar	SR	ر.س.‏	2	0	{"value": "0", "precision": 20}	Saudi Riyal	2026-02-18 08:49:10.235+01	2026-02-18 08:49:10.235+01	\N
sdg	SDG	SDG	2	0	{"value": "0", "precision": 20}	Sudanese Pound	2026-02-18 08:49:10.235+01	2026-02-18 08:49:10.235+01	\N
sek	Skr	kr	2	0	{"value": "0", "precision": 20}	Swedish Krona	2026-02-18 08:49:10.235+01	2026-02-18 08:49:10.235+01	\N
sgd	S$	$	2	0	{"value": "0", "precision": 20}	Singapore Dollar	2026-02-18 08:49:10.235+01	2026-02-18 08:49:10.235+01	\N
sos	Ssh	Ssh	0	0	{"value": "0", "precision": 20}	Somali Shilling	2026-02-18 08:49:10.235+01	2026-02-18 08:49:10.235+01	\N
syp	SY£	ل.س.‏	0	0	{"value": "0", "precision": 20}	Syrian Pound	2026-02-18 08:49:10.235+01	2026-02-18 08:49:10.235+01	\N
thb	฿	฿	2	0	{"value": "0", "precision": 20}	Thai Baht	2026-02-18 08:49:10.235+01	2026-02-18 08:49:10.235+01	\N
tnd	DT	د.ت.‏	3	0	{"value": "0", "precision": 20}	Tunisian Dinar	2026-02-18 08:49:10.235+01	2026-02-18 08:49:10.235+01	\N
top	T$	T$	2	0	{"value": "0", "precision": 20}	Tongan Paʻanga	2026-02-18 08:49:10.235+01	2026-02-18 08:49:10.235+01	\N
tjs	TJS	с.	2	0	{"value": "0", "precision": 20}	Tajikistani Somoni	2026-02-18 08:49:10.235+01	2026-02-18 08:49:10.235+01	\N
try	₺	₺	2	0	{"value": "0", "precision": 20}	Turkish Lira	2026-02-18 08:49:10.235+01	2026-02-18 08:49:10.235+01	\N
ttd	TT$	$	2	0	{"value": "0", "precision": 20}	Trinidad and Tobago Dollar	2026-02-18 08:49:10.235+01	2026-02-18 08:49:10.235+01	\N
twd	NT$	NT$	2	0	{"value": "0", "precision": 20}	New Taiwan Dollar	2026-02-18 08:49:10.235+01	2026-02-18 08:49:10.235+01	\N
tzs	TSh	TSh	0	0	{"value": "0", "precision": 20}	Tanzanian Shilling	2026-02-18 08:49:10.235+01	2026-02-18 08:49:10.235+01	\N
uah	₴	₴	2	0	{"value": "0", "precision": 20}	Ukrainian Hryvnia	2026-02-18 08:49:10.235+01	2026-02-18 08:49:10.235+01	\N
ugx	USh	USh	0	0	{"value": "0", "precision": 20}	Ugandan Shilling	2026-02-18 08:49:10.235+01	2026-02-18 08:49:10.235+01	\N
uyu	$U	$	2	0	{"value": "0", "precision": 20}	Uruguayan Peso	2026-02-18 08:49:10.235+01	2026-02-18 08:49:10.235+01	\N
uzs	UZS	UZS	0	0	{"value": "0", "precision": 20}	Uzbekistan Som	2026-02-18 08:49:10.235+01	2026-02-18 08:49:10.235+01	\N
vef	Bs.F.	Bs.F.	2	0	{"value": "0", "precision": 20}	Venezuelan Bolívar	2026-02-18 08:49:10.235+01	2026-02-18 08:49:10.235+01	\N
vnd	₫	₫	0	0	{"value": "0", "precision": 20}	Vietnamese Dong	2026-02-18 08:49:10.235+01	2026-02-18 08:49:10.235+01	\N
xaf	FCFA	FCFA	0	0	{"value": "0", "precision": 20}	CFA Franc BEAC	2026-02-18 08:49:10.235+01	2026-02-18 08:49:10.235+01	\N
xof	CFA	CFA	0	0	{"value": "0", "precision": 20}	CFA Franc BCEAO	2026-02-18 08:49:10.235+01	2026-02-18 08:49:10.235+01	\N
xpf	₣	₣	0	0	{"value": "0", "precision": 20}	CFP Franc	2026-02-18 08:49:10.235+01	2026-02-18 08:49:10.235+01	\N
yer	YR	ر.ي.‏	0	0	{"value": "0", "precision": 20}	Yemeni Rial	2026-02-18 08:49:10.235+01	2026-02-18 08:49:10.235+01	\N
zar	R	R	2	0	{"value": "0", "precision": 20}	South African Rand	2026-02-18 08:49:10.235+01	2026-02-18 08:49:10.235+01	\N
zmk	ZK	ZK	0	0	{"value": "0", "precision": 20}	Zambian Kwacha	2026-02-18 08:49:10.235+01	2026-02-18 08:49:10.235+01	\N
zwl	ZWL$	ZWL$	0	0	{"value": "0", "precision": 20}	Zimbabwean Dollar	2026-02-18 08:49:10.235+01	2026-02-18 08:49:10.235+01	\N
\.


--
-- Data for Name: customer; Type: TABLE DATA; Schema: public; Owner: biomket
--

COPY public.customer (id, company_name, first_name, last_name, email, phone, has_account, metadata, created_at, updated_at, deleted_at, created_by) FROM stdin;
cus_01KJ73NTS6CWGXRX122E0C6RZ1	\N	Raj	\N	raj@gmail.com	9006315248	t	{"privacy_policy_accepted": true}	2026-02-24 06:59:11.911+01	2026-02-24 06:59:11.911+01	\N	\N
cus_01KJ749TQBAVYCAZMYYBDTNGD8	Biomket Pvt Ltd	Rajesh	Kumar	rajesh.admin@example.com	+919876543210	t	{"privacy_policy_accepted": true}	2026-02-24 07:10:07.212+01	2026-02-24 08:29:18.51+01	\N	\N
cus_01KJ7WBJ3CV37TKPK9JTBHEGF5	\N	Heli	\N	h@gmail.com	\N	t	{"phone": "8675674564", "country": "in", "full_name": "Heli", "company_name": "", "privacy_policy_accepted": true, "terms_of_service_accepted": true}	2026-02-24 14:10:29.741+01	2026-02-24 14:10:29.741+01	\N	\N
cus_01KKGXWC4HASYZZXS5V54FHARX	GreenTech Solutions GmbH	Lukas	Müller	info@greentech-berlin.de	+4930123456	t	{"cif_nif": "DE112233445", "consents": {"accurate_info": true}, "has_nima": true, "nima_number": "NIMA-DE-4455", "company_role": "Waste Processor", "has_organic_auth": false, "nima_document_url": "greentech-nima-cert.png", "responsible_person_name": "Lukas Müller", "responsible_person_phone": "+4930123456", "organic_auth_document_url": null}	2026-03-12 12:46:00.979+01	2026-03-12 12:46:00.979+01	\N	\N
\.


--
-- Data for Name: customer_account_holder; Type: TABLE DATA; Schema: public; Owner: biomket
--

COPY public.customer_account_holder (customer_id, account_holder_id, id, created_at, updated_at, deleted_at) FROM stdin;
\.


--
-- Data for Name: customer_address; Type: TABLE DATA; Schema: public; Owner: biomket
--

COPY public.customer_address (id, customer_id, address_name, is_default_shipping, is_default_billing, company, first_name, last_name, address_1, address_2, city, country_code, province, postal_code, phone, metadata, created_at, updated_at, deleted_at) FROM stdin;
cuaddr_01KJ78Y5Q81R292HNYFT0PZSV4	cus_01KJ749TQBAVYCAZMYYBDTNGD8	Home	f	f		\N	\N	Shilp 	corporate	a	in	g	38005478	455654645	\N	2026-02-24 08:31:08.137+01	2026-02-24 08:31:08.137+01	\N
cuaddr_01KJ7WBJ3CXQ4WDMTWVZXAQ4BQ	cus_01KJ7WBJ3CV37TKPK9JTBHEGF5	\N	t	t	\N	\N	\N	\N	\N	\N	in	\N	\N	\N	\N	2026-02-24 14:10:29.741+01	2026-02-24 14:10:29.741+01	\N
cuaddr_01KKGXWC4KT20P0CPYP1N1RAA8	cus_01KKGXWC4HASYZZXS5V54FHARX	\N	t	t	\N	\N	\N	Friedrichstraße 101	\N	Berlin	de	Berlin	10117	\N	\N	2026-03-12 12:46:00.98+01	2026-03-12 12:46:00.98+01	\N
\.


--
-- Data for Name: customer_group; Type: TABLE DATA; Schema: public; Owner: biomket
--

COPY public.customer_group (id, name, metadata, created_by, created_at, updated_at, deleted_at) FROM stdin;
cusgroup_01KJ4KCPE37TC6E7J5R1HRP5YZ	test	\N	user_01KHR78EA4PBPS1X3YKBHP4W10	2026-02-23 07:36:06.467+01	2026-02-23 14:13:13.835+01	2026-02-23 14:13:13.834+01
\.


--
-- Data for Name: customer_group_customer; Type: TABLE DATA; Schema: public; Owner: biomket
--

COPY public.customer_group_customer (id, customer_id, customer_group_id, metadata, created_at, updated_at, created_by, deleted_at) FROM stdin;
\.


--
-- Data for Name: fulfillment; Type: TABLE DATA; Schema: public; Owner: biomket
--

COPY public.fulfillment (id, location_id, packed_at, shipped_at, delivered_at, canceled_at, data, provider_id, shipping_option_id, metadata, delivery_address_id, created_at, updated_at, deleted_at, marked_shipped_by, created_by, requires_shipping) FROM stdin;
\.


--
-- Data for Name: fulfillment_address; Type: TABLE DATA; Schema: public; Owner: biomket
--

COPY public.fulfillment_address (id, company, first_name, last_name, address_1, address_2, city, country_code, province, postal_code, phone, metadata, created_at, updated_at, deleted_at) FROM stdin;
\.


--
-- Data for Name: fulfillment_item; Type: TABLE DATA; Schema: public; Owner: biomket
--

COPY public.fulfillment_item (id, title, sku, barcode, quantity, raw_quantity, line_item_id, inventory_item_id, fulfillment_id, created_at, updated_at, deleted_at) FROM stdin;
\.


--
-- Data for Name: fulfillment_label; Type: TABLE DATA; Schema: public; Owner: biomket
--

COPY public.fulfillment_label (id, tracking_number, tracking_url, label_url, fulfillment_id, created_at, updated_at, deleted_at) FROM stdin;
\.


--
-- Data for Name: fulfillment_provider; Type: TABLE DATA; Schema: public; Owner: biomket
--

COPY public.fulfillment_provider (id, is_enabled, created_at, updated_at, deleted_at) FROM stdin;
manual_manual	t	2026-02-18 08:49:10.244+01	2026-02-18 08:49:10.244+01	\N
\.


--
-- Data for Name: fulfillment_set; Type: TABLE DATA; Schema: public; Owner: biomket
--

COPY public.fulfillment_set (id, name, type, metadata, created_at, updated_at, deleted_at) FROM stdin;
fuset_01KHR06AF6XK8T5103FKW12SQG	European Warehouse delivery	shipping	\N	2026-02-18 10:09:41.478+01	2026-02-18 10:09:41.478+01	\N
\.


--
-- Data for Name: geo_zone; Type: TABLE DATA; Schema: public; Owner: biomket
--

COPY public.geo_zone (id, type, country_code, province_code, city, service_zone_id, postal_expression, metadata, created_at, updated_at, deleted_at) FROM stdin;
fgz_01KHR06AF5EYZJAQN99N94HYB2	country	gb	\N	\N	serzo_01KHR06AF5NZYZ4WC40FYTB14W	\N	\N	2026-02-18 10:09:41.478+01	2026-02-18 10:09:41.478+01	\N
fgz_01KHR06AF52BRHN5CBMEHTEG6H	country	de	\N	\N	serzo_01KHR06AF5NZYZ4WC40FYTB14W	\N	\N	2026-02-18 10:09:41.478+01	2026-02-18 10:09:41.478+01	\N
fgz_01KHR06AF5M7WZXMNMVSJPFTRH	country	dk	\N	\N	serzo_01KHR06AF5NZYZ4WC40FYTB14W	\N	\N	2026-02-18 10:09:41.478+01	2026-02-18 10:09:41.478+01	\N
fgz_01KHR06AF5JASD64RQMVSGBVGB	country	se	\N	\N	serzo_01KHR06AF5NZYZ4WC40FYTB14W	\N	\N	2026-02-18 10:09:41.478+01	2026-02-18 10:09:41.478+01	\N
fgz_01KHR06AF5S3KZ4ZN95GHNS3G1	country	fr	\N	\N	serzo_01KHR06AF5NZYZ4WC40FYTB14W	\N	\N	2026-02-18 10:09:41.478+01	2026-02-18 10:09:41.478+01	\N
fgz_01KHR06AF5DTPKNW1XT2RNDN4Q	country	es	\N	\N	serzo_01KHR06AF5NZYZ4WC40FYTB14W	\N	\N	2026-02-18 10:09:41.478+01	2026-02-18 10:09:41.478+01	\N
fgz_01KHR06AF5RBBVPE45ZCTTEZEY	country	it	\N	\N	serzo_01KHR06AF5NZYZ4WC40FYTB14W	\N	\N	2026-02-18 10:09:41.478+01	2026-02-18 10:09:41.478+01	\N
\.


--
-- Data for Name: image; Type: TABLE DATA; Schema: public; Owner: biomket
--

COPY public.image (id, url, metadata, created_at, updated_at, deleted_at, rank, product_id) FROM stdin;
img_01KHR7D0583H5EXGNJFRSF30VW	https://biomket1.yourwebdemo.co.in/static/1771413340313-image.jpg	\N	2026-02-18 12:15:40.33+01	2026-03-12 11:30:47.515+01	2026-03-12 11:30:47.475+01	0	prod_01KHR7D0562FZ8W0Q6KG73WK03
uc5o7	https://biomket1.yourwebdemo.co.in/static/1773314488636-image.png	\N	2026-03-12 12:21:28.695+01	2026-03-12 12:21:28.695+01	\N	0	prod_01KKGVC5DV5MDRVHGSVGVF9QMF
img_01KHR06AKWZ6Z2CJGK636ZKQ6A	https://medusa-public-images.s3.eu-west-1.amazonaws.com/shorts-vintage-front.png	\N	2026-02-18 10:09:41.63+01	2026-03-12 12:48:51.725+01	2026-03-12 12:48:51.692+01	0	prod_01KHR06AKQBWMZQDKM336Y6HFB
img_01KHR06AKX7FPAZ05HYF09RR2A	https://medusa-public-images.s3.eu-west-1.amazonaws.com/shorts-vintage-back.png	\N	2026-02-18 10:09:41.63+01	2026-03-12 12:48:51.725+01	2026-03-12 12:48:51.692+01	1	prod_01KHR06AKQBWMZQDKM336Y6HFB
img_01KHR06AKWM7H17FC7YT1KEVB0	https://medusa-public-images.s3.eu-west-1.amazonaws.com/sweatpants-gray-front.png	\N	2026-02-18 10:09:41.63+01	2026-03-12 12:48:54.562+01	2026-03-12 12:48:54.538+01	0	prod_01KHR06AKQDMAN8QQRS4E07ZT8
img_01KHR06AKWXHX0D2YBNWSDND9E	https://medusa-public-images.s3.eu-west-1.amazonaws.com/sweatpants-gray-back.png	\N	2026-02-18 10:09:41.63+01	2026-03-12 12:48:54.562+01	2026-03-12 12:48:54.538+01	1	prod_01KHR06AKQDMAN8QQRS4E07ZT8
img_01KHR06AKV9D9VPPPES6HKZM1V	https://medusa-public-images.s3.eu-west-1.amazonaws.com/sweatshirt-vintage-front.png	\N	2026-02-18 10:09:41.63+01	2026-03-12 12:48:57.598+01	2026-03-12 12:48:57.581+01	0	prod_01KHR06AKQDRQ7VRRW3R5F3Z0T
img_01KHR06AKVPBMQCH3TPWRN27FQ	https://medusa-public-images.s3.eu-west-1.amazonaws.com/sweatshirt-vintage-back.png	\N	2026-02-18 10:09:41.63+01	2026-03-12 12:48:57.598+01	2026-03-12 12:48:57.581+01	1	prod_01KHR06AKQDRQ7VRRW3R5F3Z0T
img_01KHR06AKTR260ZAKXBQB1SPP0	https://medusa-public-images.s3.eu-west-1.amazonaws.com/tee-black-front.png	\N	2026-02-18 10:09:41.63+01	2026-03-12 12:49:00.688+01	2026-03-12 12:49:00.667+01	0	prod_01KHR06AKQYY80J14ZJVH6GEN7
img_01KHR06AKT96FMVME454XPPMQ5	https://medusa-public-images.s3.eu-west-1.amazonaws.com/tee-black-back.png	\N	2026-02-18 10:09:41.63+01	2026-03-12 12:49:00.688+01	2026-03-12 12:49:00.667+01	1	prod_01KHR06AKQYY80J14ZJVH6GEN7
img_01KHR06AKTK1T1A7X4EB7PKWHJ	https://medusa-public-images.s3.eu-west-1.amazonaws.com/tee-white-front.png	\N	2026-02-18 10:09:41.63+01	2026-03-12 12:49:00.688+01	2026-03-12 12:49:00.667+01	2	prod_01KHR06AKQYY80J14ZJVH6GEN7
img_01KHR06AKT8SJ5YAHHNVTK1FTB	https://medusa-public-images.s3.eu-west-1.amazonaws.com/tee-white-back.png	\N	2026-02-18 10:09:41.63+01	2026-03-12 12:49:00.688+01	2026-03-12 12:49:00.667+01	3	prod_01KHR06AKQYY80J14ZJVH6GEN7
\.


--
-- Data for Name: inventory_item; Type: TABLE DATA; Schema: public; Owner: biomket
--

COPY public.inventory_item (id, created_at, updated_at, deleted_at, sku, origin_country, hs_code, mid_code, material, weight, length, height, width, requires_shipping, description, title, thumbnail, metadata) FROM stdin;
iitem_01KKGVC5HBVMHA9VMVGDF1R8VA	2026-03-12 12:02:12.779+01	2026-03-12 12:02:12.779+01	\N	02-01-06	\N	\N	\N	\N	\N	\N	\N	\N	t	Default	Default	\N	\N
iitem_01KHR06APKC29088K5TYZQAVM5	2026-02-18 10:09:41.716+01	2026-03-12 12:48:51.611+01	2026-03-12 12:48:51.609+01	SHORTS-S	\N	\N	\N	\N	\N	\N	\N	\N	t	S	S	\N	\N
iitem_01KHR06APKCAZ95GRV0120DPBA	2026-02-18 10:09:41.716+01	2026-03-12 12:48:51.631+01	2026-03-12 12:48:51.609+01	SHORTS-M	\N	\N	\N	\N	\N	\N	\N	\N	t	M	M	\N	\N
iitem_01KHR06APKT9XXMAWM2VGRXZAZ	2026-02-18 10:09:41.716+01	2026-03-12 12:48:51.64+01	2026-03-12 12:48:51.609+01	SHORTS-L	\N	\N	\N	\N	\N	\N	\N	\N	t	L	L	\N	\N
iitem_01KHR06APK6TG2AGKH6GQS50E0	2026-02-18 10:09:41.716+01	2026-03-12 12:48:51.649+01	2026-03-12 12:48:51.609+01	SHORTS-XL	\N	\N	\N	\N	\N	\N	\N	\N	t	XL	XL	\N	\N
iitem_01KHR06APKYFVTBQCH499WTJ13	2026-02-18 10:09:41.716+01	2026-03-12 12:48:54.473+01	2026-03-12 12:48:54.473+01	SWEATPANTS-S	\N	\N	\N	\N	\N	\N	\N	\N	t	S	S	\N	\N
iitem_01KHR06APKRG3RC0PPE6T0FWMY	2026-02-18 10:09:41.716+01	2026-03-12 12:48:54.483+01	2026-03-12 12:48:54.473+01	SWEATPANTS-M	\N	\N	\N	\N	\N	\N	\N	\N	t	M	M	\N	\N
iitem_01KHR06APK8K6N9CJ1GGHFN6Q5	2026-02-18 10:09:41.716+01	2026-03-12 12:48:54.493+01	2026-03-12 12:48:54.473+01	SWEATPANTS-L	\N	\N	\N	\N	\N	\N	\N	\N	t	L	L	\N	\N
iitem_01KHR06APKJVEDC1BAN18HGJK5	2026-02-18 10:09:41.716+01	2026-03-12 12:48:54.501+01	2026-03-12 12:48:54.473+01	SWEATPANTS-XL	\N	\N	\N	\N	\N	\N	\N	\N	t	XL	XL	\N	\N
iitem_01KHR06APJ2G2SFDDQX6RC4WQN	2026-02-18 10:09:41.716+01	2026-03-12 12:48:57.518+01	2026-03-12 12:48:57.518+01	SWEATSHIRT-S	\N	\N	\N	\N	\N	\N	\N	\N	t	S	S	\N	\N
iitem_01KHR06APKVFFQYT0JKWC8GQ2S	2026-02-18 10:09:41.716+01	2026-03-12 12:48:57.527+01	2026-03-12 12:48:57.518+01	SWEATSHIRT-M	\N	\N	\N	\N	\N	\N	\N	\N	t	M	M	\N	\N
iitem_01KHR06APKKH2QFPTJ04KJ6D20	2026-02-18 10:09:41.716+01	2026-03-12 12:48:57.536+01	2026-03-12 12:48:57.518+01	SWEATSHIRT-L	\N	\N	\N	\N	\N	\N	\N	\N	t	L	L	\N	\N
iitem_01KHR06APKVC4S3PAJ73HT7PZM	2026-02-18 10:09:41.716+01	2026-03-12 12:48:57.544+01	2026-03-12 12:48:57.518+01	SWEATSHIRT-XL	\N	\N	\N	\N	\N	\N	\N	\N	t	XL	XL	\N	\N
iitem_01KHR06APJY2ST97MMCEHNRMXK	2026-02-18 10:09:41.716+01	2026-03-12 12:49:00.585+01	2026-03-12 12:49:00.585+01	SHIRT-S-BLACK	\N	\N	\N	\N	\N	\N	\N	\N	t	S / Black	S / Black	\N	\N
iitem_01KHR06APJ9AYB3JAFBB7YKE0E	2026-02-18 10:09:41.716+01	2026-03-12 12:49:00.591+01	2026-03-12 12:49:00.585+01	SHIRT-S-WHITE	\N	\N	\N	\N	\N	\N	\N	\N	t	S / White	S / White	\N	\N
iitem_01KHR06APJC2C16554MJ9DTDQ6	2026-02-18 10:09:41.716+01	2026-03-12 12:49:00.599+01	2026-03-12 12:49:00.585+01	SHIRT-M-BLACK	\N	\N	\N	\N	\N	\N	\N	\N	t	M / Black	M / Black	\N	\N
iitem_01KHR06APJGQ64AGY2EGPHXDAA	2026-02-18 10:09:41.716+01	2026-03-12 12:49:00.606+01	2026-03-12 12:49:00.585+01	SHIRT-M-WHITE	\N	\N	\N	\N	\N	\N	\N	\N	t	M / White	M / White	\N	\N
iitem_01KHR06APJJRGQP33GENPSVPF8	2026-02-18 10:09:41.716+01	2026-03-12 12:49:00.613+01	2026-03-12 12:49:00.585+01	SHIRT-L-BLACK	\N	\N	\N	\N	\N	\N	\N	\N	t	L / Black	L / Black	\N	\N
iitem_01KHR06APJSB6XFAPPWRWFCBH8	2026-02-18 10:09:41.716+01	2026-03-12 12:49:00.62+01	2026-03-12 12:49:00.585+01	SHIRT-L-WHITE	\N	\N	\N	\N	\N	\N	\N	\N	t	L / White	L / White	\N	\N
iitem_01KHR06APJTBYSW7ADMDNG6J1Z	2026-02-18 10:09:41.716+01	2026-03-12 12:49:00.629+01	2026-03-12 12:49:00.585+01	SHIRT-XL-BLACK	\N	\N	\N	\N	\N	\N	\N	\N	t	XL / Black	XL / Black	\N	\N
iitem_01KHR06APJ7CNMKTW0GYPQBPRM	2026-02-18 10:09:41.716+01	2026-03-12 12:49:00.635+01	2026-03-12 12:49:00.585+01	SHIRT-XL-WHITE	\N	\N	\N	\N	\N	\N	\N	\N	t	XL / White	XL / White	\N	\N
\.


--
-- Data for Name: inventory_level; Type: TABLE DATA; Schema: public; Owner: biomket
--

COPY public.inventory_level (id, created_at, updated_at, deleted_at, inventory_item_id, location_id, stocked_quantity, reserved_quantity, incoming_quantity, metadata, raw_stocked_quantity, raw_reserved_quantity, raw_incoming_quantity) FROM stdin;
ilev_01KKGVK5SVZETTDQ9TNV6JNQS9	2026-03-12 12:06:02.428+01	2026-03-12 12:06:28.413+01	\N	iitem_01KKGVC5HBVMHA9VMVGDF1R8VA	sloc_01KHR06AECQ83WRB18QG1JFH8A	1000	0	0	\N	{"value": "1000", "precision": 20}	{"value": "0", "precision": 20}	{"value": "0", "precision": 20}
ilev_01KHR06ASFCVZS4SDPTRBGHM52	2026-02-18 10:09:41.808+01	2026-03-12 12:48:51.63+01	2026-03-12 12:48:51.609+01	iitem_01KHR06APKC29088K5TYZQAVM5	sloc_01KHR06AECQ83WRB18QG1JFH8A	1000000	0	0	\N	{"value": "1000000", "precision": 20}	{"value": "0", "precision": 20}	{"value": "0", "precision": 20}
ilev_01KHR06ASFNEGV6RN19W1CVS4W	2026-02-18 10:09:41.808+01	2026-03-12 12:48:51.639+01	2026-03-12 12:48:51.609+01	iitem_01KHR06APKCAZ95GRV0120DPBA	sloc_01KHR06AECQ83WRB18QG1JFH8A	1000000	0	0	\N	{"value": "1000000", "precision": 20}	{"value": "0", "precision": 20}	{"value": "0", "precision": 20}
ilev_01KHR06ASF27RXPP211KTK58QV	2026-02-18 10:09:41.808+01	2026-03-12 12:48:51.648+01	2026-03-12 12:48:51.609+01	iitem_01KHR06APKT9XXMAWM2VGRXZAZ	sloc_01KHR06AECQ83WRB18QG1JFH8A	1000000	0	0	\N	{"value": "1000000", "precision": 20}	{"value": "0", "precision": 20}	{"value": "0", "precision": 20}
ilev_01KHR06ASFW88GG1YN1GVZK19X	2026-02-18 10:09:41.808+01	2026-03-12 12:48:51.657+01	2026-03-12 12:48:51.609+01	iitem_01KHR06APK6TG2AGKH6GQS50E0	sloc_01KHR06AECQ83WRB18QG1JFH8A	1000000	0	0	\N	{"value": "1000000", "precision": 20}	{"value": "0", "precision": 20}	{"value": "0", "precision": 20}
ilev_01KHR06ASF0TNFKMHSMS0BQFDA	2026-02-18 10:09:41.808+01	2026-03-12 12:48:54.483+01	2026-03-12 12:48:54.473+01	iitem_01KHR06APKYFVTBQCH499WTJ13	sloc_01KHR06AECQ83WRB18QG1JFH8A	1000000	0	0	\N	{"value": "1000000", "precision": 20}	{"value": "0", "precision": 20}	{"value": "0", "precision": 20}
ilev_01KHR06ASFBDAHTY1JEYP2QRW9	2026-02-18 10:09:41.808+01	2026-03-12 12:48:54.493+01	2026-03-12 12:48:54.473+01	iitem_01KHR06APKRG3RC0PPE6T0FWMY	sloc_01KHR06AECQ83WRB18QG1JFH8A	1000000	0	0	\N	{"value": "1000000", "precision": 20}	{"value": "0", "precision": 20}	{"value": "0", "precision": 20}
ilev_01KHR06ASF0K97XJ8CFJCF9VNX	2026-02-18 10:09:41.808+01	2026-03-12 12:48:54.501+01	2026-03-12 12:48:54.473+01	iitem_01KHR06APK8K6N9CJ1GGHFN6Q5	sloc_01KHR06AECQ83WRB18QG1JFH8A	1000000	0	0	\N	{"value": "1000000", "precision": 20}	{"value": "0", "precision": 20}	{"value": "0", "precision": 20}
ilev_01KHR06ASF0YQGN4MK2ATV0HZV	2026-02-18 10:09:41.808+01	2026-03-12 12:48:54.51+01	2026-03-12 12:48:54.473+01	iitem_01KHR06APKJVEDC1BAN18HGJK5	sloc_01KHR06AECQ83WRB18QG1JFH8A	1000000	0	0	\N	{"value": "1000000", "precision": 20}	{"value": "0", "precision": 20}	{"value": "0", "precision": 20}
ilev_01KHR06ASE2VMHDW8TAQYCM0EA	2026-02-18 10:09:41.807+01	2026-03-12 12:48:57.526+01	2026-03-12 12:48:57.518+01	iitem_01KHR06APJ2G2SFDDQX6RC4WQN	sloc_01KHR06AECQ83WRB18QG1JFH8A	1000000	0	0	\N	{"value": "1000000", "precision": 20}	{"value": "0", "precision": 20}	{"value": "0", "precision": 20}
ilev_01KHR06ASFQN4DCYCEH3270D8F	2026-02-18 10:09:41.808+01	2026-03-12 12:48:57.535+01	2026-03-12 12:48:57.518+01	iitem_01KHR06APKVFFQYT0JKWC8GQ2S	sloc_01KHR06AECQ83WRB18QG1JFH8A	1000000	0	0	\N	{"value": "1000000", "precision": 20}	{"value": "0", "precision": 20}	{"value": "0", "precision": 20}
ilev_01KHR06ASFWZQGNJ1EQPK793MD	2026-02-18 10:09:41.808+01	2026-03-12 12:48:57.544+01	2026-03-12 12:48:57.518+01	iitem_01KHR06APKKH2QFPTJ04KJ6D20	sloc_01KHR06AECQ83WRB18QG1JFH8A	1000000	0	0	\N	{"value": "1000000", "precision": 20}	{"value": "0", "precision": 20}	{"value": "0", "precision": 20}
ilev_01KHR06ASFY4WHNNG12FPC4XRY	2026-02-18 10:09:41.808+01	2026-03-12 12:48:57.553+01	2026-03-12 12:48:57.518+01	iitem_01KHR06APKVC4S3PAJ73HT7PZM	sloc_01KHR06AECQ83WRB18QG1JFH8A	1000000	0	0	\N	{"value": "1000000", "precision": 20}	{"value": "0", "precision": 20}	{"value": "0", "precision": 20}
ilev_01KHR06ASEH9PYMMACHF7S16KX	2026-02-18 10:09:41.808+01	2026-03-12 12:49:00.591+01	2026-03-12 12:49:00.585+01	iitem_01KHR06APJY2ST97MMCEHNRMXK	sloc_01KHR06AECQ83WRB18QG1JFH8A	1000000	0	0	\N	{"value": "1000000", "precision": 20}	{"value": "0", "precision": 20}	{"value": "0", "precision": 20}
ilev_01KHR06ASEXNAMYP4PP7V8V2NN	2026-02-18 10:09:41.808+01	2026-03-12 12:49:00.599+01	2026-03-12 12:49:00.585+01	iitem_01KHR06APJ9AYB3JAFBB7YKE0E	sloc_01KHR06AECQ83WRB18QG1JFH8A	1000000	0	0	\N	{"value": "1000000", "precision": 20}	{"value": "0", "precision": 20}	{"value": "0", "precision": 20}
ilev_01KHR06ASEMT1SNAWYXYVZWPET	2026-02-18 10:09:41.808+01	2026-03-12 12:49:00.606+01	2026-03-12 12:49:00.585+01	iitem_01KHR06APJC2C16554MJ9DTDQ6	sloc_01KHR06AECQ83WRB18QG1JFH8A	1000000	0	0	\N	{"value": "1000000", "precision": 20}	{"value": "0", "precision": 20}	{"value": "0", "precision": 20}
ilev_01KHR06ASEB9TCXVSWR6VGS0EJ	2026-02-18 10:09:41.808+01	2026-03-12 12:49:00.613+01	2026-03-12 12:49:00.585+01	iitem_01KHR06APJGQ64AGY2EGPHXDAA	sloc_01KHR06AECQ83WRB18QG1JFH8A	1000000	0	0	\N	{"value": "1000000", "precision": 20}	{"value": "0", "precision": 20}	{"value": "0", "precision": 20}
ilev_01KHR06ASEDTXQSAG45G8C0NF5	2026-02-18 10:09:41.808+01	2026-03-12 12:49:00.619+01	2026-03-12 12:49:00.585+01	iitem_01KHR06APJJRGQP33GENPSVPF8	sloc_01KHR06AECQ83WRB18QG1JFH8A	1000000	0	0	\N	{"value": "1000000", "precision": 20}	{"value": "0", "precision": 20}	{"value": "0", "precision": 20}
ilev_01KHR06ASEZSETDT5FDDV4R3HN	2026-02-18 10:09:41.808+01	2026-03-12 12:49:00.628+01	2026-03-12 12:49:00.585+01	iitem_01KHR06APJSB6XFAPPWRWFCBH8	sloc_01KHR06AECQ83WRB18QG1JFH8A	1000000	0	0	\N	{"value": "1000000", "precision": 20}	{"value": "0", "precision": 20}	{"value": "0", "precision": 20}
ilev_01KHR06ASEG52G3Z0QADFEM03W	2026-02-18 10:09:41.808+01	2026-03-12 12:49:00.635+01	2026-03-12 12:49:00.585+01	iitem_01KHR06APJTBYSW7ADMDNG6J1Z	sloc_01KHR06AECQ83WRB18QG1JFH8A	1000000	0	0	\N	{"value": "1000000", "precision": 20}	{"value": "0", "precision": 20}	{"value": "0", "precision": 20}
ilev_01KHR06ASE1CH3N0757EJE3RZF	2026-02-18 10:09:41.808+01	2026-03-12 12:49:00.642+01	2026-03-12 12:49:00.585+01	iitem_01KHR06APJ7CNMKTW0GYPQBPRM	sloc_01KHR06AECQ83WRB18QG1JFH8A	1000000	0	0	\N	{"value": "1000000", "precision": 20}	{"value": "0", "precision": 20}	{"value": "0", "precision": 20}
\.


--
-- Data for Name: link_module_migrations; Type: TABLE DATA; Schema: public; Owner: biomket
--

COPY public.link_module_migrations (id, table_name, link_descriptor, created_at) FROM stdin;
1	cart_payment_collection	{"toModel": "payment_collection", "toModule": "payment", "fromModel": "cart", "fromModule": "cart"}	2026-02-18 13:19:06.936092
2	cart_promotion	{"toModel": "promotions", "toModule": "promotion", "fromModel": "cart", "fromModule": "cart"}	2026-02-18 13:19:06.950772
3	customer_account_holder	{"toModel": "account_holder", "toModule": "payment", "fromModel": "customer", "fromModule": "customer"}	2026-02-18 13:19:06.958895
4	location_fulfillment_provider	{"toModel": "fulfillment_provider", "toModule": "fulfillment", "fromModel": "location", "fromModule": "stock_location"}	2026-02-18 13:19:06.966304
5	location_fulfillment_set	{"toModel": "fulfillment_set", "toModule": "fulfillment", "fromModel": "location", "fromModule": "stock_location"}	2026-02-18 13:19:06.97365
6	order_cart	{"toModel": "cart", "toModule": "cart", "fromModel": "order", "fromModule": "order"}	2026-02-18 13:19:06.981517
7	order_fulfillment	{"toModel": "fulfillments", "toModule": "fulfillment", "fromModel": "order", "fromModule": "order"}	2026-02-18 13:19:06.989397
8	order_payment_collection	{"toModel": "payment_collection", "toModule": "payment", "fromModel": "order", "fromModule": "order"}	2026-02-18 13:19:06.996754
9	order_promotion	{"toModel": "promotions", "toModule": "promotion", "fromModel": "order", "fromModule": "order"}	2026-02-18 13:19:07.004329
10	return_fulfillment	{"toModel": "fulfillments", "toModule": "fulfillment", "fromModel": "return", "fromModule": "order"}	2026-02-18 13:19:07.01189
11	product_sales_channel	{"toModel": "sales_channel", "toModule": "sales_channel", "fromModel": "product", "fromModule": "product"}	2026-02-18 13:19:07.019202
12	product_shipping_profile	{"toModel": "shipping_profile", "toModule": "fulfillment", "fromModel": "product", "fromModule": "product"}	2026-02-18 13:19:07.027643
13	product_variant_inventory_item	{"toModel": "inventory", "toModule": "inventory", "fromModel": "variant", "fromModule": "product"}	2026-02-18 13:19:07.035079
14	product_variant_price_set	{"toModel": "price_set", "toModule": "pricing", "fromModel": "variant", "fromModule": "product"}	2026-02-18 13:19:07.042423
15	publishable_api_key_sales_channel	{"toModel": "sales_channel", "toModule": "sales_channel", "fromModel": "api_key", "fromModule": "api_key"}	2026-02-18 13:19:07.050036
16	region_payment_provider	{"toModel": "payment_provider", "toModule": "payment", "fromModel": "region", "fromModule": "region"}	2026-02-18 13:19:07.058252
17	sales_channel_stock_location	{"toModel": "location", "toModule": "stock_location", "fromModel": "sales_channel", "fromModule": "sales_channel"}	2026-02-18 13:19:07.065839
18	shipping_option_price_set	{"toModel": "price_set", "toModule": "pricing", "fromModel": "shipping_option", "fromModule": "fulfillment"}	2026-02-18 13:19:07.073334
19	user_rbac_role	{"toModel": "rbac_role", "toModule": "rbac", "fromModel": "user", "fromModule": "user"}	2026-02-18 13:19:07.080841
191	product_product_waste_waste_attribute	{"toModel": "waste_attribute", "toModule": "waste", "fromModel": "product", "fromModule": "product"}	2026-02-25 17:11:54.74703
\.


--
-- Data for Name: location_fulfillment_provider; Type: TABLE DATA; Schema: public; Owner: biomket
--

COPY public.location_fulfillment_provider (stock_location_id, fulfillment_provider_id, id, created_at, updated_at, deleted_at) FROM stdin;
sloc_01KHTRJSA0DT0CQCF4YHNCYQ8N	manual_manual	locfp_01KHTRJSAF967XANN8Y5FC9092	2026-02-19 11:54:24.598066+01	2026-02-19 11:54:24.598066+01	\N
sloc_01KHR06AECQ83WRB18QG1JFH8A	manual_manual	locfp_01KKGY534GWQXFVMS76MQ5ZAQJ	2026-02-18 10:09:41.466236+01	2026-02-18 10:09:41.466236+01	\N
\.


--
-- Data for Name: location_fulfillment_set; Type: TABLE DATA; Schema: public; Owner: biomket
--

COPY public.location_fulfillment_set (stock_location_id, fulfillment_set_id, id, created_at, updated_at, deleted_at) FROM stdin;
sloc_01KHR06AECQ83WRB18QG1JFH8A	fuset_01KHR06AF6XK8T5103FKW12SQG	locfs_01KKGY5366RXW6GF3E2HMFX629	2026-02-18 10:09:41.493421+01	2026-02-18 10:09:41.493421+01	\N
\.


--
-- Data for Name: mikro_orm_migrations; Type: TABLE DATA; Schema: public; Owner: biomket
--

COPY public.mikro_orm_migrations (id, name, executed_at) FROM stdin;
1	Migration20240307161216	2026-02-18 08:49:00.728018+01
2	Migration20241210073813	2026-02-18 08:49:00.728018+01
3	Migration20250106142624	2026-02-18 08:49:00.728018+01
4	Migration20250120110820	2026-02-18 08:49:00.728018+01
5	Migration20240307132720	2026-02-18 08:49:00.873427+01
6	Migration20240719123015	2026-02-18 08:49:00.873427+01
7	Migration20241213063611	2026-02-18 08:49:00.873427+01
8	Migration20251010131115	2026-02-18 08:49:00.873427+01
9	InitialSetup20240401153642	2026-02-18 08:49:01.042758+01
10	Migration20240601111544	2026-02-18 08:49:01.042758+01
11	Migration202408271511	2026-02-18 08:49:01.042758+01
12	Migration20241122120331	2026-02-18 08:49:01.042758+01
13	Migration20241125090957	2026-02-18 08:49:01.042758+01
14	Migration20250411073236	2026-02-18 08:49:01.042758+01
15	Migration20250516081326	2026-02-18 08:49:01.042758+01
16	Migration20250910154539	2026-02-18 08:49:01.042758+01
17	Migration20250911092221	2026-02-18 08:49:01.042758+01
18	Migration20250929204438	2026-02-18 08:49:01.042758+01
19	Migration20251008132218	2026-02-18 08:49:01.042758+01
20	Migration20251011090511	2026-02-18 08:49:01.042758+01
21	Migration20230929122253	2026-02-18 08:49:01.3624+01
22	Migration20240322094407	2026-02-18 08:49:01.3624+01
23	Migration20240322113359	2026-02-18 08:49:01.3624+01
24	Migration20240322120125	2026-02-18 08:49:01.3624+01
25	Migration20240626133555	2026-02-18 08:49:01.3624+01
26	Migration20240704094505	2026-02-18 08:49:01.3624+01
27	Migration20241127114534	2026-02-18 08:49:01.3624+01
28	Migration20241127223829	2026-02-18 08:49:01.3624+01
29	Migration20241128055359	2026-02-18 08:49:01.3624+01
30	Migration20241212190401	2026-02-18 08:49:01.3624+01
31	Migration20250408145122	2026-02-18 08:49:01.3624+01
32	Migration20250409122219	2026-02-18 08:49:01.3624+01
33	Migration20251009110625	2026-02-18 08:49:01.3624+01
34	Migration20251112192723	2026-02-18 08:49:01.3624+01
35	Migration20240227120221	2026-02-18 08:49:01.682713+01
36	Migration20240617102917	2026-02-18 08:49:01.682713+01
37	Migration20240624153824	2026-02-18 08:49:01.682713+01
38	Migration20241211061114	2026-02-18 08:49:01.682713+01
39	Migration20250113094144	2026-02-18 08:49:01.682713+01
40	Migration20250120110700	2026-02-18 08:49:01.682713+01
41	Migration20250226130616	2026-02-18 08:49:01.682713+01
42	Migration20250508081510	2026-02-18 08:49:01.682713+01
43	Migration20250828075407	2026-02-18 08:49:01.682713+01
44	Migration20250909083125	2026-02-18 08:49:01.682713+01
45	Migration20250916120552	2026-02-18 08:49:01.682713+01
46	Migration20250917143818	2026-02-18 08:49:01.682713+01
47	Migration20250919122137	2026-02-18 08:49:01.682713+01
48	Migration20251006000000	2026-02-18 08:49:01.682713+01
49	Migration20251015113934	2026-02-18 08:49:01.682713+01
50	Migration20251107050148	2026-02-18 08:49:01.682713+01
51	Migration20240124154000	2026-02-18 08:49:01.96215+01
52	Migration20240524123112	2026-02-18 08:49:01.96215+01
53	Migration20240602110946	2026-02-18 08:49:01.96215+01
54	Migration20241211074630	2026-02-18 08:49:01.96215+01
55	Migration20251010130829	2026-02-18 08:49:01.96215+01
56	Migration20240115152146	2026-02-18 08:49:02.283005+01
57	Migration20240222170223	2026-02-18 08:49:02.376356+01
58	Migration20240831125857	2026-02-18 08:49:02.376356+01
59	Migration20241106085918	2026-02-18 08:49:02.376356+01
60	Migration20241205095237	2026-02-18 08:49:02.376356+01
61	Migration20241216183049	2026-02-18 08:49:02.376356+01
62	Migration20241218091938	2026-02-18 08:49:02.376356+01
63	Migration20250120115059	2026-02-18 08:49:02.376356+01
64	Migration20250212131240	2026-02-18 08:49:02.376356+01
65	Migration20250326151602	2026-02-18 08:49:02.376356+01
66	Migration20250508081553	2026-02-18 08:49:02.376356+01
67	Migration20251017153909	2026-02-18 08:49:02.376356+01
68	Migration20251208130704	2026-02-18 08:49:02.376356+01
69	Migration20240205173216	2026-02-18 08:49:02.594222+01
70	Migration20240624200006	2026-02-18 08:49:02.594222+01
71	Migration20250120110744	2026-02-18 08:49:02.594222+01
72	InitialSetup20240221144943	2026-02-18 08:49:02.702269+01
73	Migration20240604080145	2026-02-18 08:49:02.702269+01
74	Migration20241205122700	2026-02-18 08:49:02.702269+01
75	Migration20251015123842	2026-02-18 08:49:02.702269+01
76	InitialSetup20240227075933	2026-02-18 08:49:02.822227+01
77	Migration20240621145944	2026-02-18 08:49:02.822227+01
78	Migration20241206083313	2026-02-18 08:49:02.822227+01
79	Migration20251202184737	2026-02-18 08:49:02.822227+01
80	Migration20251212161429	2026-02-18 08:49:02.822227+01
81	Migration20240227090331	2026-02-18 08:49:02.953057+01
82	Migration20240710135844	2026-02-18 08:49:02.953057+01
83	Migration20240924114005	2026-02-18 08:49:02.953057+01
84	Migration20241212052837	2026-02-18 08:49:02.953057+01
85	InitialSetup20240228133303	2026-02-18 08:49:03.07948+01
86	Migration20240624082354	2026-02-18 08:49:03.07948+01
87	Migration20240225134525	2026-02-18 08:49:03.178739+01
88	Migration20240806072619	2026-02-18 08:49:03.178739+01
89	Migration20241211151053	2026-02-18 08:49:03.178739+01
90	Migration20250115160517	2026-02-18 08:49:03.178739+01
91	Migration20250120110552	2026-02-18 08:49:03.178739+01
92	Migration20250123122334	2026-02-18 08:49:03.178739+01
93	Migration20250206105639	2026-02-18 08:49:03.178739+01
94	Migration20250207132723	2026-02-18 08:49:03.178739+01
95	Migration20250625084134	2026-02-18 08:49:03.178739+01
96	Migration20250924135437	2026-02-18 08:49:03.178739+01
97	Migration20250929124701	2026-02-18 08:49:03.178739+01
98	Migration20240219102530	2026-02-18 08:49:03.382215+01
99	Migration20240604100512	2026-02-18 08:49:03.382215+01
100	Migration20240715102100	2026-02-18 08:49:03.382215+01
101	Migration20240715174100	2026-02-18 08:49:03.382215+01
102	Migration20240716081800	2026-02-18 08:49:03.382215+01
103	Migration20240801085921	2026-02-18 08:49:03.382215+01
104	Migration20240821164505	2026-02-18 08:49:03.382215+01
105	Migration20240821170920	2026-02-18 08:49:03.382215+01
106	Migration20240827133639	2026-02-18 08:49:03.382215+01
107	Migration20240902195921	2026-02-18 08:49:03.382215+01
108	Migration20240913092514	2026-02-18 08:49:03.382215+01
109	Migration20240930122627	2026-02-18 08:49:03.382215+01
110	Migration20241014142943	2026-02-18 08:49:03.382215+01
111	Migration20241106085223	2026-02-18 08:49:03.382215+01
112	Migration20241129124827	2026-02-18 08:49:03.382215+01
113	Migration20241217162224	2026-02-18 08:49:03.382215+01
114	Migration20250326151554	2026-02-18 08:49:03.382215+01
115	Migration20250522181137	2026-02-18 08:49:03.382215+01
116	Migration20250702095353	2026-02-18 08:49:03.382215+01
117	Migration20250704120229	2026-02-18 08:49:03.382215+01
118	Migration20250910130000	2026-02-18 08:49:03.382215+01
119	Migration20251016160403	2026-02-18 08:49:03.382215+01
120	Migration20251016182939	2026-02-18 08:49:03.382215+01
121	Migration20251017155709	2026-02-18 08:49:03.382215+01
122	Migration20251114100559	2026-02-18 08:49:03.382215+01
123	Migration20251125164002	2026-02-18 08:49:03.382215+01
124	Migration20251210112909	2026-02-18 08:49:03.382215+01
125	Migration20251210112924	2026-02-18 08:49:03.382215+01
126	Migration20251225120947	2026-02-18 08:49:03.382215+01
127	Migration20250717162007	2026-02-18 08:49:03.937231+01
128	Migration20240205025928	2026-02-18 08:49:04.030011+01
129	Migration20240529080336	2026-02-18 08:49:04.030011+01
130	Migration20241202100304	2026-02-18 08:49:04.030011+01
131	Migration20240214033943	2026-02-18 08:49:04.304357+01
132	Migration20240703095850	2026-02-18 08:49:04.304357+01
133	Migration20241202103352	2026-02-18 08:49:04.304357+01
134	Migration20240311145700_InitialSetupMigration	2026-02-18 08:49:04.439227+01
135	Migration20240821170957	2026-02-18 08:49:04.439227+01
136	Migration20240917161003	2026-02-18 08:49:04.439227+01
137	Migration20241217110416	2026-02-18 08:49:04.439227+01
138	Migration20250113122235	2026-02-18 08:49:04.439227+01
139	Migration20250120115002	2026-02-18 08:49:04.439227+01
140	Migration20250822130931	2026-02-18 08:49:04.439227+01
141	Migration20250825132614	2026-02-18 08:49:04.439227+01
142	Migration20251114133146	2026-02-18 08:49:04.439227+01
143	Migration20240509083918_InitialSetupMigration	2026-02-18 08:49:04.884822+01
144	Migration20240628075401	2026-02-18 08:49:04.884822+01
145	Migration20240830094712	2026-02-18 08:49:04.884822+01
146	Migration20250120110514	2026-02-18 08:49:04.884822+01
147	Migration20251028172715	2026-02-18 08:49:04.884822+01
148	Migration20251121123942	2026-02-18 08:49:04.884822+01
149	Migration20251121150408	2026-02-18 08:49:04.884822+01
150	Migration20231228143900	2026-02-18 08:49:05.357182+01
151	Migration20241206101446	2026-02-18 08:49:05.357182+01
152	Migration20250128174331	2026-02-18 08:49:05.357182+01
153	Migration20250505092459	2026-02-18 08:49:05.357182+01
154	Migration20250819104213	2026-02-18 08:49:05.357182+01
155	Migration20250819110924	2026-02-18 08:49:05.357182+01
156	Migration20250908080305	2026-02-18 08:49:05.357182+01
157	Migration20260219102229	2026-02-19 11:22:41.259862+01
158	Migration20260219120000	2026-02-19 13:52:13.928099+01
159	Migration20260219150000	2026-02-20 06:54:38.685388+01
160	Migration20260219160000	2026-02-20 07:58:33.634228+01
161	Migration20260219170000	2026-02-20 11:29:46.745401+01
162	Migration20260220100000	2026-02-25 06:25:46.783587+01
163	Migration20260219180000	2026-02-25 06:25:46.861126+01
164	Migration20260225100000	2026-02-25 06:54:07.248221+01
165	Migration20260224095835	2026-02-25 12:41:53.597681+01
166	Migration20260227113000	2026-03-02 05:47:51.648495+01
\.


--
-- Data for Name: notification; Type: TABLE DATA; Schema: public; Owner: biomket
--

COPY public.notification (id, "to", channel, template, data, trigger_type, resource_id, resource_type, receiver_id, original_notification_id, idempotency_key, external_id, provider_id, created_at, updated_at, deleted_at, status, "from", provider_data) FROM stdin;
\.


--
-- Data for Name: notification_provider; Type: TABLE DATA; Schema: public; Owner: biomket
--

COPY public.notification_provider (id, handle, name, is_enabled, channels, created_at, updated_at, deleted_at) FROM stdin;
local	local	local	t	{email}	2026-02-18 08:49:10.254+01	2026-02-24 10:16:21.736+01	\N
\.


--
-- Data for Name: order; Type: TABLE DATA; Schema: public; Owner: biomket
--

COPY public."order" (id, region_id, display_id, customer_id, version, sales_channel_id, status, is_draft_order, email, currency_code, shipping_address_id, billing_address_id, no_notification, metadata, created_at, updated_at, deleted_at, canceled_at, custom_display_id, locale) FROM stdin;
\.


--
-- Data for Name: order_address; Type: TABLE DATA; Schema: public; Owner: biomket
--

COPY public.order_address (id, customer_id, company, first_name, last_name, address_1, address_2, city, country_code, province, postal_code, phone, metadata, created_at, updated_at, deleted_at) FROM stdin;
\.


--
-- Data for Name: order_cart; Type: TABLE DATA; Schema: public; Owner: biomket
--

COPY public.order_cart (order_id, cart_id, id, created_at, updated_at, deleted_at) FROM stdin;
\.


--
-- Data for Name: order_change; Type: TABLE DATA; Schema: public; Owner: biomket
--

COPY public.order_change (id, order_id, version, description, status, internal_note, created_by, requested_by, requested_at, confirmed_by, confirmed_at, declined_by, declined_reason, metadata, declined_at, canceled_by, canceled_at, created_at, updated_at, change_type, deleted_at, return_id, claim_id, exchange_id, carry_over_promotions) FROM stdin;
\.


--
-- Data for Name: order_change_action; Type: TABLE DATA; Schema: public; Owner: biomket
--

COPY public.order_change_action (id, order_id, version, ordering, order_change_id, reference, reference_id, action, details, amount, raw_amount, internal_note, applied, created_at, updated_at, deleted_at, return_id, claim_id, exchange_id) FROM stdin;
\.


--
-- Data for Name: order_claim; Type: TABLE DATA; Schema: public; Owner: biomket
--

COPY public.order_claim (id, order_id, return_id, order_version, display_id, type, no_notification, refund_amount, raw_refund_amount, metadata, created_at, updated_at, deleted_at, canceled_at, created_by) FROM stdin;
\.


--
-- Data for Name: order_claim_item; Type: TABLE DATA; Schema: public; Owner: biomket
--

COPY public.order_claim_item (id, claim_id, item_id, is_additional_item, reason, quantity, raw_quantity, note, metadata, created_at, updated_at, deleted_at) FROM stdin;
\.


--
-- Data for Name: order_claim_item_image; Type: TABLE DATA; Schema: public; Owner: biomket
--

COPY public.order_claim_item_image (id, claim_item_id, url, metadata, created_at, updated_at, deleted_at) FROM stdin;
\.


--
-- Data for Name: order_credit_line; Type: TABLE DATA; Schema: public; Owner: biomket
--

COPY public.order_credit_line (id, order_id, reference, reference_id, amount, raw_amount, metadata, created_at, updated_at, deleted_at, version) FROM stdin;
\.


--
-- Data for Name: order_exchange; Type: TABLE DATA; Schema: public; Owner: biomket
--

COPY public.order_exchange (id, order_id, return_id, order_version, display_id, no_notification, allow_backorder, difference_due, raw_difference_due, metadata, created_at, updated_at, deleted_at, canceled_at, created_by) FROM stdin;
\.


--
-- Data for Name: order_exchange_item; Type: TABLE DATA; Schema: public; Owner: biomket
--

COPY public.order_exchange_item (id, exchange_id, item_id, quantity, raw_quantity, note, metadata, created_at, updated_at, deleted_at) FROM stdin;
\.


--
-- Data for Name: order_fulfillment; Type: TABLE DATA; Schema: public; Owner: biomket
--

COPY public.order_fulfillment (order_id, fulfillment_id, id, created_at, updated_at, deleted_at) FROM stdin;
\.


--
-- Data for Name: order_item; Type: TABLE DATA; Schema: public; Owner: biomket
--

COPY public.order_item (id, order_id, version, item_id, quantity, raw_quantity, fulfilled_quantity, raw_fulfilled_quantity, shipped_quantity, raw_shipped_quantity, return_requested_quantity, raw_return_requested_quantity, return_received_quantity, raw_return_received_quantity, return_dismissed_quantity, raw_return_dismissed_quantity, written_off_quantity, raw_written_off_quantity, metadata, created_at, updated_at, deleted_at, delivered_quantity, raw_delivered_quantity, unit_price, raw_unit_price, compare_at_unit_price, raw_compare_at_unit_price) FROM stdin;
\.


--
-- Data for Name: order_line_item; Type: TABLE DATA; Schema: public; Owner: biomket
--

COPY public.order_line_item (id, totals_id, title, subtitle, thumbnail, variant_id, product_id, product_title, product_description, product_subtitle, product_type, product_collection, product_handle, variant_sku, variant_barcode, variant_title, variant_option_values, requires_shipping, is_discountable, is_tax_inclusive, compare_at_unit_price, raw_compare_at_unit_price, unit_price, raw_unit_price, metadata, created_at, updated_at, deleted_at, is_custom_price, product_type_id, is_giftcard) FROM stdin;
\.


--
-- Data for Name: order_line_item_adjustment; Type: TABLE DATA; Schema: public; Owner: biomket
--

COPY public.order_line_item_adjustment (id, description, promotion_id, code, amount, raw_amount, provider_id, created_at, updated_at, item_id, deleted_at, is_tax_inclusive, version) FROM stdin;
\.


--
-- Data for Name: order_line_item_tax_line; Type: TABLE DATA; Schema: public; Owner: biomket
--

COPY public.order_line_item_tax_line (id, description, tax_rate_id, code, rate, raw_rate, provider_id, created_at, updated_at, item_id, deleted_at) FROM stdin;
\.


--
-- Data for Name: order_payment_collection; Type: TABLE DATA; Schema: public; Owner: biomket
--

COPY public.order_payment_collection (order_id, payment_collection_id, id, created_at, updated_at, deleted_at) FROM stdin;
\.


--
-- Data for Name: order_promotion; Type: TABLE DATA; Schema: public; Owner: biomket
--

COPY public.order_promotion (order_id, promotion_id, id, created_at, updated_at, deleted_at) FROM stdin;
\.


--
-- Data for Name: order_shipping; Type: TABLE DATA; Schema: public; Owner: biomket
--

COPY public.order_shipping (id, order_id, version, shipping_method_id, created_at, updated_at, deleted_at, return_id, claim_id, exchange_id) FROM stdin;
\.


--
-- Data for Name: order_shipping_method; Type: TABLE DATA; Schema: public; Owner: biomket
--

COPY public.order_shipping_method (id, name, description, amount, raw_amount, is_tax_inclusive, shipping_option_id, data, metadata, created_at, updated_at, deleted_at, is_custom_amount) FROM stdin;
\.


--
-- Data for Name: order_shipping_method_adjustment; Type: TABLE DATA; Schema: public; Owner: biomket
--

COPY public.order_shipping_method_adjustment (id, description, promotion_id, code, amount, raw_amount, provider_id, created_at, updated_at, shipping_method_id, deleted_at) FROM stdin;
\.


--
-- Data for Name: order_shipping_method_tax_line; Type: TABLE DATA; Schema: public; Owner: biomket
--

COPY public.order_shipping_method_tax_line (id, description, tax_rate_id, code, rate, raw_rate, provider_id, created_at, updated_at, shipping_method_id, deleted_at) FROM stdin;
\.


--
-- Data for Name: order_summary; Type: TABLE DATA; Schema: public; Owner: biomket
--

COPY public.order_summary (id, order_id, version, totals, created_at, updated_at, deleted_at) FROM stdin;
\.


--
-- Data for Name: order_transaction; Type: TABLE DATA; Schema: public; Owner: biomket
--

COPY public.order_transaction (id, order_id, version, amount, raw_amount, currency_code, reference, reference_id, created_at, updated_at, deleted_at, return_id, claim_id, exchange_id) FROM stdin;
\.


--
-- Data for Name: payment; Type: TABLE DATA; Schema: public; Owner: biomket
--

COPY public.payment (id, amount, raw_amount, currency_code, provider_id, data, created_at, updated_at, deleted_at, captured_at, canceled_at, payment_collection_id, payment_session_id, metadata) FROM stdin;
\.


--
-- Data for Name: payment_collection; Type: TABLE DATA; Schema: public; Owner: biomket
--

COPY public.payment_collection (id, currency_code, amount, raw_amount, authorized_amount, raw_authorized_amount, captured_amount, raw_captured_amount, refunded_amount, raw_refunded_amount, created_at, updated_at, deleted_at, completed_at, status, metadata) FROM stdin;
\.


--
-- Data for Name: payment_collection_payment_providers; Type: TABLE DATA; Schema: public; Owner: biomket
--

COPY public.payment_collection_payment_providers (payment_collection_id, payment_provider_id) FROM stdin;
\.


--
-- Data for Name: payment_provider; Type: TABLE DATA; Schema: public; Owner: biomket
--

COPY public.payment_provider (id, is_enabled, created_at, updated_at, deleted_at) FROM stdin;
pp_system_default	t	2026-02-18 08:49:10.248+01	2026-02-18 08:49:10.248+01	\N
\.


--
-- Data for Name: payment_session; Type: TABLE DATA; Schema: public; Owner: biomket
--

COPY public.payment_session (id, currency_code, amount, raw_amount, provider_id, data, context, status, authorized_at, payment_collection_id, metadata, created_at, updated_at, deleted_at) FROM stdin;
\.


--
-- Data for Name: price; Type: TABLE DATA; Schema: public; Owner: biomket
--

COPY public.price (id, title, price_set_id, currency_code, raw_amount, rules_count, created_at, updated_at, deleted_at, price_list_id, amount, min_quantity, max_quantity, raw_min_quantity, raw_max_quantity) FROM stdin;
price_01KHR06AHAZ3Y0DFEA61GGZNEF	\N	pset_01KHR06AHBHW0TCAFWJ4ANFZHE	usd	{"value": "10", "precision": 20}	0	2026-02-18 10:09:41.548+01	2026-02-18 10:09:41.548+01	\N	\N	10	\N	\N	\N	\N
price_01KHR06AHBJ0SRB4KRBN9QRZYN	\N	pset_01KHR06AHBHW0TCAFWJ4ANFZHE	eur	{"value": "10", "precision": 20}	0	2026-02-18 10:09:41.548+01	2026-02-18 10:09:41.548+01	\N	\N	10	\N	\N	\N	\N
price_01KHR06AHBKXT1VJE6NHDY06MT	\N	pset_01KHR06AHBHW0TCAFWJ4ANFZHE	eur	{"value": "10", "precision": 20}	1	2026-02-18 10:09:41.548+01	2026-02-18 10:09:41.548+01	\N	\N	10	\N	\N	\N	\N
price_01KHR06AHB3FFS4HK20CG71MGZ	\N	pset_01KHR06AHCM19DJZ359VCGWRGB	usd	{"value": "10", "precision": 20}	0	2026-02-18 10:09:41.548+01	2026-02-18 10:09:41.549+01	\N	\N	10	\N	\N	\N	\N
price_01KHR06AHBAMX6T5EHPCP0HWB3	\N	pset_01KHR06AHCM19DJZ359VCGWRGB	eur	{"value": "10", "precision": 20}	0	2026-02-18 10:09:41.549+01	2026-02-18 10:09:41.549+01	\N	\N	10	\N	\N	\N	\N
price_01KHR06AHC893WZ25C0N0TN2AV	\N	pset_01KHR06AHCM19DJZ359VCGWRGB	eur	{"value": "10", "precision": 20}	1	2026-02-18 10:09:41.549+01	2026-02-18 10:09:41.549+01	\N	\N	10	\N	\N	\N	\N
price_01KHR06AQGRZ4YZE3WN8HZYWPN	\N	pset_01KHR06AQGEGDFFSRPYHDTESZ6	eur	{"value": "10", "precision": 20}	0	2026-02-18 10:09:41.747+01	2026-03-12 12:48:54.568+01	2026-03-12 12:48:54.556+01	\N	10	\N	\N	\N	\N
price_01KHR06AQGGEDYNTY5DWSR24GQ	\N	pset_01KHR06AQGEGDFFSRPYHDTESZ6	usd	{"value": "15", "precision": 20}	0	2026-02-18 10:09:41.747+01	2026-03-12 12:48:54.568+01	2026-03-12 12:48:54.556+01	\N	15	\N	\N	\N	\N
price_01KHR06AQG9DATXJN48HKBD7ZQ	\N	pset_01KHR06AQGZENWAGB6094JW27K	eur	{"value": "10", "precision": 20}	0	2026-02-18 10:09:41.747+01	2026-03-12 12:48:54.583+01	2026-03-12 12:48:54.556+01	\N	10	\N	\N	\N	\N
price_01KHR06AQG0BYMFRS5FJAY36CM	\N	pset_01KHR06AQGZENWAGB6094JW27K	usd	{"value": "15", "precision": 20}	0	2026-02-18 10:09:41.747+01	2026-03-12 12:48:54.583+01	2026-03-12 12:48:54.556+01	\N	15	\N	\N	\N	\N
price_01KHR06AQGPDGTP4CS7JYZ28CZ	\N	pset_01KHR06AQHEAAH1F99DBC9XWQK	eur	{"value": "10", "precision": 20}	0	2026-02-18 10:09:41.747+01	2026-03-12 12:48:54.596+01	2026-03-12 12:48:54.556+01	\N	10	\N	\N	\N	\N
price_01KHR06AQH7T2YED7JYCMW0JWH	\N	pset_01KHR06AQHEAAH1F99DBC9XWQK	usd	{"value": "15", "precision": 20}	0	2026-02-18 10:09:41.747+01	2026-03-12 12:48:54.596+01	2026-03-12 12:48:54.556+01	\N	15	\N	\N	\N	\N
price_01KHR06AQFARNKBPS15TM52WN8	\N	pset_01KHR06AQFM5K3BXWRY6KKTK2S	eur	{"value": "10", "precision": 20}	0	2026-02-18 10:09:41.747+01	2026-03-12 12:48:57.618+01	2026-03-12 12:48:57.605+01	\N	10	\N	\N	\N	\N
price_01KHR06AQFKY676T6Q6P7SZGV3	\N	pset_01KHR06AQFM5K3BXWRY6KKTK2S	usd	{"value": "15", "precision": 20}	0	2026-02-18 10:09:41.747+01	2026-03-12 12:48:57.618+01	2026-03-12 12:48:57.605+01	\N	15	\N	\N	\N	\N
price_01KHR06AQF89TBAS00DYTMF1VJ	\N	pset_01KHR06AQG0BEGZJ6CDCHJA23R	eur	{"value": "10", "precision": 20}	0	2026-02-18 10:09:41.747+01	2026-03-12 12:48:57.638+01	2026-03-12 12:48:57.605+01	\N	10	\N	\N	\N	\N
price_01KHR06AQFBYENGZRH463VR8YW	\N	pset_01KHR06AQG0BEGZJ6CDCHJA23R	usd	{"value": "15", "precision": 20}	0	2026-02-18 10:09:41.747+01	2026-03-12 12:48:57.638+01	2026-03-12 12:48:57.605+01	\N	15	\N	\N	\N	\N
price_01KHR06AQGF3HM05N7M04DTHWM	\N	pset_01KHR06AQGQ10J73BPVQHNVJWE	eur	{"value": "10", "precision": 20}	0	2026-02-18 10:09:41.747+01	2026-03-12 12:48:57.651+01	2026-03-12 12:48:57.605+01	\N	10	\N	\N	\N	\N
price_01KHR06AQGD0S730JXFWSREPXM	\N	pset_01KHR06AQGQ10J73BPVQHNVJWE	usd	{"value": "15", "precision": 20}	0	2026-02-18 10:09:41.747+01	2026-03-12 12:48:57.651+01	2026-03-12 12:48:57.605+01	\N	15	\N	\N	\N	\N
price_01KHR06AQGE8H4N9MFT5MGQAAB	\N	pset_01KHR06AQG51FZ221Z2W7NG8NN	eur	{"value": "10", "precision": 20}	0	2026-02-18 10:09:41.747+01	2026-03-12 12:48:57.667+01	2026-03-12 12:48:57.605+01	\N	10	\N	\N	\N	\N
price_01KHR06AQGES4HGGF7BC3QQDFB	\N	pset_01KHR06AQG51FZ221Z2W7NG8NN	usd	{"value": "15", "precision": 20}	0	2026-02-18 10:09:41.747+01	2026-03-12 12:48:57.667+01	2026-03-12 12:48:57.605+01	\N	15	\N	\N	\N	\N
price_01KHR06AQDBEX850V3C3P69MRT	\N	pset_01KHR06AQDCW70NBSJNFTJZY4E	eur	{"value": "10", "precision": 20}	0	2026-02-18 10:09:41.746+01	2026-03-12 12:49:00.71+01	2026-03-12 12:49:00.699+01	\N	10	\N	\N	\N	\N
price_01KHR06AQDXRTZ1HVH8MMDQQ98	\N	pset_01KHR06AQDCW70NBSJNFTJZY4E	usd	{"value": "15", "precision": 20}	0	2026-02-18 10:09:41.746+01	2026-03-12 12:49:00.71+01	2026-03-12 12:49:00.699+01	\N	15	\N	\N	\N	\N
price_01KHR06AQEJEF913DAZSSJP9KP	\N	pset_01KHR06AQEREP9BVCV2H537WTN	eur	{"value": "10", "precision": 20}	0	2026-02-18 10:09:41.746+01	2026-03-12 12:49:00.725+01	2026-03-12 12:49:00.699+01	\N	10	\N	\N	\N	\N
price_01KHR06AQE06341C6K7AG9H10V	\N	pset_01KHR06AQEREP9BVCV2H537WTN	usd	{"value": "15", "precision": 20}	0	2026-02-18 10:09:41.746+01	2026-03-12 12:49:00.725+01	2026-03-12 12:49:00.699+01	\N	15	\N	\N	\N	\N
price_01KHR06AQEPVGHP8MXA63QVNWX	\N	pset_01KHR06AQE2AV8XF24CH37XAXE	eur	{"value": "10", "precision": 20}	0	2026-02-18 10:09:41.746+01	2026-03-12 12:49:00.735+01	2026-03-12 12:49:00.699+01	\N	10	\N	\N	\N	\N
price_01KHR06AQEEW7WTN70VXQDPSD3	\N	pset_01KHR06AQE2AV8XF24CH37XAXE	usd	{"value": "15", "precision": 20}	0	2026-02-18 10:09:41.746+01	2026-03-12 12:49:00.735+01	2026-03-12 12:49:00.699+01	\N	15	\N	\N	\N	\N
price_01KHR06AQE659M11VAWF15XS9X	\N	pset_01KHR06AQE2NH6WB4FEFBF4Q8Z	eur	{"value": "10", "precision": 20}	0	2026-02-18 10:09:41.746+01	2026-03-12 12:49:00.748+01	2026-03-12 12:49:00.699+01	\N	10	\N	\N	\N	\N
price_01KKGVC5J9KKD0EWGMG02GBBGJ	\N	pset_01KKGVC5JANNFM1NR09EZBXJG4	eur	{"value": "35", "precision": 20}	0	2026-03-12 12:02:12.81+01	2026-03-12 12:02:12.81+01	\N	\N	35	\N	\N	\N	\N
price_01KHR06AQH1K75NT3QC2QAW78Z	\N	pset_01KHR06AQHC33V82YKHCDD957V	eur	{"value": "10", "precision": 20}	0	2026-02-18 10:09:41.747+01	2026-03-12 12:48:51.746+01	2026-03-12 12:48:51.73+01	\N	10	\N	\N	\N	\N
price_01KHR06AQHPZC48NH91JFDD7M4	\N	pset_01KHR06AQHC33V82YKHCDD957V	usd	{"value": "15", "precision": 20}	0	2026-02-18 10:09:41.747+01	2026-03-12 12:48:51.746+01	2026-03-12 12:48:51.73+01	\N	15	\N	\N	\N	\N
price_01KHR06AQH8SNH3D02MRY6TETX	\N	pset_01KHR06AQHTM58ZH615FTZ4861	eur	{"value": "10", "precision": 20}	0	2026-02-18 10:09:41.747+01	2026-03-12 12:48:51.771+01	2026-03-12 12:48:51.73+01	\N	10	\N	\N	\N	\N
price_01KHR06AQHTH40E0JETYMECRH2	\N	pset_01KHR06AQHTM58ZH615FTZ4861	usd	{"value": "15", "precision": 20}	0	2026-02-18 10:09:41.747+01	2026-03-12 12:48:51.772+01	2026-03-12 12:48:51.73+01	\N	15	\N	\N	\N	\N
price_01KHR06AQHN9GBTD14RMZ8PYHH	\N	pset_01KHR06AQHY287CW6BFK1VE83F	eur	{"value": "10", "precision": 20}	0	2026-02-18 10:09:41.747+01	2026-03-12 12:48:51.785+01	2026-03-12 12:48:51.73+01	\N	10	\N	\N	\N	\N
price_01KHR06AQH64SRN55PGRBNPM01	\N	pset_01KHR06AQHY287CW6BFK1VE83F	usd	{"value": "15", "precision": 20}	0	2026-02-18 10:09:41.747+01	2026-03-12 12:48:51.785+01	2026-03-12 12:48:51.73+01	\N	15	\N	\N	\N	\N
price_01KHR06AQHHYJMYNPYTFV8C0QW	\N	pset_01KHR06AQJRVY5H5FFZ8R4BFKE	eur	{"value": "10", "precision": 20}	0	2026-02-18 10:09:41.747+01	2026-03-12 12:48:51.8+01	2026-03-12 12:48:51.73+01	\N	10	\N	\N	\N	\N
price_01KHR06AQJX6SXZRK9W36BRXF4	\N	pset_01KHR06AQJRVY5H5FFZ8R4BFKE	usd	{"value": "15", "precision": 20}	0	2026-02-18 10:09:41.747+01	2026-03-12 12:48:51.8+01	2026-03-12 12:48:51.73+01	\N	15	\N	\N	\N	\N
price_01KHR06AQH4JQ62CKNS8B9F73H	\N	pset_01KHR06AQHD6GHPANNCMJQDH7G	eur	{"value": "10", "precision": 20}	0	2026-02-18 10:09:41.747+01	2026-03-12 12:48:54.609+01	2026-03-12 12:48:54.556+01	\N	10	\N	\N	\N	\N
price_01KHR06AQH21A2AAEA8ZTYQTDD	\N	pset_01KHR06AQHD6GHPANNCMJQDH7G	usd	{"value": "15", "precision": 20}	0	2026-02-18 10:09:41.747+01	2026-03-12 12:48:54.609+01	2026-03-12 12:48:54.556+01	\N	15	\N	\N	\N	\N
price_01KHR06AQEJBZKPMWJPR1EGB5H	\N	pset_01KHR06AQE2NH6WB4FEFBF4Q8Z	usd	{"value": "15", "precision": 20}	0	2026-02-18 10:09:41.746+01	2026-03-12 12:49:00.748+01	2026-03-12 12:49:00.699+01	\N	15	\N	\N	\N	\N
price_01KHR06AQEBT2PPP9ZW6DD10PM	\N	pset_01KHR06AQE44WW72T7F88ZAVXW	eur	{"value": "10", "precision": 20}	0	2026-02-18 10:09:41.746+01	2026-03-12 12:49:00.762+01	2026-03-12 12:49:00.699+01	\N	10	\N	\N	\N	\N
price_01KHR06AQEH53WP7YPQJDQVVE1	\N	pset_01KHR06AQE44WW72T7F88ZAVXW	usd	{"value": "15", "precision": 20}	0	2026-02-18 10:09:41.746+01	2026-03-12 12:49:00.762+01	2026-03-12 12:49:00.699+01	\N	15	\N	\N	\N	\N
price_01KHR06AQF6VJGDT8SERF28PQ1	\N	pset_01KHR06AQFYBFXF1VK1JSGGEB7	eur	{"value": "10", "precision": 20}	0	2026-02-18 10:09:41.746+01	2026-03-12 12:49:00.772+01	2026-03-12 12:49:00.699+01	\N	10	\N	\N	\N	\N
price_01KHR06AQFNKPSQXMQJXN51DD9	\N	pset_01KHR06AQFYBFXF1VK1JSGGEB7	usd	{"value": "15", "precision": 20}	0	2026-02-18 10:09:41.746+01	2026-03-12 12:49:00.772+01	2026-03-12 12:49:00.699+01	\N	15	\N	\N	\N	\N
price_01KHR06AQFHRT4NC8A6T5NPN7W	\N	pset_01KHR06AQF7GYACQX11WYK2N8S	eur	{"value": "10", "precision": 20}	0	2026-02-18 10:09:41.746+01	2026-03-12 12:49:00.785+01	2026-03-12 12:49:00.699+01	\N	10	\N	\N	\N	\N
price_01KHR06AQFEM0A2HMDH4RR4PB6	\N	pset_01KHR06AQF7GYACQX11WYK2N8S	usd	{"value": "15", "precision": 20}	0	2026-02-18 10:09:41.746+01	2026-03-12 12:49:00.785+01	2026-03-12 12:49:00.699+01	\N	15	\N	\N	\N	\N
price_01KHR06AQFGKWJ42Y0KRSDTWHD	\N	pset_01KHR06AQFEQG6KMK7RMFP43EX	eur	{"value": "10", "precision": 20}	0	2026-02-18 10:09:41.746+01	2026-03-12 12:49:00.798+01	2026-03-12 12:49:00.699+01	\N	10	\N	\N	\N	\N
price_01KHR06AQFB2HC4Z6QHD2VVT8F	\N	pset_01KHR06AQFEQG6KMK7RMFP43EX	usd	{"value": "15", "precision": 20}	0	2026-02-18 10:09:41.747+01	2026-03-12 12:49:00.798+01	2026-03-12 12:49:00.699+01	\N	15	\N	\N	\N	\N
price_01KKGY53BCY6B4RXX6VQEHGZ4M	\N	pset_01KKGY53BD8F54YD24DKQWB921	eur	{"value": "3000", "precision": 20}	0	2026-03-12 12:50:46.895+01	2026-03-12 12:50:46.895+01	\N	\N	3000	\N	\N	\N	\N
price_01KKGY53BDA1QMXEJ3WFF7JS6K	\N	pset_01KKGY53BD8F54YD24DKQWB921	eur	{"value": "3000", "precision": 20}	1	2026-03-12 12:50:46.895+01	2026-03-12 12:50:46.895+01	\N	\N	3000	\N	\N	\N	\N
price_01KKGY53BD8NDX4CMNN61YNZZF	\N	pset_01KKGY53BDQA61GXCSTZADDE49	eur	{"value": "5000", "precision": 20}	0	2026-03-12 12:50:46.895+01	2026-03-12 12:50:46.895+01	\N	\N	5000	\N	\N	\N	\N
price_01KKGY53BDCDHJ6DVPWW3M6Z49	\N	pset_01KKGY53BDQA61GXCSTZADDE49	eur	{"value": "5000", "precision": 20}	1	2026-03-12 12:50:46.895+01	2026-03-12 12:50:46.895+01	\N	\N	5000	\N	\N	\N	\N
price_01KKGY53BDNRH30X99Z3YHM842	\N	pset_01KKGY53BERN5R1JVSN24024VX	eur	{"value": "12000", "precision": 20}	0	2026-03-12 12:50:46.895+01	2026-03-12 12:50:46.895+01	\N	\N	12000	\N	\N	\N	\N
price_01KKGY53BEAK12DH2H95XPFWWB	\N	pset_01KKGY53BERN5R1JVSN24024VX	eur	{"value": "12000", "precision": 20}	1	2026-03-12 12:50:46.895+01	2026-03-12 12:50:46.895+01	\N	\N	12000	\N	\N	\N	\N
\.


--
-- Data for Name: price_list; Type: TABLE DATA; Schema: public; Owner: biomket
--

COPY public.price_list (id, status, starts_at, ends_at, rules_count, title, description, type, created_at, updated_at, deleted_at) FROM stdin;
\.


--
-- Data for Name: price_list_rule; Type: TABLE DATA; Schema: public; Owner: biomket
--

COPY public.price_list_rule (id, price_list_id, created_at, updated_at, deleted_at, value, attribute) FROM stdin;
\.


--
-- Data for Name: price_preference; Type: TABLE DATA; Schema: public; Owner: biomket
--

COPY public.price_preference (id, attribute, value, is_tax_inclusive, created_at, updated_at, deleted_at) FROM stdin;
prpref_01KHR065GH3SFQTGEBERGXPAFJ	currency_code	eur	f	2026-02-18 10:09:36.401+01	2026-02-18 10:09:36.401+01	\N
prpref_01KHR06ADMT1GTMDGE9NFW0EWK	region_id	reg_01KHR06ACFBR6CGN33WGPFPJ65	f	2026-02-18 10:09:41.429+01	2026-02-18 10:09:41.429+01	\N
prpref_01KJ4J4VEJ1K0X7Q01PHA0M41K	currency_code	usd	f	2026-02-23 07:14:20.882+01	2026-02-23 07:14:20.882+01	\N
\.


--
-- Data for Name: price_rule; Type: TABLE DATA; Schema: public; Owner: biomket
--

COPY public.price_rule (id, value, priority, price_id, created_at, updated_at, deleted_at, attribute, operator) FROM stdin;
prule_01KHR06AHBTPZ4PHND92ZN8BQY	reg_01KHR06ACFBR6CGN33WGPFPJ65	0	price_01KHR06AHBKXT1VJE6NHDY06MT	2026-02-18 10:09:41.548+01	2026-02-18 10:09:41.548+01	\N	region_id	eq
prule_01KHR06AHCKSM4GNNPRWP44AJW	reg_01KHR06ACFBR6CGN33WGPFPJ65	0	price_01KHR06AHC893WZ25C0N0TN2AV	2026-02-18 10:09:41.549+01	2026-02-18 10:09:41.549+01	\N	region_id	eq
prule_01KKGY53BC8HZJRJG4QXSVC7QV	reg_01KHR06ACFBR6CGN33WGPFPJ65	0	price_01KKGY53BDA1QMXEJ3WFF7JS6K	2026-03-12 12:50:46.895+01	2026-03-12 12:50:46.895+01	\N	region_id	eq
prule_01KKGY53BDP6N4SYYG880DY168	reg_01KHR06ACFBR6CGN33WGPFPJ65	0	price_01KKGY53BDCDHJ6DVPWW3M6Z49	2026-03-12 12:50:46.895+01	2026-03-12 12:50:46.895+01	\N	region_id	eq
prule_01KKGY53BEHYVMFZEEN7BKAQRP	reg_01KHR06ACFBR6CGN33WGPFPJ65	0	price_01KKGY53BEAK12DH2H95XPFWWB	2026-03-12 12:50:46.895+01	2026-03-12 12:50:46.895+01	\N	region_id	eq
\.


--
-- Data for Name: price_set; Type: TABLE DATA; Schema: public; Owner: biomket
--

COPY public.price_set (id, created_at, updated_at, deleted_at) FROM stdin;
pset_01KHR06AHBHW0TCAFWJ4ANFZHE	2026-02-18 10:09:41.548+01	2026-02-18 10:09:41.548+01	\N
pset_01KHR06AHCM19DJZ359VCGWRGB	2026-02-18 10:09:41.548+01	2026-02-18 10:09:41.548+01	\N
pset_01KHR3QA58EVW64NKCM68QH9YV	2026-02-18 11:11:23.944+01	2026-02-18 11:15:53.303+01	2026-02-18 11:15:53.303+01
pset_01KHR7D06V8PW2VRA3MZXCQPZJ	2026-02-18 12:15:40.379+01	2026-03-12 11:30:47.507+01	2026-03-12 11:30:47.506+01
pset_01KKGVC5JANNFM1NR09EZBXJG4	2026-03-12 12:02:12.81+01	2026-03-12 12:02:12.81+01	\N
pset_01KHR06AQHC33V82YKHCDD957V	2026-02-18 10:09:41.746+01	2026-03-12 12:48:51.73+01	2026-03-12 12:48:51.73+01
pset_01KHR06AQHTM58ZH615FTZ4861	2026-02-18 10:09:41.746+01	2026-03-12 12:48:51.765+01	2026-03-12 12:48:51.73+01
pset_01KHR06AQHY287CW6BFK1VE83F	2026-02-18 10:09:41.746+01	2026-03-12 12:48:51.778+01	2026-03-12 12:48:51.73+01
pset_01KHR06AQJRVY5H5FFZ8R4BFKE	2026-02-18 10:09:41.746+01	2026-03-12 12:48:51.793+01	2026-03-12 12:48:51.73+01
pset_01KHR06AQGEGDFFSRPYHDTESZ6	2026-02-18 10:09:41.746+01	2026-03-12 12:48:54.556+01	2026-03-12 12:48:54.556+01
pset_01KHR06AQGZENWAGB6094JW27K	2026-02-18 10:09:41.746+01	2026-03-12 12:48:54.574+01	2026-03-12 12:48:54.556+01
pset_01KHR06AQHEAAH1F99DBC9XWQK	2026-02-18 10:09:41.746+01	2026-03-12 12:48:54.591+01	2026-03-12 12:48:54.556+01
pset_01KHR06AQHD6GHPANNCMJQDH7G	2026-02-18 10:09:41.746+01	2026-03-12 12:48:54.604+01	2026-03-12 12:48:54.556+01
pset_01KHR06AQFM5K3BXWRY6KKTK2S	2026-02-18 10:09:41.746+01	2026-03-12 12:48:57.605+01	2026-03-12 12:48:57.605+01
pset_01KHR06AQG0BEGZJ6CDCHJA23R	2026-02-18 10:09:41.746+01	2026-03-12 12:48:57.631+01	2026-03-12 12:48:57.605+01
pset_01KHR06AQGQ10J73BPVQHNVJWE	2026-02-18 10:09:41.746+01	2026-03-12 12:48:57.644+01	2026-03-12 12:48:57.605+01
pset_01KHR06AQG51FZ221Z2W7NG8NN	2026-02-18 10:09:41.746+01	2026-03-12 12:48:57.66+01	2026-03-12 12:48:57.605+01
pset_01KHR06AQDCW70NBSJNFTJZY4E	2026-02-18 10:09:41.746+01	2026-03-12 12:49:00.699+01	2026-03-12 12:49:00.699+01
pset_01KHR06AQEREP9BVCV2H537WTN	2026-02-18 10:09:41.746+01	2026-03-12 12:49:00.72+01	2026-03-12 12:49:00.699+01
pset_01KHR06AQE2AV8XF24CH37XAXE	2026-02-18 10:09:41.746+01	2026-03-12 12:49:00.731+01	2026-03-12 12:49:00.699+01
pset_01KHR06AQE2NH6WB4FEFBF4Q8Z	2026-02-18 10:09:41.746+01	2026-03-12 12:49:00.742+01	2026-03-12 12:49:00.699+01
pset_01KHR06AQE44WW72T7F88ZAVXW	2026-02-18 10:09:41.746+01	2026-03-12 12:49:00.755+01	2026-03-12 12:49:00.699+01
pset_01KHR06AQFYBFXF1VK1JSGGEB7	2026-02-18 10:09:41.746+01	2026-03-12 12:49:00.768+01	2026-03-12 12:49:00.699+01
pset_01KHR06AQF7GYACQX11WYK2N8S	2026-02-18 10:09:41.746+01	2026-03-12 12:49:00.78+01	2026-03-12 12:49:00.699+01
pset_01KHR06AQFEQG6KMK7RMFP43EX	2026-02-18 10:09:41.746+01	2026-03-12 12:49:00.793+01	2026-03-12 12:49:00.699+01
pset_01KKGY53BD8F54YD24DKQWB921	2026-03-12 12:50:46.894+01	2026-03-12 12:50:46.894+01	\N
pset_01KKGY53BDQA61GXCSTZADDE49	2026-03-12 12:50:46.894+01	2026-03-12 12:50:46.894+01	\N
pset_01KKGY53BERN5R1JVSN24024VX	2026-03-12 12:50:46.895+01	2026-03-12 12:50:46.895+01	\N
\.


--
-- Data for Name: product; Type: TABLE DATA; Schema: public; Owner: biomket
--

COPY public.product (id, title, handle, subtitle, description, is_giftcard, status, thumbnail, weight, length, height, width, origin_country, hs_code, mid_code, material, collection_id, type_id, discountable, external_id, created_at, updated_at, deleted_at, metadata) FROM stdin;
prod_01KHR3QA2XDCPPBMPFK45KKH34	testProduct	testproduct			f	published	\N	\N	\N	\N	\N	\N	\N	\N	\N	\N	\N	t	\N	2026-02-18 11:11:23.872+01	2026-02-18 11:15:53.277+01	2026-02-18 11:15:53.275+01	\N
prod_01KHR06AKQBWMZQDKM336Y6HFB	Medusa Shorts	shorts	\N	Reimagine the feeling of classic shorts. With our cotton shorts, everyday essentials no longer have to be ordinary.	f	published	https://medusa-public-images.s3.eu-west-1.amazonaws.com/shorts-vintage-front.png	400	\N	\N	\N	\N	\N	\N	\N	\N	\N	t	\N	2026-02-18 10:09:41.63+01	2026-03-12 12:48:51.693+01	2026-03-12 12:48:51.692+01	\N
prod_01KHR06AKQDMAN8QQRS4E07ZT8	Medusa Sweatpants	sweatpants	\N	Reimagine the feeling of classic sweatpants. With our cotton sweatpants, everyday essentials no longer have to be ordinary.	f	published	https://medusa-public-images.s3.eu-west-1.amazonaws.com/sweatpants-gray-front.png	400	\N	\N	\N	\N	\N	\N	\N	\N	\N	t	\N	2026-02-18 10:09:41.63+01	2026-03-12 12:48:54.538+01	2026-03-12 12:48:54.538+01	\N
prod_01KHR06AKQDRQ7VRRW3R5F3Z0T	Medusa Sweatshirt	sweatshirt	\N	Reimagine the feeling of a classic sweatshirt. With our cotton sweatshirt, everyday essentials no longer have to be ordinary.	f	published	https://medusa-public-images.s3.eu-west-1.amazonaws.com/sweatshirt-vintage-front.png	400	\N	\N	\N	\N	\N	\N	\N	\N	\N	t	\N	2026-02-18 10:09:41.63+01	2026-03-12 12:48:57.582+01	2026-03-12 12:48:57.581+01	\N
prod_01KHR06AKQYY80J14ZJVH6GEN7	Medusa T-Shirt	t-shirt	\N	Reimagine the feeling of a classic T-shirt. With our cotton T-shirts, everyday essentials no longer have to be ordinary.	f	published	https://medusa-public-images.s3.eu-west-1.amazonaws.com/tee-black-front.png	400	\N	\N	\N	\N	\N	\N	\N	\N	\N	t	\N	2026-02-18 10:09:41.629+01	2026-03-12 12:49:00.667+01	2026-03-12 12:49:00.667+01	\N
prod_01KHR7D0562FZ8W0Q6KG73WK03	test	test	t	tesdfd	f	published	https://biomket1.yourwebdemo.co.in/static/1771413340313-image.jpg	\N	\N	\N	\N	\N	\N	\N	\N	\N	\N	t	\N	2026-02-18 12:15:40.329+01	2026-03-12 11:30:47.479+01	2026-03-12 11:30:47.475+01	\N
prod_01KKGVC5DV5MDRVHGSVGVF9QMF	Organic Manure Compost	organic-manure-compost	\N	High-quality organic compost derived from livestock manure. Ideal for biogas production, composting facilities, and organic fertilizer manufacturing. Consistent quality with regular supply availability.	f	published	https://biomket1.yourwebdemo.co.in/static/1773314488636-image.png	\N	\N	\N	\N	\N	\N	\N	\N	\N	\N	t	\N	2026-03-12 12:02:12.67+01	2026-03-12 12:41:37.268+01	\N	{"Waste Type": "Animal Feces & Urine", "Availability": "In Stock", "Nitrogen (N)": "1.8-2.5%", "Organic Matter": "60-70%", "Potassium (K2O)": "2.0-2.8%", "Product Location": "Valencia, Spain Province of Valencia", "Supply Frequency": "Monthly Recurring", "Phosphorus (P2O5)": "1.2-1.8%", "Available Quantity": "500 tons/month", "technical_sheet_url": "/admin/upload/sample.pdf", "technical_sheet_type": "application/pdf", "recommended_applications": ["Biogas production plants", "Soil amendment operations", "Industrial composting facilities", "Organic fertilizer manufacturing"], "technical_sheet_filename": "sample.pdf", "technical_specifications": {"Code": "02 01 06 - Animal feces, urine and manure", "pH Level": "7.5 - 8.5", "Organic Matter": "≥ 60%", "Physical State": "Solid / Semi-solid", "Moisture Content": "35-45%", "Storage Requirements": "Covered outdoor storage", "Waste Classification": "Animal Waste - Non-hazardous"}}
\.


--
-- Data for Name: product_category; Type: TABLE DATA; Schema: public; Owner: biomket
--

COPY public.product_category (id, name, description, handle, mpath, is_active, is_internal, rank, parent_category_id, created_at, updated_at, deleted_at, metadata) FROM stdin;
pcat_01KHR06AKCG4M0SMRHDQ3QDE8G	Shirts		shirts	pcat_01KHR06AKCG4M0SMRHDQ3QDE8G	t	f	0	\N	2026-02-18 10:09:41.613+01	2026-02-18 10:09:41.613+01	\N	\N
pcat_01KHR06AKC71YSTRFERHN1EEV0	Sweatshirts		sweatshirts	pcat_01KHR06AKC71YSTRFERHN1EEV0	t	f	1	\N	2026-02-18 10:09:41.613+01	2026-02-18 10:09:41.613+01	\N	\N
pcat_01KHR06AKDX285J9XEYCNJ2R5R	Pants		pants	pcat_01KHR06AKDX285J9XEYCNJ2R5R	t	f	2	\N	2026-02-18 10:09:41.613+01	2026-02-18 10:09:41.613+01	\N	\N
pcat_01KHR06AKD1PNRSGV5S0VA0PNY	Merch		merch	pcat_01KHR06AKD1PNRSGV5S0VA0PNY	t	f	3	\N	2026-02-18 10:09:41.613+01	2026-02-18 10:09:41.613+01	\N	\N
pcat_01KKGV13KRBPWFR91F4YGEZSYD	ABP Category 3		abp-category-3	pcat_01KKGV13KRBPWFR91F4YGEZSYD	t	f	4	\N	2026-03-12 11:56:10.36+01	2026-03-12 11:56:10.36+01	\N	\N
pcat_01KKGV1N09PSJT2ZR2H5SHZHD5	Digestate		digestate	pcat_01KKGV1N09PSJT2ZR2H5SHZHD5	t	f	5	\N	2026-03-12 11:56:28.17+01	2026-03-12 11:56:28.17+01	\N	\N
pcat_01KKGV201SAE2BVJFMD7J4NJRY	Sewage Sludge		sewage-sludge	pcat_01KKGV201SAE2BVJFMD7J4NJRY	t	f	6	\N	2026-03-12 11:56:39.482+01	2026-03-12 11:56:39.482+01	\N	\N
pcat_01KKGV2D3XE13D7XECDBD2N573	OFMSW		ofmsw	pcat_01KKGV2D3XE13D7XECDBD2N573	t	f	7	\N	2026-03-12 11:56:52.862+01	2026-03-12 11:56:52.862+01	\N	\N
pcat_01KKGV2VD5MVF1QVAB8YS01CPV	Forestry Waste		forestry-waste	pcat_01KKGV2VD5MVF1QVAB8YS01CPV	t	f	8	\N	2026-03-12 11:57:07.493+01	2026-03-12 11:57:07.493+01	\N	\N
pcat_01KKGV36FQH6P3ZFS88MWJVNE4	Agricultural Waste		agricultural-waste	pcat_01KKGV36FQH6P3ZFS88MWJVNE4	t	f	9	\N	2026-03-12 11:57:18.839+01	2026-03-12 11:57:18.839+01	\N	\N
pcat_01KKGV40PRDCBHHZWDXGVBNV30	Livestock Waste		livestock-waste	pcat_01KKGV40PRDCBHHZWDXGVBNV30	t	f	10	\N	2026-03-12 11:57:45.688+01	2026-03-12 11:57:45.688+01	\N	\N
\.


--
-- Data for Name: product_category_product; Type: TABLE DATA; Schema: public; Owner: biomket
--

COPY public.product_category_product (product_id, product_category_id) FROM stdin;
prod_01KHR06AKQYY80J14ZJVH6GEN7	pcat_01KHR06AKCG4M0SMRHDQ3QDE8G
prod_01KHR06AKQDRQ7VRRW3R5F3Z0T	pcat_01KHR06AKC71YSTRFERHN1EEV0
prod_01KHR06AKQDMAN8QQRS4E07ZT8	pcat_01KHR06AKDX285J9XEYCNJ2R5R
prod_01KHR06AKQBWMZQDKM336Y6HFB	pcat_01KHR06AKD1PNRSGV5S0VA0PNY
prod_01KKGVC5DV5MDRVHGSVGVF9QMF	pcat_01KKGV40PRDCBHHZWDXGVBNV30
\.


--
-- Data for Name: product_collection; Type: TABLE DATA; Schema: public; Owner: biomket
--

COPY public.product_collection (id, title, handle, metadata, created_at, updated_at, deleted_at) FROM stdin;
\.


--
-- Data for Name: product_option; Type: TABLE DATA; Schema: public; Owner: biomket
--

COPY public.product_option (id, title, product_id, metadata, created_at, updated_at, deleted_at) FROM stdin;
opt_01KHR3QA2Z2HJ7HDZN1EB68P2R	Default option	prod_01KHR3QA2XDCPPBMPFK45KKH34	\N	2026-02-18 11:11:23.873+01	2026-02-18 11:15:53.297+01	2026-02-18 11:15:53.275+01
opt_01KHR7D057GRMG5MWE275VFHRA	Default option	prod_01KHR7D0562FZ8W0Q6KG73WK03	\N	2026-02-18 12:15:40.329+01	2026-03-12 11:30:47.515+01	2026-03-12 11:30:47.475+01
opt_01KKGVC5DXZYPX5FRHN0X57K5B	Default option	prod_01KKGVC5DV5MDRVHGSVGVF9QMF	\N	2026-03-12 12:02:12.67+01	2026-03-12 12:02:12.67+01	\N
opt_01KHR06AKWDFBEA25ZP1M6BR45	Size	prod_01KHR06AKQBWMZQDKM336Y6HFB	\N	2026-02-18 10:09:41.63+01	2026-03-12 12:48:51.725+01	2026-03-12 12:48:51.692+01
opt_01KHR06AKW540AEBBH4K0HE8RA	Size	prod_01KHR06AKQDMAN8QQRS4E07ZT8	\N	2026-02-18 10:09:41.63+01	2026-03-12 12:48:54.562+01	2026-03-12 12:48:54.538+01
opt_01KHR06AKVFF46DGW93N95D982	Size	prod_01KHR06AKQDRQ7VRRW3R5F3Z0T	\N	2026-02-18 10:09:41.63+01	2026-03-12 12:48:57.598+01	2026-03-12 12:48:57.581+01
opt_01KHR06AKSC7N22XE3524PS8QT	Size	prod_01KHR06AKQYY80J14ZJVH6GEN7	\N	2026-02-18 10:09:41.63+01	2026-03-12 12:49:00.689+01	2026-03-12 12:49:00.667+01
opt_01KHR06AKT3D25EYST12QPX50Q	Color	prod_01KHR06AKQYY80J14ZJVH6GEN7	\N	2026-02-18 10:09:41.63+01	2026-03-12 12:49:00.689+01	2026-03-12 12:49:00.667+01
\.


--
-- Data for Name: product_option_value; Type: TABLE DATA; Schema: public; Owner: biomket
--

COPY public.product_option_value (id, value, option_id, metadata, created_at, updated_at, deleted_at) FROM stdin;
optval_01KHR3QA2Z9YA9JH85C116MH34	Default option value	opt_01KHR3QA2Z2HJ7HDZN1EB68P2R	\N	2026-02-18 11:11:23.873+01	2026-02-18 11:15:53.306+01	2026-02-18 11:15:53.275+01
optval_01KHR7D057F69N9VE6ATFG0846	Default option value	opt_01KHR7D057GRMG5MWE275VFHRA	\N	2026-02-18 12:15:40.329+01	2026-03-12 11:30:47.533+01	2026-03-12 11:30:47.475+01
optval_01KKGVC5DXFVYRHSYYSPMTJA6Q	Default option value	opt_01KKGVC5DXZYPX5FRHN0X57K5B	\N	2026-03-12 12:02:12.67+01	2026-03-12 12:02:12.67+01	\N
optval_01KHR06AKWZH3F1MPZX5XD716N	S	opt_01KHR06AKWDFBEA25ZP1M6BR45	\N	2026-02-18 10:09:41.63+01	2026-03-12 12:48:51.751+01	2026-03-12 12:48:51.692+01
optval_01KHR06AKWP2M4EAHRN1C72PM2	M	opt_01KHR06AKWDFBEA25ZP1M6BR45	\N	2026-02-18 10:09:41.63+01	2026-03-12 12:48:51.751+01	2026-03-12 12:48:51.692+01
optval_01KHR06AKWD1ST87ECBQG94GMV	L	opt_01KHR06AKWDFBEA25ZP1M6BR45	\N	2026-02-18 10:09:41.63+01	2026-03-12 12:48:51.751+01	2026-03-12 12:48:51.692+01
optval_01KHR06AKWJKPBWJ9D255J4307	XL	opt_01KHR06AKWDFBEA25ZP1M6BR45	\N	2026-02-18 10:09:41.63+01	2026-03-12 12:48:51.751+01	2026-03-12 12:48:51.692+01
optval_01KHR06AKW9GGF0JQSEXQBGKAG	S	opt_01KHR06AKW540AEBBH4K0HE8RA	\N	2026-02-18 10:09:41.63+01	2026-03-12 12:48:54.58+01	2026-03-12 12:48:54.538+01
optval_01KHR06AKW826KC5C3TR40S1Z7	M	opt_01KHR06AKW540AEBBH4K0HE8RA	\N	2026-02-18 10:09:41.63+01	2026-03-12 12:48:54.58+01	2026-03-12 12:48:54.538+01
optval_01KHR06AKWGF07FPGFM7ZK3HGQ	L	opt_01KHR06AKW540AEBBH4K0HE8RA	\N	2026-02-18 10:09:41.63+01	2026-03-12 12:48:54.58+01	2026-03-12 12:48:54.538+01
optval_01KHR06AKWRZK3TTZWD2AK60QS	XL	opt_01KHR06AKW540AEBBH4K0HE8RA	\N	2026-02-18 10:09:41.63+01	2026-03-12 12:48:54.58+01	2026-03-12 12:48:54.538+01
optval_01KHR06AKVS0GNP1KS827HJHTG	S	opt_01KHR06AKVFF46DGW93N95D982	\N	2026-02-18 10:09:41.63+01	2026-03-12 12:48:57.613+01	2026-03-12 12:48:57.581+01
optval_01KHR06AKVFWE06A57XY23VKG7	M	opt_01KHR06AKVFF46DGW93N95D982	\N	2026-02-18 10:09:41.63+01	2026-03-12 12:48:57.613+01	2026-03-12 12:48:57.581+01
optval_01KHR06AKVSVZX913VH47AY9NF	L	opt_01KHR06AKVFF46DGW93N95D982	\N	2026-02-18 10:09:41.63+01	2026-03-12 12:48:57.613+01	2026-03-12 12:48:57.581+01
optval_01KHR06AKVEPWZ57WKTTQGGT9Q	XL	opt_01KHR06AKVFF46DGW93N95D982	\N	2026-02-18 10:09:41.63+01	2026-03-12 12:48:57.613+01	2026-03-12 12:48:57.581+01
optval_01KHR06AKSGYA4QNQ55DSYZ4EB	S	opt_01KHR06AKSC7N22XE3524PS8QT	\N	2026-02-18 10:09:41.63+01	2026-03-12 12:49:00.707+01	2026-03-12 12:49:00.667+01
optval_01KHR06AKSP9DM70QXMAHS9730	M	opt_01KHR06AKSC7N22XE3524PS8QT	\N	2026-02-18 10:09:41.63+01	2026-03-12 12:49:00.707+01	2026-03-12 12:49:00.667+01
optval_01KHR06AKSSE3YNNMBQFS8CQHR	L	opt_01KHR06AKSC7N22XE3524PS8QT	\N	2026-02-18 10:09:41.63+01	2026-03-12 12:49:00.707+01	2026-03-12 12:49:00.667+01
optval_01KHR06AKS1DAHRHH3ADASVVJD	XL	opt_01KHR06AKSC7N22XE3524PS8QT	\N	2026-02-18 10:09:41.63+01	2026-03-12 12:49:00.707+01	2026-03-12 12:49:00.667+01
optval_01KHR06AKS36NNTWYJYZMWTEDS	Black	opt_01KHR06AKT3D25EYST12QPX50Q	\N	2026-02-18 10:09:41.63+01	2026-03-12 12:49:00.707+01	2026-03-12 12:49:00.667+01
optval_01KHR06AKS09V7C9DDC0NFA197	White	opt_01KHR06AKT3D25EYST12QPX50Q	\N	2026-02-18 10:09:41.63+01	2026-03-12 12:49:00.707+01	2026-03-12 12:49:00.667+01
\.


--
-- Data for Name: product_product_waste_waste_attribute; Type: TABLE DATA; Schema: public; Owner: biomket
--

COPY public.product_product_waste_waste_attribute (product_id, waste_attribute_id, id, created_at, updated_at, deleted_at) FROM stdin;
prod_01KKGVC5DV5MDRVHGSVGVF9QMF	01KKGVQ9GA8GTWZBN4A642WAQA	link_01KKGVQ9GPM8DJ1YWSKSQZRZ8C	2026-03-12 12:08:17.302092+01	2026-03-12 12:08:17.302092+01	\N
\.


--
-- Data for Name: product_sales_channel; Type: TABLE DATA; Schema: public; Owner: biomket
--

COPY public.product_sales_channel (product_id, sales_channel_id, id, created_at, updated_at, deleted_at) FROM stdin;
prod_01KHR3QA2XDCPPBMPFK45KKH34	sc_01KHR065FHBMN74HAYAXNYR64M	prodsc_01KHR3QA3NFC5SH0KRRRGHCNZ0	2026-02-18 11:11:23.89374+01	2026-02-18 11:15:53.284+01	2026-02-18 11:15:53.284+01
prod_01KHR7D0562FZ8W0Q6KG73WK03	sc_01KHR065FHBMN74HAYAXNYR64M	prodsc_01KHR7D05RTWSP4JNJR8D971M7	2026-02-18 12:15:40.344601+01	2026-03-12 11:30:47.487+01	2026-03-12 11:30:47.485+01
prod_01KKGVC5DV5MDRVHGSVGVF9QMF	sc_01KHR065FHBMN74HAYAXNYR64M	prodsc_01KKGVC5F7ZW7A1MAG3RQJ2KZM	2026-03-12 12:02:12.710093+01	2026-03-12 12:02:12.710093+01	\N
prod_01KHR06AKQBWMZQDKM336Y6HFB	sc_01KHR065FHBMN74HAYAXNYR64M	prodsc_01KHR06AMTX7Q75MMZ42G97HFA	2026-02-18 10:09:41.657603+01	2026-03-12 12:48:51.701+01	2026-03-12 12:48:51.7+01
prod_01KHR06AKQDMAN8QQRS4E07ZT8	sc_01KHR065FHBMN74HAYAXNYR64M	prodsc_01KHR06AMS0JEHWYRT18NNW5JA	2026-02-18 10:09:41.657603+01	2026-03-12 12:48:54.544+01	2026-03-12 12:48:54.543+01
prod_01KHR06AKQDRQ7VRRW3R5F3Z0T	sc_01KHR065FHBMN74HAYAXNYR64M	prodsc_01KHR06AMS54AK525XA81F6NSA	2026-02-18 10:09:41.657603+01	2026-03-12 12:48:57.587+01	2026-03-12 12:48:57.586+01
prod_01KHR06AKQYY80J14ZJVH6GEN7	sc_01KHR065FHBMN74HAYAXNYR64M	prodsc_01KHR06AMSD7F68Y3HWF25KZX9	2026-02-18 10:09:41.657603+01	2026-03-12 12:49:00.669+01	2026-03-12 12:49:00.669+01
\.


--
-- Data for Name: product_shipping_profile; Type: TABLE DATA; Schema: public; Owner: biomket
--

COPY public.product_shipping_profile (product_id, shipping_profile_id, id, created_at, updated_at, deleted_at) FROM stdin;
prod_01KKGVC5DV5MDRVHGSVGVF9QMF	sp_01KHQVJXQNA3H68YS4PSBZW71A	prodsp_01KKGVC5FVD4Q82EMB79T1KTXZ	2026-03-12 12:02:12.730905+01	2026-03-12 12:02:12.730905+01	\N
prod_01KHR06AKQBWMZQDKM336Y6HFB	sp_01KHQVJXQNA3H68YS4PSBZW71A	prodsp_01KHR06AN60GAXPD6C574NA31N	2026-02-18 10:09:41.669701+01	2026-03-12 12:48:51.705+01	2026-03-12 12:48:51.703+01
prod_01KHR06AKQDMAN8QQRS4E07ZT8	sp_01KHQVJXQNA3H68YS4PSBZW71A	prodsp_01KHR06AN6391XJAPRKDW7F5AF	2026-02-18 10:09:41.669701+01	2026-03-12 12:48:54.546+01	2026-03-12 12:48:54.545+01
prod_01KHR06AKQDRQ7VRRW3R5F3Z0T	sp_01KHQVJXQNA3H68YS4PSBZW71A	prodsp_01KHR06AN5KYV310NMHTA60G9G	2026-02-18 10:09:41.669701+01	2026-03-12 12:48:57.589+01	2026-03-12 12:48:57.588+01
prod_01KHR06AKQYY80J14ZJVH6GEN7	sp_01KHQVJXQNA3H68YS4PSBZW71A	prodsp_01KHR06AN5YHG8NBSZSBTEWR9P	2026-02-18 10:09:41.669701+01	2026-03-12 12:49:00.672+01	2026-03-12 12:49:00.672+01
\.


--
-- Data for Name: product_tag; Type: TABLE DATA; Schema: public; Owner: biomket
--

COPY public.product_tag (id, value, metadata, created_at, updated_at, deleted_at) FROM stdin;
ptag_01KKGTY1PW17KJFRTHQ4EWH09X	ISO 14001	\N	2026-03-12 11:54:30.109+01	2026-03-12 11:54:30.109+01	\N
ptag_01KKGTYEX439M40BEZJDWE9N95	Organic Certified	\N	2026-03-12 11:54:43.621+01	2026-03-12 11:54:43.621+01	\N
ptag_01KKGTYYCG6N3R1N5AHQ79G4HP	Quality Assured	\N	2026-03-12 11:54:59.472+01	2026-03-12 11:54:59.472+01	\N
\.


--
-- Data for Name: product_tags; Type: TABLE DATA; Schema: public; Owner: biomket
--

COPY public.product_tags (product_id, product_tag_id) FROM stdin;
prod_01KKGVC5DV5MDRVHGSVGVF9QMF	ptag_01KKGTYYCG6N3R1N5AHQ79G4HP
\.


--
-- Data for Name: product_type; Type: TABLE DATA; Schema: public; Owner: biomket
--

COPY public.product_type (id, value, metadata, created_at, updated_at, deleted_at) FROM stdin;
\.


--
-- Data for Name: product_variant; Type: TABLE DATA; Schema: public; Owner: biomket
--

COPY public.product_variant (id, title, sku, barcode, ean, upc, allow_backorder, manage_inventory, hs_code, origin_country, mid_code, material, weight, length, height, width, metadata, variant_rank, product_id, created_at, updated_at, deleted_at, thumbnail) FROM stdin;
variant_01KHR3QA4K9G2QMVXEMMRP57A5	Default variant	\N	\N	\N	\N	f	f	\N	\N	\N	\N	\N	\N	\N	\N	\N	0	prod_01KHR3QA2XDCPPBMPFK45KKH34	2026-02-18 11:11:23.923+01	2026-02-18 11:15:53.297+01	2026-02-18 11:15:53.275+01	\N
variant_01KHR7D06C4S6D41ZEHW3605DQ	Default variant	\N	\N	\N	\N	f	f	\N	\N	\N	\N	\N	\N	\N	\N	\N	0	prod_01KHR7D0562FZ8W0Q6KG73WK03	2026-02-18 12:15:40.364+01	2026-03-12 11:30:47.514+01	2026-03-12 11:30:47.475+01	\N
variant_01KKGVC5GW8294W9CTFA2JQAQ3	Default	02-01-06	\N	\N	\N	f	t	\N	\N	\N	\N	\N	\N	\N	\N	\N	0	prod_01KKGVC5DV5MDRVHGSVGVF9QMF	2026-03-12 12:02:12.764+01	2026-03-12 12:02:12.764+01	\N	\N
variant_01KHR06ANYH18M1132J9T5BKMG	S	SHORTS-S	\N	\N	\N	f	t	\N	\N	\N	\N	\N	\N	\N	\N	\N	0	prod_01KHR06AKQBWMZQDKM336Y6HFB	2026-02-18 10:09:41.696+01	2026-03-12 12:48:51.725+01	2026-03-12 12:48:51.692+01	\N
variant_01KHR06ANZBHJBWSTRN7RSKE00	M	SHORTS-M	\N	\N	\N	f	t	\N	\N	\N	\N	\N	\N	\N	\N	\N	0	prod_01KHR06AKQBWMZQDKM336Y6HFB	2026-02-18 10:09:41.696+01	2026-03-12 12:48:51.725+01	2026-03-12 12:48:51.692+01	\N
variant_01KHR06ANZJG6SDCAGCEW0WSE9	L	SHORTS-L	\N	\N	\N	f	t	\N	\N	\N	\N	\N	\N	\N	\N	\N	0	prod_01KHR06AKQBWMZQDKM336Y6HFB	2026-02-18 10:09:41.696+01	2026-03-12 12:48:51.725+01	2026-03-12 12:48:51.692+01	\N
variant_01KHR06ANZK2BRYTDM0DVH557F	XL	SHORTS-XL	\N	\N	\N	f	t	\N	\N	\N	\N	\N	\N	\N	\N	\N	0	prod_01KHR06AKQBWMZQDKM336Y6HFB	2026-02-18 10:09:41.696+01	2026-03-12 12:48:51.725+01	2026-03-12 12:48:51.692+01	\N
variant_01KHR06ANY2YH4SQPVGAN0RXF7	S	SWEATPANTS-S	\N	\N	\N	f	t	\N	\N	\N	\N	\N	\N	\N	\N	\N	0	prod_01KHR06AKQDMAN8QQRS4E07ZT8	2026-02-18 10:09:41.696+01	2026-03-12 12:48:54.562+01	2026-03-12 12:48:54.538+01	\N
variant_01KHR06ANYE41S109PBPKEJHWD	M	SWEATPANTS-M	\N	\N	\N	f	t	\N	\N	\N	\N	\N	\N	\N	\N	\N	0	prod_01KHR06AKQDMAN8QQRS4E07ZT8	2026-02-18 10:09:41.696+01	2026-03-12 12:48:54.562+01	2026-03-12 12:48:54.538+01	\N
variant_01KHR06ANYMEGZK7V9RRACB92J	L	SWEATPANTS-L	\N	\N	\N	f	t	\N	\N	\N	\N	\N	\N	\N	\N	\N	0	prod_01KHR06AKQDMAN8QQRS4E07ZT8	2026-02-18 10:09:41.696+01	2026-03-12 12:48:54.562+01	2026-03-12 12:48:54.538+01	\N
variant_01KHR06ANYV0Y4KFANSDGJ7XWK	XL	SWEATPANTS-XL	\N	\N	\N	f	t	\N	\N	\N	\N	\N	\N	\N	\N	\N	0	prod_01KHR06AKQDMAN8QQRS4E07ZT8	2026-02-18 10:09:41.696+01	2026-03-12 12:48:54.562+01	2026-03-12 12:48:54.538+01	\N
variant_01KHR06ANXDT3FX4HZJG9V3C40	S	SWEATSHIRT-S	\N	\N	\N	f	t	\N	\N	\N	\N	\N	\N	\N	\N	\N	0	prod_01KHR06AKQDRQ7VRRW3R5F3Z0T	2026-02-18 10:09:41.696+01	2026-03-12 12:48:57.597+01	2026-03-12 12:48:57.581+01	\N
variant_01KHR06ANYBYKYXH9MNF8SW5XB	M	SWEATSHIRT-M	\N	\N	\N	f	t	\N	\N	\N	\N	\N	\N	\N	\N	\N	0	prod_01KHR06AKQDRQ7VRRW3R5F3Z0T	2026-02-18 10:09:41.696+01	2026-03-12 12:48:57.598+01	2026-03-12 12:48:57.581+01	\N
variant_01KHR06ANY33QAWES4G46GY76D	L	SWEATSHIRT-L	\N	\N	\N	f	t	\N	\N	\N	\N	\N	\N	\N	\N	\N	0	prod_01KHR06AKQDRQ7VRRW3R5F3Z0T	2026-02-18 10:09:41.696+01	2026-03-12 12:48:57.598+01	2026-03-12 12:48:57.581+01	\N
variant_01KHR06ANYJT4AWX0TD2F3DBJ3	XL	SWEATSHIRT-XL	\N	\N	\N	f	t	\N	\N	\N	\N	\N	\N	\N	\N	\N	0	prod_01KHR06AKQDRQ7VRRW3R5F3Z0T	2026-02-18 10:09:41.696+01	2026-03-12 12:48:57.598+01	2026-03-12 12:48:57.581+01	\N
variant_01KHR06ANWBC2RBEAKD9NGM3TP	S / Black	SHIRT-S-BLACK	\N	\N	\N	f	t	\N	\N	\N	\N	\N	\N	\N	\N	\N	0	prod_01KHR06AKQYY80J14ZJVH6GEN7	2026-02-18 10:09:41.695+01	2026-03-12 12:49:00.688+01	2026-03-12 12:49:00.667+01	\N
variant_01KHR06ANW7FBZWPJ6XX6E5M7A	S / White	SHIRT-S-WHITE	\N	\N	\N	f	t	\N	\N	\N	\N	\N	\N	\N	\N	\N	0	prod_01KHR06AKQYY80J14ZJVH6GEN7	2026-02-18 10:09:41.696+01	2026-03-12 12:49:00.688+01	2026-03-12 12:49:00.667+01	\N
variant_01KHR06ANXE5BSBRJ0GS3V9MDE	M / Black	SHIRT-M-BLACK	\N	\N	\N	f	t	\N	\N	\N	\N	\N	\N	\N	\N	\N	0	prod_01KHR06AKQYY80J14ZJVH6GEN7	2026-02-18 10:09:41.696+01	2026-03-12 12:49:00.688+01	2026-03-12 12:49:00.667+01	\N
variant_01KHR06ANXNNXAC32Q4EC2CC9X	M / White	SHIRT-M-WHITE	\N	\N	\N	f	t	\N	\N	\N	\N	\N	\N	\N	\N	\N	0	prod_01KHR06AKQYY80J14ZJVH6GEN7	2026-02-18 10:09:41.696+01	2026-03-12 12:49:00.688+01	2026-03-12 12:49:00.667+01	\N
variant_01KHR06ANXPYEPX97NWJWASQNR	L / Black	SHIRT-L-BLACK	\N	\N	\N	f	t	\N	\N	\N	\N	\N	\N	\N	\N	\N	0	prod_01KHR06AKQYY80J14ZJVH6GEN7	2026-02-18 10:09:41.696+01	2026-03-12 12:49:00.688+01	2026-03-12 12:49:00.667+01	\N
variant_01KHR06ANX3TWVWCKWEZZ9JS71	L / White	SHIRT-L-WHITE	\N	\N	\N	f	t	\N	\N	\N	\N	\N	\N	\N	\N	\N	0	prod_01KHR06AKQYY80J14ZJVH6GEN7	2026-02-18 10:09:41.696+01	2026-03-12 12:49:00.688+01	2026-03-12 12:49:00.667+01	\N
variant_01KHR06ANX6MPYDJBCQZZCD4N6	XL / Black	SHIRT-XL-BLACK	\N	\N	\N	f	t	\N	\N	\N	\N	\N	\N	\N	\N	\N	0	prod_01KHR06AKQYY80J14ZJVH6GEN7	2026-02-18 10:09:41.696+01	2026-03-12 12:49:00.688+01	2026-03-12 12:49:00.667+01	\N
variant_01KHR06ANX9H1FM0TBY2XGVGGC	XL / White	SHIRT-XL-WHITE	\N	\N	\N	f	t	\N	\N	\N	\N	\N	\N	\N	\N	\N	0	prod_01KHR06AKQYY80J14ZJVH6GEN7	2026-02-18 10:09:41.696+01	2026-03-12 12:49:00.688+01	2026-03-12 12:49:00.667+01	\N
\.


--
-- Data for Name: product_variant_inventory_item; Type: TABLE DATA; Schema: public; Owner: biomket
--

COPY public.product_variant_inventory_item (variant_id, inventory_item_id, id, required_quantity, created_at, updated_at, deleted_at) FROM stdin;
variant_01KKGVC5GW8294W9CTFA2JQAQ3	iitem_01KKGVC5HBVMHA9VMVGDF1R8VA	pvitem_01KKGVC5HWXB2GM0F79TCXPW8Z	1	2026-03-12 12:02:12.796392+01	2026-03-12 12:02:12.796392+01	\N
variant_01KHR06ANYH18M1132J9T5BKMG	iitem_01KHR06APKC29088K5TYZQAVM5	pvitem_01KHR06AQ3H2KEQRYWFGP5ZHZS	1	2026-02-18 10:09:41.730031+01	2026-03-12 12:48:51.67+01	2026-03-12 12:48:51.668+01
variant_01KHR06ANZBHJBWSTRN7RSKE00	iitem_01KHR06APKCAZ95GRV0120DPBA	pvitem_01KHR06AQ358C9F511RP0F9JAB	1	2026-02-18 10:09:41.730031+01	2026-03-12 12:48:51.67+01	2026-03-12 12:48:51.668+01
variant_01KHR06ANZJG6SDCAGCEW0WSE9	iitem_01KHR06APKT9XXMAWM2VGRXZAZ	pvitem_01KHR06AQ3C8CEP50M0932AXKB	1	2026-02-18 10:09:41.730031+01	2026-03-12 12:48:51.67+01	2026-03-12 12:48:51.668+01
variant_01KHR06ANZK2BRYTDM0DVH557F	iitem_01KHR06APK6TG2AGKH6GQS50E0	pvitem_01KHR06AQ3F86Y6SNKJWQP75YQ	1	2026-02-18 10:09:41.730031+01	2026-03-12 12:48:51.67+01	2026-03-12 12:48:51.668+01
variant_01KHR06ANY2YH4SQPVGAN0RXF7	iitem_01KHR06APKYFVTBQCH499WTJ13	pvitem_01KHR06AQ3K9NXTKSPSE0CM96B	1	2026-02-18 10:09:41.730031+01	2026-03-12 12:48:54.519+01	2026-03-12 12:48:54.518+01
variant_01KHR06ANYE41S109PBPKEJHWD	iitem_01KHR06APKRG3RC0PPE6T0FWMY	pvitem_01KHR06AQ3J094B6XTTNBJVSC2	1	2026-02-18 10:09:41.730031+01	2026-03-12 12:48:54.519+01	2026-03-12 12:48:54.518+01
variant_01KHR06ANYMEGZK7V9RRACB92J	iitem_01KHR06APK8K6N9CJ1GGHFN6Q5	pvitem_01KHR06AQ37R207M19JE8SJSFJ	1	2026-02-18 10:09:41.730031+01	2026-03-12 12:48:54.519+01	2026-03-12 12:48:54.518+01
variant_01KHR06ANYV0Y4KFANSDGJ7XWK	iitem_01KHR06APKJVEDC1BAN18HGJK5	pvitem_01KHR06AQ36GJ6XZS8YTFZTC91	1	2026-02-18 10:09:41.730031+01	2026-03-12 12:48:54.519+01	2026-03-12 12:48:54.518+01
variant_01KHR06ANXDT3FX4HZJG9V3C40	iitem_01KHR06APJ2G2SFDDQX6RC4WQN	pvitem_01KHR06AQ24JRT0853HCCHWE6G	1	2026-02-18 10:09:41.730031+01	2026-03-12 12:48:57.561+01	2026-03-12 12:48:57.561+01
variant_01KHR06ANYBYKYXH9MNF8SW5XB	iitem_01KHR06APKVFFQYT0JKWC8GQ2S	pvitem_01KHR06AQ2A8YYYN4BQ8E8RWBR	1	2026-02-18 10:09:41.730031+01	2026-03-12 12:48:57.561+01	2026-03-12 12:48:57.561+01
variant_01KHR06ANY33QAWES4G46GY76D	iitem_01KHR06APKKH2QFPTJ04KJ6D20	pvitem_01KHR06AQ36VD2HH00C22T2NH8	1	2026-02-18 10:09:41.730031+01	2026-03-12 12:48:57.561+01	2026-03-12 12:48:57.561+01
variant_01KHR06ANYJT4AWX0TD2F3DBJ3	iitem_01KHR06APKVC4S3PAJ73HT7PZM	pvitem_01KHR06AQ3D07QDYP919V8WJH4	1	2026-02-18 10:09:41.730031+01	2026-03-12 12:48:57.561+01	2026-03-12 12:48:57.561+01
variant_01KHR06ANWBC2RBEAKD9NGM3TP	iitem_01KHR06APJY2ST97MMCEHNRMXK	pvitem_01KHR06AQ1EC1AQQHSDS18BNP6	1	2026-02-18 10:09:41.730031+01	2026-03-12 12:49:00.65+01	2026-03-12 12:49:00.649+01
variant_01KHR06ANW7FBZWPJ6XX6E5M7A	iitem_01KHR06APJ9AYB3JAFBB7YKE0E	pvitem_01KHR06AQ2FFWJHFJZKSD6CGKJ	1	2026-02-18 10:09:41.730031+01	2026-03-12 12:49:00.65+01	2026-03-12 12:49:00.649+01
variant_01KHR06ANXE5BSBRJ0GS3V9MDE	iitem_01KHR06APJC2C16554MJ9DTDQ6	pvitem_01KHR06AQ2ZTE3R4QFXTJ3VGJ9	1	2026-02-18 10:09:41.730031+01	2026-03-12 12:49:00.65+01	2026-03-12 12:49:00.649+01
variant_01KHR06ANXNNXAC32Q4EC2CC9X	iitem_01KHR06APJGQ64AGY2EGPHXDAA	pvitem_01KHR06AQ2Q3XZWSE4QJ94TZE4	1	2026-02-18 10:09:41.730031+01	2026-03-12 12:49:00.65+01	2026-03-12 12:49:00.649+01
variant_01KHR06ANXPYEPX97NWJWASQNR	iitem_01KHR06APJJRGQP33GENPSVPF8	pvitem_01KHR06AQ2ATMJKZ1XFYETT2AN	1	2026-02-18 10:09:41.730031+01	2026-03-12 12:49:00.65+01	2026-03-12 12:49:00.649+01
variant_01KHR06ANX3TWVWCKWEZZ9JS71	iitem_01KHR06APJSB6XFAPPWRWFCBH8	pvitem_01KHR06AQ2F10E6WAYH63CX39Q	1	2026-02-18 10:09:41.730031+01	2026-03-12 12:49:00.65+01	2026-03-12 12:49:00.649+01
variant_01KHR06ANX6MPYDJBCQZZCD4N6	iitem_01KHR06APJTBYSW7ADMDNG6J1Z	pvitem_01KHR06AQ2HND3XHCTCQMY13GD	1	2026-02-18 10:09:41.730031+01	2026-03-12 12:49:00.65+01	2026-03-12 12:49:00.649+01
variant_01KHR06ANX9H1FM0TBY2XGVGGC	iitem_01KHR06APJ7CNMKTW0GYPQBPRM	pvitem_01KHR06AQ2VWMJ7M940AYT7X9Q	1	2026-02-18 10:09:41.730031+01	2026-03-12 12:49:00.65+01	2026-03-12 12:49:00.649+01
\.


--
-- Data for Name: product_variant_option; Type: TABLE DATA; Schema: public; Owner: biomket
--

COPY public.product_variant_option (variant_id, option_value_id) FROM stdin;
variant_01KHR06ANWBC2RBEAKD9NGM3TP	optval_01KHR06AKSGYA4QNQ55DSYZ4EB
variant_01KHR06ANWBC2RBEAKD9NGM3TP	optval_01KHR06AKS36NNTWYJYZMWTEDS
variant_01KHR06ANW7FBZWPJ6XX6E5M7A	optval_01KHR06AKSGYA4QNQ55DSYZ4EB
variant_01KHR06ANW7FBZWPJ6XX6E5M7A	optval_01KHR06AKS09V7C9DDC0NFA197
variant_01KHR06ANXE5BSBRJ0GS3V9MDE	optval_01KHR06AKSP9DM70QXMAHS9730
variant_01KHR06ANXE5BSBRJ0GS3V9MDE	optval_01KHR06AKS36NNTWYJYZMWTEDS
variant_01KHR06ANXNNXAC32Q4EC2CC9X	optval_01KHR06AKSP9DM70QXMAHS9730
variant_01KHR06ANXNNXAC32Q4EC2CC9X	optval_01KHR06AKS09V7C9DDC0NFA197
variant_01KHR06ANXPYEPX97NWJWASQNR	optval_01KHR06AKSSE3YNNMBQFS8CQHR
variant_01KHR06ANXPYEPX97NWJWASQNR	optval_01KHR06AKS36NNTWYJYZMWTEDS
variant_01KHR06ANX3TWVWCKWEZZ9JS71	optval_01KHR06AKSSE3YNNMBQFS8CQHR
variant_01KHR06ANX3TWVWCKWEZZ9JS71	optval_01KHR06AKS09V7C9DDC0NFA197
variant_01KHR06ANX6MPYDJBCQZZCD4N6	optval_01KHR06AKS1DAHRHH3ADASVVJD
variant_01KHR06ANX6MPYDJBCQZZCD4N6	optval_01KHR06AKS36NNTWYJYZMWTEDS
variant_01KHR06ANX9H1FM0TBY2XGVGGC	optval_01KHR06AKS1DAHRHH3ADASVVJD
variant_01KHR06ANX9H1FM0TBY2XGVGGC	optval_01KHR06AKS09V7C9DDC0NFA197
variant_01KHR06ANXDT3FX4HZJG9V3C40	optval_01KHR06AKVS0GNP1KS827HJHTG
variant_01KHR06ANYBYKYXH9MNF8SW5XB	optval_01KHR06AKVFWE06A57XY23VKG7
variant_01KHR06ANY33QAWES4G46GY76D	optval_01KHR06AKVSVZX913VH47AY9NF
variant_01KHR06ANYJT4AWX0TD2F3DBJ3	optval_01KHR06AKVEPWZ57WKTTQGGT9Q
variant_01KHR06ANY2YH4SQPVGAN0RXF7	optval_01KHR06AKW9GGF0JQSEXQBGKAG
variant_01KHR06ANYE41S109PBPKEJHWD	optval_01KHR06AKW826KC5C3TR40S1Z7
variant_01KHR06ANYMEGZK7V9RRACB92J	optval_01KHR06AKWGF07FPGFM7ZK3HGQ
variant_01KHR06ANYV0Y4KFANSDGJ7XWK	optval_01KHR06AKWRZK3TTZWD2AK60QS
variant_01KHR06ANYH18M1132J9T5BKMG	optval_01KHR06AKWZH3F1MPZX5XD716N
variant_01KHR06ANZBHJBWSTRN7RSKE00	optval_01KHR06AKWP2M4EAHRN1C72PM2
variant_01KHR06ANZJG6SDCAGCEW0WSE9	optval_01KHR06AKWD1ST87ECBQG94GMV
variant_01KHR06ANZK2BRYTDM0DVH557F	optval_01KHR06AKWJKPBWJ9D255J4307
variant_01KHR3QA4K9G2QMVXEMMRP57A5	optval_01KHR3QA2Z9YA9JH85C116MH34
variant_01KHR7D06C4S6D41ZEHW3605DQ	optval_01KHR7D057F69N9VE6ATFG0846
variant_01KKGVC5GW8294W9CTFA2JQAQ3	optval_01KKGVC5DXFVYRHSYYSPMTJA6Q
\.


--
-- Data for Name: product_variant_price_set; Type: TABLE DATA; Schema: public; Owner: biomket
--

COPY public.product_variant_price_set (variant_id, price_set_id, id, created_at, updated_at, deleted_at) FROM stdin;
variant_01KHR3QA4K9G2QMVXEMMRP57A5	pset_01KHR3QA58EVW64NKCM68QH9YV	pvps_01KHR3QA5Y3FRXGFR5YNN3SPT6	2026-02-18 11:11:23.967307+01	2026-02-18 11:15:53.283+01	2026-02-18 11:15:53.282+01
variant_01KHR7D06C4S6D41ZEHW3605DQ	pset_01KHR7D06V8PW2VRA3MZXCQPZJ	pvps_01KHR7D076ERDH9KNKYJG3MSCD	2026-02-18 12:15:40.390338+01	2026-03-12 11:30:47.491+01	2026-03-12 11:30:47.49+01
variant_01KKGVC5GW8294W9CTFA2JQAQ3	pset_01KKGVC5JANNFM1NR09EZBXJG4	pvps_01KKGVC5KQ5ZRR4SBB4Q126HVD	2026-03-12 12:02:12.855344+01	2026-03-12 12:02:12.855344+01	\N
variant_01KHR06ANYH18M1132J9T5BKMG	pset_01KHR06AQHC33V82YKHCDD957V	pvps_01KHR06ARGB6CEGD5TR23ZZRBE	2026-02-18 10:09:41.775423+01	2026-03-12 12:48:51.698+01	2026-03-12 12:48:51.697+01
variant_01KHR06ANZBHJBWSTRN7RSKE00	pset_01KHR06AQHTM58ZH615FTZ4861	pvps_01KHR06ARGH6BTHBFJNEE6V7HD	2026-02-18 10:09:41.775423+01	2026-03-12 12:48:51.698+01	2026-03-12 12:48:51.697+01
variant_01KHR06ANZJG6SDCAGCEW0WSE9	pset_01KHR06AQHY287CW6BFK1VE83F	pvps_01KHR06ARGPKF4WYPFCBAVQP38	2026-02-18 10:09:41.775423+01	2026-03-12 12:48:51.698+01	2026-03-12 12:48:51.697+01
variant_01KHR06ANZK2BRYTDM0DVH557F	pset_01KHR06AQJRVY5H5FFZ8R4BFKE	pvps_01KHR06ARG2BEGCBHG720YJTJ1	2026-02-18 10:09:41.775423+01	2026-03-12 12:48:51.698+01	2026-03-12 12:48:51.697+01
variant_01KHR06ANY2YH4SQPVGAN0RXF7	pset_01KHR06AQGEGDFFSRPYHDTESZ6	pvps_01KHR06ARGQN0JM9XFQWXR64B7	2026-02-18 10:09:41.775423+01	2026-03-12 12:48:54.541+01	2026-03-12 12:48:54.541+01
variant_01KHR06ANYE41S109PBPKEJHWD	pset_01KHR06AQGZENWAGB6094JW27K	pvps_01KHR06ARG18NRBR479CXARCZV	2026-02-18 10:09:41.775423+01	2026-03-12 12:48:54.541+01	2026-03-12 12:48:54.541+01
variant_01KHR06ANYMEGZK7V9RRACB92J	pset_01KHR06AQHEAAH1F99DBC9XWQK	pvps_01KHR06ARGMSVHGAVJ2BF1S39C	2026-02-18 10:09:41.775423+01	2026-03-12 12:48:54.541+01	2026-03-12 12:48:54.541+01
variant_01KHR06ANYV0Y4KFANSDGJ7XWK	pset_01KHR06AQHD6GHPANNCMJQDH7G	pvps_01KHR06ARGQ9BGRXXTEFJ6KPWN	2026-02-18 10:09:41.775423+01	2026-03-12 12:48:54.541+01	2026-03-12 12:48:54.541+01
variant_01KHR06ANXDT3FX4HZJG9V3C40	pset_01KHR06AQFM5K3BXWRY6KKTK2S	pvps_01KHR06ARGN127WKK277BG7YMS	2026-02-18 10:09:41.775423+01	2026-03-12 12:48:57.585+01	2026-03-12 12:48:57.585+01
variant_01KHR06ANYBYKYXH9MNF8SW5XB	pset_01KHR06AQG0BEGZJ6CDCHJA23R	pvps_01KHR06ARGPS57B8SKQTF0E3C3	2026-02-18 10:09:41.775423+01	2026-03-12 12:48:57.585+01	2026-03-12 12:48:57.585+01
variant_01KHR06ANY33QAWES4G46GY76D	pset_01KHR06AQGQ10J73BPVQHNVJWE	pvps_01KHR06ARGTPQ9E3H5MGWAEKP9	2026-02-18 10:09:41.775423+01	2026-03-12 12:48:57.585+01	2026-03-12 12:48:57.585+01
variant_01KHR06ANYJT4AWX0TD2F3DBJ3	pset_01KHR06AQG51FZ221Z2W7NG8NN	pvps_01KHR06ARGDJ7FWVX9H59CFH73	2026-02-18 10:09:41.775423+01	2026-03-12 12:48:57.585+01	2026-03-12 12:48:57.585+01
variant_01KHR06ANWBC2RBEAKD9NGM3TP	pset_01KHR06AQDCW70NBSJNFTJZY4E	pvps_01KHR06ARFHDXVN7F5TFZ1YHST	2026-02-18 10:09:41.775423+01	2026-03-12 12:49:00.671+01	2026-03-12 12:49:00.67+01
variant_01KHR06ANW7FBZWPJ6XX6E5M7A	pset_01KHR06AQEREP9BVCV2H537WTN	pvps_01KHR06ARFDFFGMA5QY6ZXPRH0	2026-02-18 10:09:41.775423+01	2026-03-12 12:49:00.671+01	2026-03-12 12:49:00.67+01
variant_01KHR06ANXE5BSBRJ0GS3V9MDE	pset_01KHR06AQE2AV8XF24CH37XAXE	pvps_01KHR06ARFNBSMVJ082WMR8F07	2026-02-18 10:09:41.775423+01	2026-03-12 12:49:00.671+01	2026-03-12 12:49:00.67+01
variant_01KHR06ANXNNXAC32Q4EC2CC9X	pset_01KHR06AQE2NH6WB4FEFBF4Q8Z	pvps_01KHR06ARF17PKQR9G19FWY1XK	2026-02-18 10:09:41.775423+01	2026-03-12 12:49:00.671+01	2026-03-12 12:49:00.67+01
variant_01KHR06ANXPYEPX97NWJWASQNR	pset_01KHR06AQE44WW72T7F88ZAVXW	pvps_01KHR06ARFXVGT5P8TQ0K79XJZ	2026-02-18 10:09:41.775423+01	2026-03-12 12:49:00.671+01	2026-03-12 12:49:00.67+01
variant_01KHR06ANX3TWVWCKWEZZ9JS71	pset_01KHR06AQFYBFXF1VK1JSGGEB7	pvps_01KHR06ARGBR0CTWHJHTCVMF02	2026-02-18 10:09:41.775423+01	2026-03-12 12:49:00.671+01	2026-03-12 12:49:00.67+01
variant_01KHR06ANX6MPYDJBCQZZCD4N6	pset_01KHR06AQF7GYACQX11WYK2N8S	pvps_01KHR06ARG95HAKBXFJ76DKNX7	2026-02-18 10:09:41.775423+01	2026-03-12 12:49:00.671+01	2026-03-12 12:49:00.67+01
variant_01KHR06ANX9H1FM0TBY2XGVGGC	pset_01KHR06AQFEQG6KMK7RMFP43EX	pvps_01KHR06ARGXA2DV5CZC0TF1SBT	2026-02-18 10:09:41.775423+01	2026-03-12 12:49:00.671+01	2026-03-12 12:49:00.67+01
\.


--
-- Data for Name: product_variant_product_image; Type: TABLE DATA; Schema: public; Owner: biomket
--

COPY public.product_variant_product_image (id, variant_id, image_id, created_at, updated_at, deleted_at) FROM stdin;
\.


--
-- Data for Name: promotion; Type: TABLE DATA; Schema: public; Owner: biomket
--

COPY public.promotion (id, code, campaign_id, is_automatic, type, created_at, updated_at, deleted_at, status, is_tax_inclusive, "limit", used, metadata) FROM stdin;
\.


--
-- Data for Name: promotion_application_method; Type: TABLE DATA; Schema: public; Owner: biomket
--

COPY public.promotion_application_method (id, value, raw_value, max_quantity, apply_to_quantity, buy_rules_min_quantity, type, target_type, allocation, promotion_id, created_at, updated_at, deleted_at, currency_code) FROM stdin;
\.


--
-- Data for Name: promotion_campaign; Type: TABLE DATA; Schema: public; Owner: biomket
--

COPY public.promotion_campaign (id, name, description, campaign_identifier, starts_at, ends_at, created_at, updated_at, deleted_at) FROM stdin;
\.


--
-- Data for Name: promotion_campaign_budget; Type: TABLE DATA; Schema: public; Owner: biomket
--

COPY public.promotion_campaign_budget (id, type, campaign_id, "limit", raw_limit, used, raw_used, created_at, updated_at, deleted_at, currency_code, attribute) FROM stdin;
\.


--
-- Data for Name: promotion_campaign_budget_usage; Type: TABLE DATA; Schema: public; Owner: biomket
--

COPY public.promotion_campaign_budget_usage (id, attribute_value, used, budget_id, raw_used, created_at, updated_at, deleted_at) FROM stdin;
\.


--
-- Data for Name: promotion_promotion_rule; Type: TABLE DATA; Schema: public; Owner: biomket
--

COPY public.promotion_promotion_rule (promotion_id, promotion_rule_id) FROM stdin;
\.


--
-- Data for Name: promotion_rule; Type: TABLE DATA; Schema: public; Owner: biomket
--

COPY public.promotion_rule (id, description, attribute, operator, created_at, updated_at, deleted_at) FROM stdin;
\.


--
-- Data for Name: promotion_rule_value; Type: TABLE DATA; Schema: public; Owner: biomket
--

COPY public.promotion_rule_value (id, promotion_rule_id, value, created_at, updated_at, deleted_at) FROM stdin;
\.




--
-- Data for Name: publishable_api_key_sales_channel; Type: TABLE DATA; Schema: public; Owner: biomket
--

COPY public.publishable_api_key_sales_channel (publishable_key_id, sales_channel_id, id, created_at, updated_at, deleted_at) FROM stdin;
apk_01KHR065GXGW5JTCAGEG5RQN1R	sc_01KHR065FHBMN74HAYAXNYR64M	pksc_01KKGY537C1WB7KASCCRGB7R9Y	2026-02-18 10:09:36.421841+01	2026-02-18 10:09:36.421841+01	\N
\.


--
-- Data for Name: refund; Type: TABLE DATA; Schema: public; Owner: biomket
--

COPY public.refund (id, amount, raw_amount, payment_id, created_at, updated_at, deleted_at, created_by, metadata, refund_reason_id, note) FROM stdin;
\.


--
-- Data for Name: refund_reason; Type: TABLE DATA; Schema: public; Owner: biomket
--

COPY public.refund_reason (id, label, description, metadata, created_at, updated_at, deleted_at, code) FROM stdin;
refr_01KHQVJNP7D2KDXWRMZDYAREY4	Shipping Issue	Refund due to lost, delayed, or misdelivered shipment	\N	2026-02-18 08:49:03.178739+01	2026-02-18 08:49:03.178739+01	\N	shipping_issue
refr_01KHQVJNP71RTMSKV45TD38VEX	Customer Care Adjustment	Refund given as goodwill or compensation for inconvenience	\N	2026-02-18 08:49:03.178739+01	2026-02-18 08:49:03.178739+01	\N	customer_care_adjustment
refr_01KHQVJNP8K9WGAQ9DVP0E6WK5	Pricing Error	Refund to correct an overcharge, missing discount, or incorrect price	\N	2026-02-18 08:49:03.178739+01	2026-02-18 08:49:03.178739+01	\N	pricing_error
\.


--
-- Data for Name: region; Type: TABLE DATA; Schema: public; Owner: biomket
--

COPY public.region (id, name, currency_code, metadata, created_at, updated_at, deleted_at, automatic_taxes) FROM stdin;
reg_01KHR06ACFBR6CGN33WGPFPJ65	Europe	eur	\N	2026-02-18 10:09:41.4+01	2026-02-18 10:09:41.4+01	\N	t
\.


--
-- Data for Name: region_country; Type: TABLE DATA; Schema: public; Owner: biomket
--

COPY public.region_country (iso_2, iso_3, num_code, name, display_name, region_id, metadata, created_at, updated_at, deleted_at) FROM stdin;
af	afg	004	AFGHANISTAN	Afghanistan	\N	\N	2026-02-18 08:49:10.191+01	2026-02-18 08:49:10.192+01	\N
al	alb	008	ALBANIA	Albania	\N	\N	2026-02-18 08:49:10.193+01	2026-02-18 08:49:10.193+01	\N
dz	dza	012	ALGERIA	Algeria	\N	\N	2026-02-18 08:49:10.193+01	2026-02-18 08:49:10.193+01	\N
as	asm	016	AMERICAN SAMOA	American Samoa	\N	\N	2026-02-18 08:49:10.193+01	2026-02-18 08:49:10.193+01	\N
ad	and	020	ANDORRA	Andorra	\N	\N	2026-02-18 08:49:10.193+01	2026-02-18 08:49:10.193+01	\N
ao	ago	024	ANGOLA	Angola	\N	\N	2026-02-18 08:49:10.193+01	2026-02-18 08:49:10.193+01	\N
ai	aia	660	ANGUILLA	Anguilla	\N	\N	2026-02-18 08:49:10.193+01	2026-02-18 08:49:10.193+01	\N
aq	ata	010	ANTARCTICA	Antarctica	\N	\N	2026-02-18 08:49:10.193+01	2026-02-18 08:49:10.193+01	\N
ag	atg	028	ANTIGUA AND BARBUDA	Antigua and Barbuda	\N	\N	2026-02-18 08:49:10.193+01	2026-02-18 08:49:10.193+01	\N
ar	arg	032	ARGENTINA	Argentina	\N	\N	2026-02-18 08:49:10.193+01	2026-02-18 08:49:10.193+01	\N
am	arm	051	ARMENIA	Armenia	\N	\N	2026-02-18 08:49:10.193+01	2026-02-18 08:49:10.193+01	\N
aw	abw	533	ARUBA	Aruba	\N	\N	2026-02-18 08:49:10.193+01	2026-02-18 08:49:10.193+01	\N
au	aus	036	AUSTRALIA	Australia	\N	\N	2026-02-18 08:49:10.193+01	2026-02-18 08:49:10.193+01	\N
at	aut	040	AUSTRIA	Austria	\N	\N	2026-02-18 08:49:10.193+01	2026-02-18 08:49:10.193+01	\N
az	aze	031	AZERBAIJAN	Azerbaijan	\N	\N	2026-02-18 08:49:10.193+01	2026-02-18 08:49:10.193+01	\N
bs	bhs	044	BAHAMAS	Bahamas	\N	\N	2026-02-18 08:49:10.193+01	2026-02-18 08:49:10.193+01	\N
bh	bhr	048	BAHRAIN	Bahrain	\N	\N	2026-02-18 08:49:10.193+01	2026-02-18 08:49:10.193+01	\N
bd	bgd	050	BANGLADESH	Bangladesh	\N	\N	2026-02-18 08:49:10.193+01	2026-02-18 08:49:10.193+01	\N
bb	brb	052	BARBADOS	Barbados	\N	\N	2026-02-18 08:49:10.193+01	2026-02-18 08:49:10.193+01	\N
by	blr	112	BELARUS	Belarus	\N	\N	2026-02-18 08:49:10.193+01	2026-02-18 08:49:10.193+01	\N
be	bel	056	BELGIUM	Belgium	\N	\N	2026-02-18 08:49:10.193+01	2026-02-18 08:49:10.193+01	\N
bz	blz	084	BELIZE	Belize	\N	\N	2026-02-18 08:49:10.193+01	2026-02-18 08:49:10.193+01	\N
bj	ben	204	BENIN	Benin	\N	\N	2026-02-18 08:49:10.193+01	2026-02-18 08:49:10.193+01	\N
bm	bmu	060	BERMUDA	Bermuda	\N	\N	2026-02-18 08:49:10.193+01	2026-02-18 08:49:10.193+01	\N
bt	btn	064	BHUTAN	Bhutan	\N	\N	2026-02-18 08:49:10.193+01	2026-02-18 08:49:10.193+01	\N
bo	bol	068	BOLIVIA	Bolivia	\N	\N	2026-02-18 08:49:10.193+01	2026-02-18 08:49:10.193+01	\N
bq	bes	535	BONAIRE, SINT EUSTATIUS AND SABA	Bonaire, Sint Eustatius and Saba	\N	\N	2026-02-18 08:49:10.193+01	2026-02-18 08:49:10.193+01	\N
ba	bih	070	BOSNIA AND HERZEGOVINA	Bosnia and Herzegovina	\N	\N	2026-02-18 08:49:10.193+01	2026-02-18 08:49:10.193+01	\N
bw	bwa	072	BOTSWANA	Botswana	\N	\N	2026-02-18 08:49:10.193+01	2026-02-18 08:49:10.193+01	\N
bv	bvd	074	BOUVET ISLAND	Bouvet Island	\N	\N	2026-02-18 08:49:10.193+01	2026-02-18 08:49:10.193+01	\N
br	bra	076	BRAZIL	Brazil	\N	\N	2026-02-18 08:49:10.193+01	2026-02-18 08:49:10.193+01	\N
io	iot	086	BRITISH INDIAN OCEAN TERRITORY	British Indian Ocean Territory	\N	\N	2026-02-18 08:49:10.193+01	2026-02-18 08:49:10.193+01	\N
bn	brn	096	BRUNEI DARUSSALAM	Brunei Darussalam	\N	\N	2026-02-18 08:49:10.193+01	2026-02-18 08:49:10.193+01	\N
bg	bgr	100	BULGARIA	Bulgaria	\N	\N	2026-02-18 08:49:10.193+01	2026-02-18 08:49:10.193+01	\N
bf	bfa	854	BURKINA FASO	Burkina Faso	\N	\N	2026-02-18 08:49:10.193+01	2026-02-18 08:49:10.193+01	\N
bi	bdi	108	BURUNDI	Burundi	\N	\N	2026-02-18 08:49:10.193+01	2026-02-18 08:49:10.193+01	\N
kh	khm	116	CAMBODIA	Cambodia	\N	\N	2026-02-18 08:49:10.193+01	2026-02-18 08:49:10.193+01	\N
cm	cmr	120	CAMEROON	Cameroon	\N	\N	2026-02-18 08:49:10.193+01	2026-02-18 08:49:10.193+01	\N
ca	can	124	CANADA	Canada	\N	\N	2026-02-18 08:49:10.193+01	2026-02-18 08:49:10.193+01	\N
cv	cpv	132	CAPE VERDE	Cape Verde	\N	\N	2026-02-18 08:49:10.193+01	2026-02-18 08:49:10.193+01	\N
ky	cym	136	CAYMAN ISLANDS	Cayman Islands	\N	\N	2026-02-18 08:49:10.193+01	2026-02-18 08:49:10.193+01	\N
cf	caf	140	CENTRAL AFRICAN REPUBLIC	Central African Republic	\N	\N	2026-02-18 08:49:10.193+01	2026-02-18 08:49:10.193+01	\N
td	tcd	148	CHAD	Chad	\N	\N	2026-02-18 08:49:10.193+01	2026-02-18 08:49:10.193+01	\N
cl	chl	152	CHILE	Chile	\N	\N	2026-02-18 08:49:10.193+01	2026-02-18 08:49:10.193+01	\N
cn	chn	156	CHINA	China	\N	\N	2026-02-18 08:49:10.193+01	2026-02-18 08:49:10.193+01	\N
cx	cxr	162	CHRISTMAS ISLAND	Christmas Island	\N	\N	2026-02-18 08:49:10.193+01	2026-02-18 08:49:10.193+01	\N
cc	cck	166	COCOS (KEELING) ISLANDS	Cocos (Keeling) Islands	\N	\N	2026-02-18 08:49:10.193+01	2026-02-18 08:49:10.193+01	\N
co	col	170	COLOMBIA	Colombia	\N	\N	2026-02-18 08:49:10.193+01	2026-02-18 08:49:10.193+01	\N
km	com	174	COMOROS	Comoros	\N	\N	2026-02-18 08:49:10.193+01	2026-02-18 08:49:10.193+01	\N
cg	cog	178	CONGO	Congo	\N	\N	2026-02-18 08:49:10.193+01	2026-02-18 08:49:10.193+01	\N
cd	cod	180	CONGO, THE DEMOCRATIC REPUBLIC OF THE	Congo, the Democratic Republic of the	\N	\N	2026-02-18 08:49:10.194+01	2026-02-18 08:49:10.194+01	\N
ck	cok	184	COOK ISLANDS	Cook Islands	\N	\N	2026-02-18 08:49:10.194+01	2026-02-18 08:49:10.194+01	\N
cr	cri	188	COSTA RICA	Costa Rica	\N	\N	2026-02-18 08:49:10.194+01	2026-02-18 08:49:10.194+01	\N
ci	civ	384	COTE D'IVOIRE	Cote D'Ivoire	\N	\N	2026-02-18 08:49:10.194+01	2026-02-18 08:49:10.194+01	\N
hr	hrv	191	CROATIA	Croatia	\N	\N	2026-02-18 08:49:10.194+01	2026-02-18 08:49:10.194+01	\N
cu	cub	192	CUBA	Cuba	\N	\N	2026-02-18 08:49:10.194+01	2026-02-18 08:49:10.194+01	\N
cw	cuw	531	CURAÇAO	Curaçao	\N	\N	2026-02-18 08:49:10.194+01	2026-02-18 08:49:10.194+01	\N
cy	cyp	196	CYPRUS	Cyprus	\N	\N	2026-02-18 08:49:10.194+01	2026-02-18 08:49:10.194+01	\N
cz	cze	203	CZECH REPUBLIC	Czech Republic	\N	\N	2026-02-18 08:49:10.194+01	2026-02-18 08:49:10.194+01	\N
dj	dji	262	DJIBOUTI	Djibouti	\N	\N	2026-02-18 08:49:10.194+01	2026-02-18 08:49:10.194+01	\N
dm	dma	212	DOMINICA	Dominica	\N	\N	2026-02-18 08:49:10.194+01	2026-02-18 08:49:10.194+01	\N
do	dom	214	DOMINICAN REPUBLIC	Dominican Republic	\N	\N	2026-02-18 08:49:10.194+01	2026-02-18 08:49:10.194+01	\N
ec	ecu	218	ECUADOR	Ecuador	\N	\N	2026-02-18 08:49:10.194+01	2026-02-18 08:49:10.194+01	\N
eg	egy	818	EGYPT	Egypt	\N	\N	2026-02-18 08:49:10.194+01	2026-02-18 08:49:10.194+01	\N
sv	slv	222	EL SALVADOR	El Salvador	\N	\N	2026-02-18 08:49:10.194+01	2026-02-18 08:49:10.194+01	\N
gq	gnq	226	EQUATORIAL GUINEA	Equatorial Guinea	\N	\N	2026-02-18 08:49:10.194+01	2026-02-18 08:49:10.194+01	\N
er	eri	232	ERITREA	Eritrea	\N	\N	2026-02-18 08:49:10.194+01	2026-02-18 08:49:10.194+01	\N
ee	est	233	ESTONIA	Estonia	\N	\N	2026-02-18 08:49:10.194+01	2026-02-18 08:49:10.194+01	\N
et	eth	231	ETHIOPIA	Ethiopia	\N	\N	2026-02-18 08:49:10.194+01	2026-02-18 08:49:10.194+01	\N
fk	flk	238	FALKLAND ISLANDS (MALVINAS)	Falkland Islands (Malvinas)	\N	\N	2026-02-18 08:49:10.194+01	2026-02-18 08:49:10.194+01	\N
fo	fro	234	FAROE ISLANDS	Faroe Islands	\N	\N	2026-02-18 08:49:10.194+01	2026-02-18 08:49:10.194+01	\N
fj	fji	242	FIJI	Fiji	\N	\N	2026-02-18 08:49:10.194+01	2026-02-18 08:49:10.194+01	\N
fi	fin	246	FINLAND	Finland	\N	\N	2026-02-18 08:49:10.194+01	2026-02-18 08:49:10.194+01	\N
gf	guf	254	FRENCH GUIANA	French Guiana	\N	\N	2026-02-18 08:49:10.194+01	2026-02-18 08:49:10.194+01	\N
pf	pyf	258	FRENCH POLYNESIA	French Polynesia	\N	\N	2026-02-18 08:49:10.194+01	2026-02-18 08:49:10.194+01	\N
tf	atf	260	FRENCH SOUTHERN TERRITORIES	French Southern Territories	\N	\N	2026-02-18 08:49:10.194+01	2026-02-18 08:49:10.194+01	\N
ga	gab	266	GABON	Gabon	\N	\N	2026-02-18 08:49:10.194+01	2026-02-18 08:49:10.194+01	\N
gm	gmb	270	GAMBIA	Gambia	\N	\N	2026-02-18 08:49:10.194+01	2026-02-18 08:49:10.194+01	\N
ge	geo	268	GEORGIA	Georgia	\N	\N	2026-02-18 08:49:10.194+01	2026-02-18 08:49:10.194+01	\N
gh	gha	288	GHANA	Ghana	\N	\N	2026-02-18 08:49:10.194+01	2026-02-18 08:49:10.194+01	\N
gi	gib	292	GIBRALTAR	Gibraltar	\N	\N	2026-02-18 08:49:10.194+01	2026-02-18 08:49:10.194+01	\N
gr	grc	300	GREECE	Greece	\N	\N	2026-02-18 08:49:10.194+01	2026-02-18 08:49:10.194+01	\N
gl	grl	304	GREENLAND	Greenland	\N	\N	2026-02-18 08:49:10.194+01	2026-02-18 08:49:10.194+01	\N
gd	grd	308	GRENADA	Grenada	\N	\N	2026-02-18 08:49:10.194+01	2026-02-18 08:49:10.194+01	\N
gp	glp	312	GUADELOUPE	Guadeloupe	\N	\N	2026-02-18 08:49:10.194+01	2026-02-18 08:49:10.194+01	\N
gu	gum	316	GUAM	Guam	\N	\N	2026-02-18 08:49:10.194+01	2026-02-18 08:49:10.194+01	\N
gt	gtm	320	GUATEMALA	Guatemala	\N	\N	2026-02-18 08:49:10.194+01	2026-02-18 08:49:10.194+01	\N
gg	ggy	831	GUERNSEY	Guernsey	\N	\N	2026-02-18 08:49:10.194+01	2026-02-18 08:49:10.194+01	\N
gn	gin	324	GUINEA	Guinea	\N	\N	2026-02-18 08:49:10.194+01	2026-02-18 08:49:10.194+01	\N
gw	gnb	624	GUINEA-BISSAU	Guinea-Bissau	\N	\N	2026-02-18 08:49:10.194+01	2026-02-18 08:49:10.194+01	\N
gy	guy	328	GUYANA	Guyana	\N	\N	2026-02-18 08:49:10.194+01	2026-02-18 08:49:10.194+01	\N
ht	hti	332	HAITI	Haiti	\N	\N	2026-02-18 08:49:10.194+01	2026-02-18 08:49:10.194+01	\N
hm	hmd	334	HEARD ISLAND AND MCDONALD ISLANDS	Heard Island And Mcdonald Islands	\N	\N	2026-02-18 08:49:10.194+01	2026-02-18 08:49:10.194+01	\N
va	vat	336	HOLY SEE (VATICAN CITY STATE)	Holy See (Vatican City State)	\N	\N	2026-02-18 08:49:10.194+01	2026-02-18 08:49:10.194+01	\N
hn	hnd	340	HONDURAS	Honduras	\N	\N	2026-02-18 08:49:10.194+01	2026-02-18 08:49:10.194+01	\N
hk	hkg	344	HONG KONG	Hong Kong	\N	\N	2026-02-18 08:49:10.194+01	2026-02-18 08:49:10.194+01	\N
hu	hun	348	HUNGARY	Hungary	\N	\N	2026-02-18 08:49:10.194+01	2026-02-18 08:49:10.194+01	\N
is	isl	352	ICELAND	Iceland	\N	\N	2026-02-18 08:49:10.194+01	2026-02-18 08:49:10.194+01	\N
in	ind	356	INDIA	India	\N	\N	2026-02-18 08:49:10.194+01	2026-02-18 08:49:10.194+01	\N
id	idn	360	INDONESIA	Indonesia	\N	\N	2026-02-18 08:49:10.194+01	2026-02-18 08:49:10.194+01	\N
ir	irn	364	IRAN, ISLAMIC REPUBLIC OF	Iran, Islamic Republic of	\N	\N	2026-02-18 08:49:10.194+01	2026-02-18 08:49:10.194+01	\N
iq	irq	368	IRAQ	Iraq	\N	\N	2026-02-18 08:49:10.194+01	2026-02-18 08:49:10.194+01	\N
ie	irl	372	IRELAND	Ireland	\N	\N	2026-02-18 08:49:10.194+01	2026-02-18 08:49:10.194+01	\N
im	imn	833	ISLE OF MAN	Isle Of Man	\N	\N	2026-02-18 08:49:10.194+01	2026-02-18 08:49:10.194+01	\N
il	isr	376	ISRAEL	Israel	\N	\N	2026-02-18 08:49:10.194+01	2026-02-18 08:49:10.194+01	\N
jm	jam	388	JAMAICA	Jamaica	\N	\N	2026-02-18 08:49:10.194+01	2026-02-18 08:49:10.194+01	\N
jp	jpn	392	JAPAN	Japan	\N	\N	2026-02-18 08:49:10.194+01	2026-02-18 08:49:10.194+01	\N
je	jey	832	JERSEY	Jersey	\N	\N	2026-02-18 08:49:10.194+01	2026-02-18 08:49:10.194+01	\N
jo	jor	400	JORDAN	Jordan	\N	\N	2026-02-18 08:49:10.194+01	2026-02-18 08:49:10.194+01	\N
kz	kaz	398	KAZAKHSTAN	Kazakhstan	\N	\N	2026-02-18 08:49:10.194+01	2026-02-18 08:49:10.194+01	\N
ke	ken	404	KENYA	Kenya	\N	\N	2026-02-18 08:49:10.194+01	2026-02-18 08:49:10.194+01	\N
ki	kir	296	KIRIBATI	Kiribati	\N	\N	2026-02-18 08:49:10.194+01	2026-02-18 08:49:10.194+01	\N
kp	prk	408	KOREA, DEMOCRATIC PEOPLE'S REPUBLIC OF	Korea, Democratic People's Republic of	\N	\N	2026-02-18 08:49:10.194+01	2026-02-18 08:49:10.194+01	\N
kr	kor	410	KOREA, REPUBLIC OF	Korea, Republic of	\N	\N	2026-02-18 08:49:10.194+01	2026-02-18 08:49:10.194+01	\N
xk	xkx	900	KOSOVO	Kosovo	\N	\N	2026-02-18 08:49:10.194+01	2026-02-18 08:49:10.194+01	\N
kw	kwt	414	KUWAIT	Kuwait	\N	\N	2026-02-18 08:49:10.194+01	2026-02-18 08:49:10.194+01	\N
kg	kgz	417	KYRGYZSTAN	Kyrgyzstan	\N	\N	2026-02-18 08:49:10.194+01	2026-02-18 08:49:10.194+01	\N
la	lao	418	LAO PEOPLE'S DEMOCRATIC REPUBLIC	Lao People's Democratic Republic	\N	\N	2026-02-18 08:49:10.194+01	2026-02-18 08:49:10.194+01	\N
lv	lva	428	LATVIA	Latvia	\N	\N	2026-02-18 08:49:10.194+01	2026-02-18 08:49:10.194+01	\N
lb	lbn	422	LEBANON	Lebanon	\N	\N	2026-02-18 08:49:10.194+01	2026-02-18 08:49:10.194+01	\N
ls	lso	426	LESOTHO	Lesotho	\N	\N	2026-02-18 08:49:10.194+01	2026-02-18 08:49:10.194+01	\N
lr	lbr	430	LIBERIA	Liberia	\N	\N	2026-02-18 08:49:10.194+01	2026-02-18 08:49:10.194+01	\N
ly	lby	434	LIBYA	Libya	\N	\N	2026-02-18 08:49:10.194+01	2026-02-18 08:49:10.194+01	\N
li	lie	438	LIECHTENSTEIN	Liechtenstein	\N	\N	2026-02-18 08:49:10.194+01	2026-02-18 08:49:10.194+01	\N
lt	ltu	440	LITHUANIA	Lithuania	\N	\N	2026-02-18 08:49:10.194+01	2026-02-18 08:49:10.194+01	\N
lu	lux	442	LUXEMBOURG	Luxembourg	\N	\N	2026-02-18 08:49:10.194+01	2026-02-18 08:49:10.194+01	\N
mo	mac	446	MACAO	Macao	\N	\N	2026-02-18 08:49:10.194+01	2026-02-18 08:49:10.194+01	\N
mg	mdg	450	MADAGASCAR	Madagascar	\N	\N	2026-02-18 08:49:10.194+01	2026-02-18 08:49:10.194+01	\N
mw	mwi	454	MALAWI	Malawi	\N	\N	2026-02-18 08:49:10.194+01	2026-02-18 08:49:10.194+01	\N
my	mys	458	MALAYSIA	Malaysia	\N	\N	2026-02-18 08:49:10.194+01	2026-02-18 08:49:10.194+01	\N
mv	mdv	462	MALDIVES	Maldives	\N	\N	2026-02-18 08:49:10.194+01	2026-02-18 08:49:10.194+01	\N
ml	mli	466	MALI	Mali	\N	\N	2026-02-18 08:49:10.194+01	2026-02-18 08:49:10.194+01	\N
mt	mlt	470	MALTA	Malta	\N	\N	2026-02-18 08:49:10.194+01	2026-02-18 08:49:10.194+01	\N
mh	mhl	584	MARSHALL ISLANDS	Marshall Islands	\N	\N	2026-02-18 08:49:10.194+01	2026-02-18 08:49:10.194+01	\N
mq	mtq	474	MARTINIQUE	Martinique	\N	\N	2026-02-18 08:49:10.194+01	2026-02-18 08:49:10.194+01	\N
mr	mrt	478	MAURITANIA	Mauritania	\N	\N	2026-02-18 08:49:10.194+01	2026-02-18 08:49:10.194+01	\N
mu	mus	480	MAURITIUS	Mauritius	\N	\N	2026-02-18 08:49:10.194+01	2026-02-18 08:49:10.194+01	\N
yt	myt	175	MAYOTTE	Mayotte	\N	\N	2026-02-18 08:49:10.194+01	2026-02-18 08:49:10.194+01	\N
mx	mex	484	MEXICO	Mexico	\N	\N	2026-02-18 08:49:10.194+01	2026-02-18 08:49:10.194+01	\N
fm	fsm	583	MICRONESIA, FEDERATED STATES OF	Micronesia, Federated States of	\N	\N	2026-02-18 08:49:10.194+01	2026-02-18 08:49:10.194+01	\N
md	mda	498	MOLDOVA, REPUBLIC OF	Moldova, Republic of	\N	\N	2026-02-18 08:49:10.194+01	2026-02-18 08:49:10.194+01	\N
mc	mco	492	MONACO	Monaco	\N	\N	2026-02-18 08:49:10.194+01	2026-02-18 08:49:10.194+01	\N
mn	mng	496	MONGOLIA	Mongolia	\N	\N	2026-02-18 08:49:10.194+01	2026-02-18 08:49:10.194+01	\N
me	mne	499	MONTENEGRO	Montenegro	\N	\N	2026-02-18 08:49:10.194+01	2026-02-18 08:49:10.194+01	\N
ms	msr	500	MONTSERRAT	Montserrat	\N	\N	2026-02-18 08:49:10.194+01	2026-02-18 08:49:10.194+01	\N
ma	mar	504	MOROCCO	Morocco	\N	\N	2026-02-18 08:49:10.194+01	2026-02-18 08:49:10.194+01	\N
mz	moz	508	MOZAMBIQUE	Mozambique	\N	\N	2026-02-18 08:49:10.194+01	2026-02-18 08:49:10.194+01	\N
mm	mmr	104	MYANMAR	Myanmar	\N	\N	2026-02-18 08:49:10.194+01	2026-02-18 08:49:10.194+01	\N
na	nam	516	NAMIBIA	Namibia	\N	\N	2026-02-18 08:49:10.194+01	2026-02-18 08:49:10.194+01	\N
nr	nru	520	NAURU	Nauru	\N	\N	2026-02-18 08:49:10.194+01	2026-02-18 08:49:10.194+01	\N
np	npl	524	NEPAL	Nepal	\N	\N	2026-02-18 08:49:10.194+01	2026-02-18 08:49:10.194+01	\N
nl	nld	528	NETHERLANDS	Netherlands	\N	\N	2026-02-18 08:49:10.194+01	2026-02-18 08:49:10.194+01	\N
nc	ncl	540	NEW CALEDONIA	New Caledonia	\N	\N	2026-02-18 08:49:10.194+01	2026-02-18 08:49:10.194+01	\N
nz	nzl	554	NEW ZEALAND	New Zealand	\N	\N	2026-02-18 08:49:10.194+01	2026-02-18 08:49:10.194+01	\N
ni	nic	558	NICARAGUA	Nicaragua	\N	\N	2026-02-18 08:49:10.194+01	2026-02-18 08:49:10.194+01	\N
ne	ner	562	NIGER	Niger	\N	\N	2026-02-18 08:49:10.194+01	2026-02-18 08:49:10.194+01	\N
ng	nga	566	NIGERIA	Nigeria	\N	\N	2026-02-18 08:49:10.194+01	2026-02-18 08:49:10.194+01	\N
nu	niu	570	NIUE	Niue	\N	\N	2026-02-18 08:49:10.194+01	2026-02-18 08:49:10.194+01	\N
nf	nfk	574	NORFOLK ISLAND	Norfolk Island	\N	\N	2026-02-18 08:49:10.194+01	2026-02-18 08:49:10.194+01	\N
mk	mkd	807	NORTH MACEDONIA	North Macedonia	\N	\N	2026-02-18 08:49:10.194+01	2026-02-18 08:49:10.194+01	\N
mp	mnp	580	NORTHERN MARIANA ISLANDS	Northern Mariana Islands	\N	\N	2026-02-18 08:49:10.194+01	2026-02-18 08:49:10.194+01	\N
no	nor	578	NORWAY	Norway	\N	\N	2026-02-18 08:49:10.194+01	2026-02-18 08:49:10.194+01	\N
om	omn	512	OMAN	Oman	\N	\N	2026-02-18 08:49:10.194+01	2026-02-18 08:49:10.194+01	\N
pk	pak	586	PAKISTAN	Pakistan	\N	\N	2026-02-18 08:49:10.194+01	2026-02-18 08:49:10.194+01	\N
pw	plw	585	PALAU	Palau	\N	\N	2026-02-18 08:49:10.194+01	2026-02-18 08:49:10.194+01	\N
ps	pse	275	PALESTINIAN TERRITORY, OCCUPIED	Palestinian Territory, Occupied	\N	\N	2026-02-18 08:49:10.194+01	2026-02-18 08:49:10.194+01	\N
pa	pan	591	PANAMA	Panama	\N	\N	2026-02-18 08:49:10.194+01	2026-02-18 08:49:10.194+01	\N
pg	png	598	PAPUA NEW GUINEA	Papua New Guinea	\N	\N	2026-02-18 08:49:10.195+01	2026-02-18 08:49:10.195+01	\N
py	pry	600	PARAGUAY	Paraguay	\N	\N	2026-02-18 08:49:10.195+01	2026-02-18 08:49:10.195+01	\N
pe	per	604	PERU	Peru	\N	\N	2026-02-18 08:49:10.195+01	2026-02-18 08:49:10.195+01	\N
ph	phl	608	PHILIPPINES	Philippines	\N	\N	2026-02-18 08:49:10.195+01	2026-02-18 08:49:10.195+01	\N
pn	pcn	612	PITCAIRN	Pitcairn	\N	\N	2026-02-18 08:49:10.195+01	2026-02-18 08:49:10.195+01	\N
pl	pol	616	POLAND	Poland	\N	\N	2026-02-18 08:49:10.195+01	2026-02-18 08:49:10.195+01	\N
pt	prt	620	PORTUGAL	Portugal	\N	\N	2026-02-18 08:49:10.195+01	2026-02-18 08:49:10.195+01	\N
pr	pri	630	PUERTO RICO	Puerto Rico	\N	\N	2026-02-18 08:49:10.195+01	2026-02-18 08:49:10.195+01	\N
qa	qat	634	QATAR	Qatar	\N	\N	2026-02-18 08:49:10.195+01	2026-02-18 08:49:10.195+01	\N
re	reu	638	REUNION	Reunion	\N	\N	2026-02-18 08:49:10.195+01	2026-02-18 08:49:10.195+01	\N
ro	rom	642	ROMANIA	Romania	\N	\N	2026-02-18 08:49:10.195+01	2026-02-18 08:49:10.195+01	\N
ru	rus	643	RUSSIAN FEDERATION	Russian Federation	\N	\N	2026-02-18 08:49:10.195+01	2026-02-18 08:49:10.195+01	\N
rw	rwa	646	RWANDA	Rwanda	\N	\N	2026-02-18 08:49:10.195+01	2026-02-18 08:49:10.195+01	\N
bl	blm	652	SAINT BARTHÉLEMY	Saint Barthélemy	\N	\N	2026-02-18 08:49:10.195+01	2026-02-18 08:49:10.195+01	\N
sh	shn	654	SAINT HELENA	Saint Helena	\N	\N	2026-02-18 08:49:10.195+01	2026-02-18 08:49:10.195+01	\N
kn	kna	659	SAINT KITTS AND NEVIS	Saint Kitts and Nevis	\N	\N	2026-02-18 08:49:10.195+01	2026-02-18 08:49:10.195+01	\N
lc	lca	662	SAINT LUCIA	Saint Lucia	\N	\N	2026-02-18 08:49:10.195+01	2026-02-18 08:49:10.195+01	\N
mf	maf	663	SAINT MARTIN (FRENCH PART)	Saint Martin (French part)	\N	\N	2026-02-18 08:49:10.195+01	2026-02-18 08:49:10.195+01	\N
pm	spm	666	SAINT PIERRE AND MIQUELON	Saint Pierre and Miquelon	\N	\N	2026-02-18 08:49:10.195+01	2026-02-18 08:49:10.195+01	\N
vc	vct	670	SAINT VINCENT AND THE GRENADINES	Saint Vincent and the Grenadines	\N	\N	2026-02-18 08:49:10.195+01	2026-02-18 08:49:10.195+01	\N
ws	wsm	882	SAMOA	Samoa	\N	\N	2026-02-18 08:49:10.195+01	2026-02-18 08:49:10.195+01	\N
sm	smr	674	SAN MARINO	San Marino	\N	\N	2026-02-18 08:49:10.195+01	2026-02-18 08:49:10.195+01	\N
st	stp	678	SAO TOME AND PRINCIPE	Sao Tome and Principe	\N	\N	2026-02-18 08:49:10.195+01	2026-02-18 08:49:10.195+01	\N
sa	sau	682	SAUDI ARABIA	Saudi Arabia	\N	\N	2026-02-18 08:49:10.195+01	2026-02-18 08:49:10.195+01	\N
sn	sen	686	SENEGAL	Senegal	\N	\N	2026-02-18 08:49:10.195+01	2026-02-18 08:49:10.195+01	\N
rs	srb	688	SERBIA	Serbia	\N	\N	2026-02-18 08:49:10.195+01	2026-02-18 08:49:10.195+01	\N
sc	syc	690	SEYCHELLES	Seychelles	\N	\N	2026-02-18 08:49:10.195+01	2026-02-18 08:49:10.195+01	\N
sl	sle	694	SIERRA LEONE	Sierra Leone	\N	\N	2026-02-18 08:49:10.195+01	2026-02-18 08:49:10.195+01	\N
sg	sgp	702	SINGAPORE	Singapore	\N	\N	2026-02-18 08:49:10.195+01	2026-02-18 08:49:10.195+01	\N
sx	sxm	534	SINT MAARTEN	Sint Maarten	\N	\N	2026-02-18 08:49:10.195+01	2026-02-18 08:49:10.195+01	\N
sk	svk	703	SLOVAKIA	Slovakia	\N	\N	2026-02-18 08:49:10.195+01	2026-02-18 08:49:10.195+01	\N
si	svn	705	SLOVENIA	Slovenia	\N	\N	2026-02-18 08:49:10.195+01	2026-02-18 08:49:10.195+01	\N
sb	slb	090	SOLOMON ISLANDS	Solomon Islands	\N	\N	2026-02-18 08:49:10.195+01	2026-02-18 08:49:10.195+01	\N
so	som	706	SOMALIA	Somalia	\N	\N	2026-02-18 08:49:10.195+01	2026-02-18 08:49:10.195+01	\N
za	zaf	710	SOUTH AFRICA	South Africa	\N	\N	2026-02-18 08:49:10.195+01	2026-02-18 08:49:10.195+01	\N
gs	sgs	239	SOUTH GEORGIA AND THE SOUTH SANDWICH ISLANDS	South Georgia and the South Sandwich Islands	\N	\N	2026-02-18 08:49:10.195+01	2026-02-18 08:49:10.195+01	\N
ss	ssd	728	SOUTH SUDAN	South Sudan	\N	\N	2026-02-18 08:49:10.195+01	2026-02-18 08:49:10.195+01	\N
lk	lka	144	SRI LANKA	Sri Lanka	\N	\N	2026-02-18 08:49:10.195+01	2026-02-18 08:49:10.195+01	\N
sd	sdn	729	SUDAN	Sudan	\N	\N	2026-02-18 08:49:10.195+01	2026-02-18 08:49:10.195+01	\N
sr	sur	740	SURINAME	Suriname	\N	\N	2026-02-18 08:49:10.195+01	2026-02-18 08:49:10.195+01	\N
sj	sjm	744	SVALBARD AND JAN MAYEN	Svalbard and Jan Mayen	\N	\N	2026-02-18 08:49:10.195+01	2026-02-18 08:49:10.195+01	\N
sz	swz	748	SWAZILAND	Swaziland	\N	\N	2026-02-18 08:49:10.195+01	2026-02-18 08:49:10.195+01	\N
ch	che	756	SWITZERLAND	Switzerland	\N	\N	2026-02-18 08:49:10.195+01	2026-02-18 08:49:10.195+01	\N
sy	syr	760	SYRIAN ARAB REPUBLIC	Syrian Arab Republic	\N	\N	2026-02-18 08:49:10.195+01	2026-02-18 08:49:10.195+01	\N
tw	twn	158	TAIWAN, PROVINCE OF CHINA	Taiwan, Province of China	\N	\N	2026-02-18 08:49:10.195+01	2026-02-18 08:49:10.195+01	\N
tj	tjk	762	TAJIKISTAN	Tajikistan	\N	\N	2026-02-18 08:49:10.195+01	2026-02-18 08:49:10.195+01	\N
tz	tza	834	TANZANIA, UNITED REPUBLIC OF	Tanzania, United Republic of	\N	\N	2026-02-18 08:49:10.195+01	2026-02-18 08:49:10.195+01	\N
th	tha	764	THAILAND	Thailand	\N	\N	2026-02-18 08:49:10.195+01	2026-02-18 08:49:10.195+01	\N
tl	tls	626	TIMOR LESTE	Timor Leste	\N	\N	2026-02-18 08:49:10.195+01	2026-02-18 08:49:10.195+01	\N
tg	tgo	768	TOGO	Togo	\N	\N	2026-02-18 08:49:10.195+01	2026-02-18 08:49:10.195+01	\N
tk	tkl	772	TOKELAU	Tokelau	\N	\N	2026-02-18 08:49:10.195+01	2026-02-18 08:49:10.195+01	\N
to	ton	776	TONGA	Tonga	\N	\N	2026-02-18 08:49:10.195+01	2026-02-18 08:49:10.195+01	\N
tt	tto	780	TRINIDAD AND TOBAGO	Trinidad and Tobago	\N	\N	2026-02-18 08:49:10.195+01	2026-02-18 08:49:10.195+01	\N
tn	tun	788	TUNISIA	Tunisia	\N	\N	2026-02-18 08:49:10.195+01	2026-02-18 08:49:10.195+01	\N
tr	tur	792	TURKEY	Turkey	\N	\N	2026-02-18 08:49:10.195+01	2026-02-18 08:49:10.195+01	\N
tm	tkm	795	TURKMENISTAN	Turkmenistan	\N	\N	2026-02-18 08:49:10.195+01	2026-02-18 08:49:10.195+01	\N
tc	tca	796	TURKS AND CAICOS ISLANDS	Turks and Caicos Islands	\N	\N	2026-02-18 08:49:10.195+01	2026-02-18 08:49:10.195+01	\N
tv	tuv	798	TUVALU	Tuvalu	\N	\N	2026-02-18 08:49:10.195+01	2026-02-18 08:49:10.195+01	\N
ug	uga	800	UGANDA	Uganda	\N	\N	2026-02-18 08:49:10.195+01	2026-02-18 08:49:10.195+01	\N
ua	ukr	804	UKRAINE	Ukraine	\N	\N	2026-02-18 08:49:10.195+01	2026-02-18 08:49:10.195+01	\N
ae	are	784	UNITED ARAB EMIRATES	United Arab Emirates	\N	\N	2026-02-18 08:49:10.195+01	2026-02-18 08:49:10.195+01	\N
us	usa	840	UNITED STATES	United States	\N	\N	2026-02-18 08:49:10.195+01	2026-02-18 08:49:10.195+01	\N
um	umi	581	UNITED STATES MINOR OUTLYING ISLANDS	United States Minor Outlying Islands	\N	\N	2026-02-18 08:49:10.195+01	2026-02-18 08:49:10.195+01	\N
uy	ury	858	URUGUAY	Uruguay	\N	\N	2026-02-18 08:49:10.195+01	2026-02-18 08:49:10.195+01	\N
uz	uzb	860	UZBEKISTAN	Uzbekistan	\N	\N	2026-02-18 08:49:10.195+01	2026-02-18 08:49:10.195+01	\N
vu	vut	548	VANUATU	Vanuatu	\N	\N	2026-02-18 08:49:10.195+01	2026-02-18 08:49:10.195+01	\N
ve	ven	862	VENEZUELA	Venezuela	\N	\N	2026-02-18 08:49:10.195+01	2026-02-18 08:49:10.195+01	\N
vn	vnm	704	VIET NAM	Viet Nam	\N	\N	2026-02-18 08:49:10.195+01	2026-02-18 08:49:10.195+01	\N
vg	vgb	092	VIRGIN ISLANDS, BRITISH	Virgin Islands, British	\N	\N	2026-02-18 08:49:10.195+01	2026-02-18 08:49:10.195+01	\N
vi	vir	850	VIRGIN ISLANDS, U.S.	Virgin Islands, U.S.	\N	\N	2026-02-18 08:49:10.195+01	2026-02-18 08:49:10.195+01	\N
wf	wlf	876	WALLIS AND FUTUNA	Wallis and Futuna	\N	\N	2026-02-18 08:49:10.195+01	2026-02-18 08:49:10.195+01	\N
eh	esh	732	WESTERN SAHARA	Western Sahara	\N	\N	2026-02-18 08:49:10.195+01	2026-02-18 08:49:10.195+01	\N
ye	yem	887	YEMEN	Yemen	\N	\N	2026-02-18 08:49:10.195+01	2026-02-18 08:49:10.195+01	\N
zm	zmb	894	ZAMBIA	Zambia	\N	\N	2026-02-18 08:49:10.195+01	2026-02-18 08:49:10.195+01	\N
zw	zwe	716	ZIMBABWE	Zimbabwe	\N	\N	2026-02-18 08:49:10.195+01	2026-02-18 08:49:10.195+01	\N
ax	ala	248	ÅLAND ISLANDS	Åland Islands	\N	\N	2026-02-18 08:49:10.195+01	2026-02-18 08:49:10.195+01	\N
dk	dnk	208	DENMARK	Denmark	reg_01KHR06ACFBR6CGN33WGPFPJ65	\N	2026-02-18 08:49:10.194+01	2026-02-18 10:09:41.401+01	\N
fr	fra	250	FRANCE	France	reg_01KHR06ACFBR6CGN33WGPFPJ65	\N	2026-02-18 08:49:10.194+01	2026-02-18 10:09:41.401+01	\N
de	deu	276	GERMANY	Germany	reg_01KHR06ACFBR6CGN33WGPFPJ65	\N	2026-02-18 08:49:10.194+01	2026-02-18 10:09:41.401+01	\N
it	ita	380	ITALY	Italy	reg_01KHR06ACFBR6CGN33WGPFPJ65	\N	2026-02-18 08:49:10.194+01	2026-02-18 10:09:41.401+01	\N
es	esp	724	SPAIN	Spain	reg_01KHR06ACFBR6CGN33WGPFPJ65	\N	2026-02-18 08:49:10.195+01	2026-02-18 10:09:41.401+01	\N
se	swe	752	SWEDEN	Sweden	reg_01KHR06ACFBR6CGN33WGPFPJ65	\N	2026-02-18 08:49:10.195+01	2026-02-18 10:09:41.401+01	\N
gb	gbr	826	UNITED KINGDOM	United Kingdom	reg_01KHR06ACFBR6CGN33WGPFPJ65	\N	2026-02-18 08:49:10.195+01	2026-02-18 10:09:41.401+01	\N
\.


--
-- Data for Name: region_payment_provider; Type: TABLE DATA; Schema: public; Owner: biomket
--

COPY public.region_payment_provider (region_id, payment_provider_id, id, created_at, updated_at, deleted_at) FROM stdin;
reg_01KHR06ACFBR6CGN33WGPFPJ65	pp_system_default	regpp_01KHR06ADPQXYQV6CVMNKDQH69	2026-02-18 10:09:41.42877+01	2026-02-18 10:09:41.42877+01	\N
\.


--
-- Data for Name: reservation_item; Type: TABLE DATA; Schema: public; Owner: biomket
--

COPY public.reservation_item (id, created_at, updated_at, deleted_at, line_item_id, location_id, quantity, external_id, description, created_by, metadata, inventory_item_id, allow_backorder, raw_quantity) FROM stdin;
\.


--
-- Data for Name: return; Type: TABLE DATA; Schema: public; Owner: biomket
--

COPY public.return (id, order_id, claim_id, exchange_id, order_version, display_id, status, no_notification, refund_amount, raw_refund_amount, metadata, created_at, updated_at, deleted_at, received_at, canceled_at, location_id, requested_at, created_by) FROM stdin;
\.


--
-- Data for Name: return_fulfillment; Type: TABLE DATA; Schema: public; Owner: biomket
--

COPY public.return_fulfillment (return_id, fulfillment_id, id, created_at, updated_at, deleted_at) FROM stdin;
\.


--
-- Data for Name: return_item; Type: TABLE DATA; Schema: public; Owner: biomket
--

COPY public.return_item (id, return_id, reason_id, item_id, quantity, raw_quantity, received_quantity, raw_received_quantity, note, metadata, created_at, updated_at, deleted_at, damaged_quantity, raw_damaged_quantity) FROM stdin;
\.


--
-- Data for Name: return_reason; Type: TABLE DATA; Schema: public; Owner: biomket
--

COPY public.return_reason (id, value, label, description, metadata, parent_return_reason_id, created_at, updated_at, deleted_at) FROM stdin;
\.


--
-- Data for Name: sales_channel; Type: TABLE DATA; Schema: public; Owner: biomket
--

COPY public.sales_channel (id, name, description, is_disabled, metadata, created_at, updated_at, deleted_at) FROM stdin;
sc_01KHR065FHBMN74HAYAXNYR64M	Default Sales Channel	Created by Medusa	f	\N	2026-02-18 10:09:36.37+01	2026-02-18 10:09:36.37+01	\N
\.


--
-- Data for Name: sales_channel_stock_location; Type: TABLE DATA; Schema: public; Owner: biomket
--

COPY public.sales_channel_stock_location (sales_channel_id, stock_location_id, id, created_at, updated_at, deleted_at) FROM stdin;
sc_01KHR065FHBMN74HAYAXNYR64M	sloc_01KHR06AECQ83WRB18QG1JFH8A	scloc_01KKGY536JC0F3PPC3MPVKNTX9	2026-02-18 10:09:41.584612+01	2026-02-18 10:09:41.584612+01	\N
\.


--
-- Data for Name: script_migrations; Type: TABLE DATA; Schema: public; Owner: biomket
--

COPY public.script_migrations (id, script_name, created_at, finished_at) FROM stdin;
1	migrate-product-shipping-profile.js	2026-02-18 08:49:11.516657+01	2026-02-18 08:49:11.547778+01
2	migrate-tax-region-provider.js	2026-02-18 08:49:11.550395+01	2026-02-18 08:49:11.558646+01
\.


--
-- Data for Name: service_zone; Type: TABLE DATA; Schema: public; Owner: biomket
--

COPY public.service_zone (id, name, metadata, fulfillment_set_id, created_at, updated_at, deleted_at) FROM stdin;
serzo_01KHR06AF5NZYZ4WC40FYTB14W	Europe	\N	fuset_01KHR06AF6XK8T5103FKW12SQG	2026-02-18 10:09:41.478+01	2026-02-18 10:09:41.478+01	\N
\.


--
-- Data for Name: shipping_option; Type: TABLE DATA; Schema: public; Owner: biomket
--

COPY public.shipping_option (id, name, price_type, service_zone_id, shipping_profile_id, provider_id, data, metadata, shipping_option_type_id, created_at, updated_at, deleted_at) FROM stdin;
so_01KKGY53A9V2KFJHFB1YVA8RMW	Economy Transport	flat	serzo_01KHR06AF5NZYZ4WC40FYTB14W	sp_01KHQVJXQNA3H68YS4PSBZW71A	manual_manual	\N	{"display_price": "€30.00", "transport_type": "economy", "delivery_window": "5-7 days"}	sotype_01KKGY53A8KT09T8EZN0KCRS7E	2026-03-12 12:50:46.859+01	2026-03-12 12:50:46.859+01	\N
so_01KKGY53AA14FFHYQCRKB7PB3C	Standard Transport	flat	serzo_01KHR06AF5NZYZ4WC40FYTB14W	sp_01KHQVJXQNA3H68YS4PSBZW71A	manual_manual	\N	{"display_price": "€50.00", "transport_type": "standard", "delivery_window": "2-3 days"}	sotype_01KKGY53A9W6TDRH91HCC0YPDR	2026-03-12 12:50:46.859+01	2026-03-12 12:50:46.859+01	\N
so_01KKGY53AAV5W4REVZGNNM427T	Express Transport	flat	serzo_01KHR06AF5NZYZ4WC40FYTB14W	sp_01KHQVJXQNA3H68YS4PSBZW71A	manual_manual	\N	{"display_price": "€120.00", "transport_type": "express", "delivery_window": "24 hours"}	sotype_01KKGY53AA5GFW531WYD8N5C8X	2026-03-12 12:50:46.859+01	2026-03-12 12:50:46.859+01	\N
\.


--
-- Data for Name: shipping_option_price_set; Type: TABLE DATA; Schema: public; Owner: biomket
--

COPY public.shipping_option_price_set (shipping_option_id, price_set_id, id, created_at, updated_at, deleted_at) FROM stdin;
so_01KHR06AGSTMG1ADY51Q9Y6CM5	pset_01KHR06AHBHW0TCAFWJ4ANFZHE	sops_01KHR06AJ93CSGD6MYSVYBPPST	2026-02-18 10:09:41.577622+01	2026-02-18 10:09:41.577622+01	\N
so_01KHR06AGSKZPAHVRDVAA9MDFK	pset_01KHR06AHCM19DJZ359VCGWRGB	sops_01KHR06AJ9FWC4QHAWK16T2QE9	2026-02-18 10:09:41.577622+01	2026-02-18 10:09:41.577622+01	\N
so_01KKGY53A9V2KFJHFB1YVA8RMW	pset_01KKGY53BD8F54YD24DKQWB921	sops_01KKGY53CZR9JZSKJ0Q4R7PC36	2026-03-12 12:50:46.943404+01	2026-03-12 12:50:46.943404+01	\N
so_01KKGY53AA14FFHYQCRKB7PB3C	pset_01KKGY53BDQA61GXCSTZADDE49	sops_01KKGY53D0QZPDKKHSQ6SE5SNR	2026-03-12 12:50:46.943404+01	2026-03-12 12:50:46.943404+01	\N
so_01KKGY53AAV5W4REVZGNNM427T	pset_01KKGY53BERN5R1JVSN24024VX	sops_01KKGY53D00STC7X34KJDKENN4	2026-03-12 12:50:46.943404+01	2026-03-12 12:50:46.943404+01	\N
\.


--
-- Data for Name: shipping_option_rule; Type: TABLE DATA; Schema: public; Owner: biomket
--

COPY public.shipping_option_rule (id, attribute, operator, value, shipping_option_id, created_at, updated_at, deleted_at) FROM stdin;
sorul_01KKGY53A9CA0Q3662QJ4PHSTR	enabled_in_store	eq	"true"	so_01KKGY53A9V2KFJHFB1YVA8RMW	2026-03-12 12:50:46.859+01	2026-03-12 12:50:46.859+01	\N
sorul_01KKGY53A9GEQD3Q70K1DGC4Q1	is_return	eq	"false"	so_01KKGY53A9V2KFJHFB1YVA8RMW	2026-03-12 12:50:46.86+01	2026-03-12 12:50:46.86+01	\N
sorul_01KKGY53A9Z73QPQCKD1DSDC27	enabled_in_store	eq	"true"	so_01KKGY53AA14FFHYQCRKB7PB3C	2026-03-12 12:50:46.86+01	2026-03-12 12:50:46.86+01	\N
sorul_01KKGY53A9H09P4DRE268XB1JX	is_return	eq	"false"	so_01KKGY53AA14FFHYQCRKB7PB3C	2026-03-12 12:50:46.86+01	2026-03-12 12:50:46.86+01	\N
sorul_01KKGY53AAACJ2SA1WR2BD0PC5	enabled_in_store	eq	"true"	so_01KKGY53AAV5W4REVZGNNM427T	2026-03-12 12:50:46.86+01	2026-03-12 12:50:46.86+01	\N
sorul_01KKGY53AABSWBZPBEWEE6P439	is_return	eq	"false"	so_01KKGY53AAV5W4REVZGNNM427T	2026-03-12 12:50:46.86+01	2026-03-12 12:50:46.86+01	\N
\.


--
-- Data for Name: shipping_option_type; Type: TABLE DATA; Schema: public; Owner: biomket
--

COPY public.shipping_option_type (id, label, description, code, created_at, updated_at, deleted_at) FROM stdin;
sotype_01KHR06AGR9GN6ARAPWQT6361A	Standard	Ship in 2-3 days.	standard	2026-02-18 10:09:41.53+01	2026-02-18 10:09:41.53+01	\N
sotype_01KHR06AGSH5063BT39KSDP2AT	Express	Ship in 24 hours.	express	2026-02-18 10:09:41.53+01	2026-02-18 10:09:41.53+01	\N
sotype_01KKGY53A8KT09T8EZN0KCRS7E	Economy	5-7 business days delivery	biomket_economy	2026-03-12 12:50:46.859+01	2026-03-12 12:50:46.859+01	\N
sotype_01KKGY53A9W6TDRH91HCC0YPDR	Standard	2-3 business days delivery	biomket_standard	2026-03-12 12:50:46.859+01	2026-03-12 12:50:46.859+01	\N
sotype_01KKGY53AA5GFW531WYD8N5C8X	Express	24 hour express delivery	biomket_express	2026-03-12 12:50:46.859+01	2026-03-12 12:50:46.859+01	\N
\.


--
-- Data for Name: shipping_profile; Type: TABLE DATA; Schema: public; Owner: biomket
--

COPY public.shipping_profile (id, name, type, metadata, created_at, updated_at, deleted_at) FROM stdin;
sp_01KHQVJXQNA3H68YS4PSBZW71A	Default Shipping Profile	default	\N	2026-02-18 08:49:11.541+01	2026-02-18 08:49:11.541+01	\N
sp_01KKGZ21DKJ9KHWPZ0WVCSQKQB	Europe	1	\N	2026-03-12 13:06:35.188+01	2026-03-12 13:06:45.611+01	2026-03-12 13:06:45.611+01
\.


--
-- Data for Name: stock_location; Type: TABLE DATA; Schema: public; Owner: biomket
--

COPY public.stock_location (id, created_at, updated_at, deleted_at, name, address_id, metadata) FROM stdin;
sloc_01KHR06AECQ83WRB18QG1JFH8A	2026-02-18 10:09:41.452+01	2026-02-18 10:09:41.452+01	\N	European Warehouse	laddr_01KHR06AEBMCQQ32E1BRJDK6MB	\N
sloc_01KHTRJSA0DT0CQCF4YHNCYQ8N	2026-02-19 11:54:24.576+01	2026-02-19 11:54:24.576+01	\N	European Warehouse	laddr_01KHTRJSA0RHN8TERKNN4KP3E5	\N
\.


--
-- Data for Name: stock_location_address; Type: TABLE DATA; Schema: public; Owner: biomket
--

COPY public.stock_location_address (id, created_at, updated_at, deleted_at, address_1, address_2, company, city, country_code, phone, province, postal_code, metadata) FROM stdin;
laddr_01KHR06AEBMCQQ32E1BRJDK6MB	2026-02-18 10:09:41.452+01	2026-02-18 10:09:41.452+01	\N		\N	\N	Copenhagen	DK	\N	\N	\N	\N
laddr_01KHTRJSA0RHN8TERKNN4KP3E5	2026-02-19 11:54:24.576+01	2026-02-19 11:54:24.576+01	\N		\N	\N	Copenhagen	DK	\N	\N	\N	\N
\.


--
-- Data for Name: store; Type: TABLE DATA; Schema: public; Owner: biomket
--

COPY public.store (id, name, default_sales_channel_id, default_region_id, default_location_id, metadata, created_at, updated_at, deleted_at) FROM stdin;
store_01KHR065G0Y73F8NKWAZJB8T7Y	Biomket	sc_01KHR065FHBMN74HAYAXNYR64M	\N	sloc_01KHR06AECQ83WRB18QG1JFH8A	\N	2026-02-18 10:09:36.38311+01	2026-02-18 10:09:36.38311+01	\N
\.


--
-- Data for Name: store_currency; Type: TABLE DATA; Schema: public; Owner: biomket
--

COPY public.store_currency (id, currency_code, is_default, store_id, created_at, updated_at, deleted_at) FROM stdin;
stocur_01KKGY53119HBXRW6SY7BM9589	eur	t	store_01KHR065G0Y73F8NKWAZJB8T7Y	2026-03-12 12:50:46.552665+01	2026-03-12 12:50:46.552665+01	\N
stocur_01KKGY5311WNTR13Z33QAR6Q18	usd	f	store_01KHR065G0Y73F8NKWAZJB8T7Y	2026-03-12 12:50:46.552665+01	2026-03-12 12:50:46.552665+01	\N
\.


--
-- Data for Name: store_locale; Type: TABLE DATA; Schema: public; Owner: biomket
--

COPY public.store_locale (id, locale_code, store_id, created_at, updated_at, deleted_at) FROM stdin;
\.


--
-- Data for Name: tax_provider; Type: TABLE DATA; Schema: public; Owner: biomket
--

COPY public.tax_provider (id, is_enabled, created_at, updated_at, deleted_at) FROM stdin;
tp_system	t	2026-02-18 08:49:10.247+01	2026-02-18 08:49:10.247+01	\N
\.


--
-- Data for Name: tax_rate; Type: TABLE DATA; Schema: public; Owner: biomket
--

COPY public.tax_rate (id, rate, code, name, is_default, is_combinable, tax_region_id, metadata, created_at, updated_at, created_by, deleted_at) FROM stdin;
\.


--
-- Data for Name: tax_rate_rule; Type: TABLE DATA; Schema: public; Owner: biomket
--

COPY public.tax_rate_rule (id, tax_rate_id, reference_id, reference, metadata, created_at, updated_at, created_by, deleted_at) FROM stdin;
\.


--
-- Data for Name: tax_region; Type: TABLE DATA; Schema: public; Owner: biomket
--

COPY public.tax_region (id, provider_id, country_code, province_code, parent_id, metadata, created_at, updated_at, created_by, deleted_at) FROM stdin;
txreg_01KHR06ADZNTKV0T2MZWJEWSVQ	tp_system	gb	\N	\N	\N	2026-02-18 10:09:41.44+01	2026-02-18 10:09:41.44+01	\N	\N
txreg_01KHR06ADZ1GTWDD72AA1JT7FB	tp_system	de	\N	\N	\N	2026-02-18 10:09:41.44+01	2026-02-18 10:09:41.44+01	\N	\N
txreg_01KHR06ADZT466NEDS17WJGF96	tp_system	dk	\N	\N	\N	2026-02-18 10:09:41.44+01	2026-02-18 10:09:41.44+01	\N	\N
txreg_01KHR06ADZCSTSS2M4R4871FY8	tp_system	se	\N	\N	\N	2026-02-18 10:09:41.44+01	2026-02-18 10:09:41.44+01	\N	\N
txreg_01KHR06ADZ9C1FY39SD8QX4R0K	tp_system	fr	\N	\N	\N	2026-02-18 10:09:41.44+01	2026-02-18 10:09:41.44+01	\N	\N
txreg_01KHR06AE00BDWJD3F8YCVF5B8	tp_system	es	\N	\N	\N	2026-02-18 10:09:41.44+01	2026-02-18 10:09:41.44+01	\N	\N
txreg_01KHR06AE0HEAEAD64GEM6YQ3Q	tp_system	it	\N	\N	\N	2026-02-18 10:09:41.44+01	2026-02-18 10:09:41.44+01	\N	\N
\.


--
-- Data for Name: user; Type: TABLE DATA; Schema: public; Owner: biomket
--

COPY public."user" (id, first_name, last_name, email, avatar_url, metadata, created_at, updated_at, deleted_at) FROM stdin;
user_01KM5MB17TG6KEQMX4VDSXF5EJ	Admin	Biomket	admin@biomket.com	\N	\N	2026-03-20 13:43:18.65+01	2026-03-20 13:43:46.157+01	\N
\.


--
-- Data for Name: user_preference; Type: TABLE DATA; Schema: public; Owner: biomket
--

COPY public.user_preference (id, user_id, key, value, created_at, updated_at, deleted_at) FROM stdin;
\.


--
-- Data for Name: user_rbac_role; Type: TABLE DATA; Schema: public; Owner: biomket
--

COPY public.user_rbac_role (user_id, rbac_role_id, id, created_at, updated_at, deleted_at) FROM stdin;
\.


--
-- Data for Name: view_configuration; Type: TABLE DATA; Schema: public; Owner: biomket
--

COPY public.view_configuration (id, entity, name, user_id, is_system_default, configuration, created_at, updated_at, deleted_at) FROM stdin;
\.


--
-- Data for Name: waste_attribute; Type: TABLE DATA; Schema: public; Owner: biomket
--

COPY public.waste_attribute (id, code, location, created_at, updated_at, deleted_at) FROM stdin;
01KKGVQ9GA8GTWZBN4A642WAQA	02 01 06	Valencia, Spain	2026-03-12 12:08:17.291+01	2026-03-12 12:08:17.291+01	\N
\.


--
-- Data for Name: workflow_execution; Type: TABLE DATA; Schema: public; Owner: biomket
--

COPY public.workflow_execution (id, workflow_id, transaction_id, execution, context, state, created_at, updated_at, deleted_at, retention_time, run_id) FROM stdin;
\.



--
-- Name: account_holder account_holder_pkey; Type: CONSTRAINT; Schema: public; Owner: biomket
--

ALTER TABLE ONLY public.account_holder
    ADD CONSTRAINT account_holder_pkey PRIMARY KEY (id);


--
-- Name: application_method_buy_rules application_method_buy_rules_pkey; Type: CONSTRAINT; Schema: public; Owner: biomket
--

ALTER TABLE ONLY public.application_method_buy_rules
    ADD CONSTRAINT application_method_buy_rules_pkey PRIMARY KEY (application_method_id, promotion_rule_id);


--
-- Name: application_method_target_rules application_method_target_rules_pkey; Type: CONSTRAINT; Schema: public; Owner: biomket
--

ALTER TABLE ONLY public.application_method_target_rules
    ADD CONSTRAINT application_method_target_rules_pkey PRIMARY KEY (application_method_id, promotion_rule_id);


--
-- Name: auth_identity auth_identity_pkey; Type: CONSTRAINT; Schema: public; Owner: biomket
--

ALTER TABLE ONLY public.auth_identity
    ADD CONSTRAINT auth_identity_pkey PRIMARY KEY (id);


--
-- Name: capture capture_pkey; Type: CONSTRAINT; Schema: public; Owner: biomket
--

ALTER TABLE ONLY public.capture
    ADD CONSTRAINT capture_pkey PRIMARY KEY (id);


--
-- Name: cart_address cart_address_pkey; Type: CONSTRAINT; Schema: public; Owner: biomket
--

ALTER TABLE ONLY public.cart_address
    ADD CONSTRAINT cart_address_pkey PRIMARY KEY (id);


--
-- Name: cart_line_item_adjustment cart_line_item_adjustment_pkey; Type: CONSTRAINT; Schema: public; Owner: biomket
--

ALTER TABLE ONLY public.cart_line_item_adjustment
    ADD CONSTRAINT cart_line_item_adjustment_pkey PRIMARY KEY (id);


--
-- Name: cart_line_item cart_line_item_pkey; Type: CONSTRAINT; Schema: public; Owner: biomket
--

ALTER TABLE ONLY public.cart_line_item
    ADD CONSTRAINT cart_line_item_pkey PRIMARY KEY (id);


--
-- Name: cart_line_item_tax_line cart_line_item_tax_line_pkey; Type: CONSTRAINT; Schema: public; Owner: biomket
--

ALTER TABLE ONLY public.cart_line_item_tax_line
    ADD CONSTRAINT cart_line_item_tax_line_pkey PRIMARY KEY (id);


--
-- Name: cart_payment_collection cart_payment_collection_pkey; Type: CONSTRAINT; Schema: public; Owner: biomket
--

ALTER TABLE ONLY public.cart_payment_collection
    ADD CONSTRAINT cart_payment_collection_pkey PRIMARY KEY (cart_id, payment_collection_id);


--
-- Name: cart cart_pkey; Type: CONSTRAINT; Schema: public; Owner: biomket
--

ALTER TABLE ONLY public.cart
    ADD CONSTRAINT cart_pkey PRIMARY KEY (id);


--
-- Name: cart_promotion cart_promotion_pkey; Type: CONSTRAINT; Schema: public; Owner: biomket
--

ALTER TABLE ONLY public.cart_promotion
    ADD CONSTRAINT cart_promotion_pkey PRIMARY KEY (cart_id, promotion_id);


--
-- Name: cart_shipping_method_adjustment cart_shipping_method_adjustment_pkey; Type: CONSTRAINT; Schema: public; Owner: biomket
--

ALTER TABLE ONLY public.cart_shipping_method_adjustment
    ADD CONSTRAINT cart_shipping_method_adjustment_pkey PRIMARY KEY (id);


--
-- Name: cart_shipping_method cart_shipping_method_pkey; Type: CONSTRAINT; Schema: public; Owner: biomket
--

ALTER TABLE ONLY public.cart_shipping_method
    ADD CONSTRAINT cart_shipping_method_pkey PRIMARY KEY (id);


--
-- Name: cart_shipping_method_tax_line cart_shipping_method_tax_line_pkey; Type: CONSTRAINT; Schema: public; Owner: biomket
--

ALTER TABLE ONLY public.cart_shipping_method_tax_line
    ADD CONSTRAINT cart_shipping_method_tax_line_pkey PRIMARY KEY (id);


--
-- Name: cms_component_folder cms_component_folder_pkey; Type: CONSTRAINT; Schema: public; Owner: biomket
--

ALTER TABLE ONLY public.cms_component_folder
    ADD CONSTRAINT cms_component_folder_pkey PRIMARY KEY (id);


--
-- Name: cms_component_instance cms_component_instance_pkey; Type: CONSTRAINT; Schema: public; Owner: biomket
--

ALTER TABLE ONLY public.cms_component_instance
    ADD CONSTRAINT cms_component_instance_pkey PRIMARY KEY (id);


--
-- Name: cms_component_type cms_component_type_pkey; Type: CONSTRAINT; Schema: public; Owner: biomket
--

ALTER TABLE ONLY public.cms_component_type
    ADD CONSTRAINT cms_component_type_pkey PRIMARY KEY (id);


--
-- Name: cms_page_component cms_page_component_pkey; Type: CONSTRAINT; Schema: public; Owner: biomket
--

ALTER TABLE ONLY public.cms_page_component
    ADD CONSTRAINT cms_page_component_pkey PRIMARY KEY (id);


--
-- Name: cms_page cms_page_pkey; Type: CONSTRAINT; Schema: public; Owner: biomket
--

ALTER TABLE ONLY public.cms_page
    ADD CONSTRAINT cms_page_pkey PRIMARY KEY (id);


--
-- Name: contact_inquiry contact_inquiry_pkey; Type: CONSTRAINT; Schema: public; Owner: biomket
--

ALTER TABLE ONLY public.contact_inquiry
    ADD CONSTRAINT contact_inquiry_pkey PRIMARY KEY (id);


--
-- Name: credit_line credit_line_pkey; Type: CONSTRAINT; Schema: public; Owner: biomket
--

ALTER TABLE ONLY public.credit_line
    ADD CONSTRAINT credit_line_pkey PRIMARY KEY (id);


--
-- Name: currency currency_pkey; Type: CONSTRAINT; Schema: public; Owner: biomket
--

ALTER TABLE ONLY public.currency
    ADD CONSTRAINT currency_pkey PRIMARY KEY (code);


--
-- Name: customer_account_holder customer_account_holder_pkey; Type: CONSTRAINT; Schema: public; Owner: biomket
--

ALTER TABLE ONLY public.customer_account_holder
    ADD CONSTRAINT customer_account_holder_pkey PRIMARY KEY (customer_id, account_holder_id);


--
-- Name: customer_address customer_address_pkey; Type: CONSTRAINT; Schema: public; Owner: biomket
--

ALTER TABLE ONLY public.customer_address
    ADD CONSTRAINT customer_address_pkey PRIMARY KEY (id);


--
-- Name: customer_group_customer customer_group_customer_pkey; Type: CONSTRAINT; Schema: public; Owner: biomket
--

ALTER TABLE ONLY public.customer_group_customer
    ADD CONSTRAINT customer_group_customer_pkey PRIMARY KEY (id);


--
-- Name: customer_group customer_group_pkey; Type: CONSTRAINT; Schema: public; Owner: biomket
--

ALTER TABLE ONLY public.customer_group
    ADD CONSTRAINT customer_group_pkey PRIMARY KEY (id);


--
-- Name: customer customer_pkey; Type: CONSTRAINT; Schema: public; Owner: biomket
--

ALTER TABLE ONLY public.customer
    ADD CONSTRAINT customer_pkey PRIMARY KEY (id);


--
-- Name: fulfillment_address fulfillment_address_pkey; Type: CONSTRAINT; Schema: public; Owner: biomket
--

ALTER TABLE ONLY public.fulfillment_address
    ADD CONSTRAINT fulfillment_address_pkey PRIMARY KEY (id);


--
-- Name: fulfillment_item fulfillment_item_pkey; Type: CONSTRAINT; Schema: public; Owner: biomket
--

ALTER TABLE ONLY public.fulfillment_item
    ADD CONSTRAINT fulfillment_item_pkey PRIMARY KEY (id);


--
-- Name: fulfillment_label fulfillment_label_pkey; Type: CONSTRAINT; Schema: public; Owner: biomket
--

ALTER TABLE ONLY public.fulfillment_label
    ADD CONSTRAINT fulfillment_label_pkey PRIMARY KEY (id);


--
-- Name: fulfillment fulfillment_pkey; Type: CONSTRAINT; Schema: public; Owner: biomket
--

ALTER TABLE ONLY public.fulfillment
    ADD CONSTRAINT fulfillment_pkey PRIMARY KEY (id);


--
-- Name: fulfillment_provider fulfillment_provider_pkey; Type: CONSTRAINT; Schema: public; Owner: biomket
--

ALTER TABLE ONLY public.fulfillment_provider
    ADD CONSTRAINT fulfillment_provider_pkey PRIMARY KEY (id);


--
-- Name: fulfillment_set fulfillment_set_pkey; Type: CONSTRAINT; Schema: public; Owner: biomket
--

ALTER TABLE ONLY public.fulfillment_set
    ADD CONSTRAINT fulfillment_set_pkey PRIMARY KEY (id);


--
-- Name: geo_zone geo_zone_pkey; Type: CONSTRAINT; Schema: public; Owner: biomket
--

ALTER TABLE ONLY public.geo_zone
    ADD CONSTRAINT geo_zone_pkey PRIMARY KEY (id);


--
-- Name: image image_pkey; Type: CONSTRAINT; Schema: public; Owner: biomket
--

ALTER TABLE ONLY public.image
    ADD CONSTRAINT image_pkey PRIMARY KEY (id);


--
-- Name: inventory_item inventory_item_pkey; Type: CONSTRAINT; Schema: public; Owner: biomket
--

ALTER TABLE ONLY public.inventory_item
    ADD CONSTRAINT inventory_item_pkey PRIMARY KEY (id);


--
-- Name: inventory_level inventory_level_pkey; Type: CONSTRAINT; Schema: public; Owner: biomket
--

ALTER TABLE ONLY public.inventory_level
    ADD CONSTRAINT inventory_level_pkey PRIMARY KEY (id);


--
-- Name: link_module_migrations link_module_migrations_pkey; Type: CONSTRAINT; Schema: public; Owner: biomket
--

ALTER TABLE ONLY public.link_module_migrations
    ADD CONSTRAINT link_module_migrations_pkey PRIMARY KEY (id);


--
-- Name: link_module_migrations link_module_migrations_table_name_key; Type: CONSTRAINT; Schema: public; Owner: biomket
--

ALTER TABLE ONLY public.link_module_migrations
    ADD CONSTRAINT link_module_migrations_table_name_key UNIQUE (table_name);


--
-- Name: location_fulfillment_provider location_fulfillment_provider_pkey; Type: CONSTRAINT; Schema: public; Owner: biomket
--

ALTER TABLE ONLY public.location_fulfillment_provider
    ADD CONSTRAINT location_fulfillment_provider_pkey PRIMARY KEY (stock_location_id, fulfillment_provider_id);


--
-- Name: location_fulfillment_set location_fulfillment_set_pkey; Type: CONSTRAINT; Schema: public; Owner: biomket
--

ALTER TABLE ONLY public.location_fulfillment_set
    ADD CONSTRAINT location_fulfillment_set_pkey PRIMARY KEY (stock_location_id, fulfillment_set_id);


--
-- Name: mikro_orm_migrations mikro_orm_migrations_pkey; Type: CONSTRAINT; Schema: public; Owner: biomket
--

ALTER TABLE ONLY public.mikro_orm_migrations
    ADD CONSTRAINT mikro_orm_migrations_pkey PRIMARY KEY (id);


--
-- Name: notification notification_pkey; Type: CONSTRAINT; Schema: public; Owner: biomket
--

ALTER TABLE ONLY public.notification
    ADD CONSTRAINT notification_pkey PRIMARY KEY (id);


--
-- Name: notification_provider notification_provider_pkey; Type: CONSTRAINT; Schema: public; Owner: biomket
--

ALTER TABLE ONLY public.notification_provider
    ADD CONSTRAINT notification_provider_pkey PRIMARY KEY (id);


--
-- Name: order_address order_address_pkey; Type: CONSTRAINT; Schema: public; Owner: biomket
--

ALTER TABLE ONLY public.order_address
    ADD CONSTRAINT order_address_pkey PRIMARY KEY (id);


--
-- Name: order_cart order_cart_pkey; Type: CONSTRAINT; Schema: public; Owner: biomket
--

ALTER TABLE ONLY public.order_cart
    ADD CONSTRAINT order_cart_pkey PRIMARY KEY (order_id, cart_id);


--
-- Name: order_change_action order_change_action_pkey; Type: CONSTRAINT; Schema: public; Owner: biomket
--

ALTER TABLE ONLY public.order_change_action
    ADD CONSTRAINT order_change_action_pkey PRIMARY KEY (id);


--
-- Name: order_change order_change_pkey; Type: CONSTRAINT; Schema: public; Owner: biomket
--

ALTER TABLE ONLY public.order_change
    ADD CONSTRAINT order_change_pkey PRIMARY KEY (id);


--
-- Name: order_claim_item_image order_claim_item_image_pkey; Type: CONSTRAINT; Schema: public; Owner: biomket
--

ALTER TABLE ONLY public.order_claim_item_image
    ADD CONSTRAINT order_claim_item_image_pkey PRIMARY KEY (id);


--
-- Name: order_claim_item order_claim_item_pkey; Type: CONSTRAINT; Schema: public; Owner: biomket
--

ALTER TABLE ONLY public.order_claim_item
    ADD CONSTRAINT order_claim_item_pkey PRIMARY KEY (id);


--
-- Name: order_claim order_claim_pkey; Type: CONSTRAINT; Schema: public; Owner: biomket
--

ALTER TABLE ONLY public.order_claim
    ADD CONSTRAINT order_claim_pkey PRIMARY KEY (id);


--
-- Name: order_credit_line order_credit_line_pkey; Type: CONSTRAINT; Schema: public; Owner: biomket
--

ALTER TABLE ONLY public.order_credit_line
    ADD CONSTRAINT order_credit_line_pkey PRIMARY KEY (id);


--
-- Name: order_exchange_item order_exchange_item_pkey; Type: CONSTRAINT; Schema: public; Owner: biomket
--

ALTER TABLE ONLY public.order_exchange_item
    ADD CONSTRAINT order_exchange_item_pkey PRIMARY KEY (id);


--
-- Name: order_exchange order_exchange_pkey; Type: CONSTRAINT; Schema: public; Owner: biomket
--

ALTER TABLE ONLY public.order_exchange
    ADD CONSTRAINT order_exchange_pkey PRIMARY KEY (id);


--
-- Name: order_fulfillment order_fulfillment_pkey; Type: CONSTRAINT; Schema: public; Owner: biomket
--

ALTER TABLE ONLY public.order_fulfillment
    ADD CONSTRAINT order_fulfillment_pkey PRIMARY KEY (order_id, fulfillment_id);


--
-- Name: order_item order_item_pkey; Type: CONSTRAINT; Schema: public; Owner: biomket
--

ALTER TABLE ONLY public.order_item
    ADD CONSTRAINT order_item_pkey PRIMARY KEY (id);


--
-- Name: order_line_item_adjustment order_line_item_adjustment_pkey; Type: CONSTRAINT; Schema: public; Owner: biomket
--

ALTER TABLE ONLY public.order_line_item_adjustment
    ADD CONSTRAINT order_line_item_adjustment_pkey PRIMARY KEY (id);


--
-- Name: order_line_item order_line_item_pkey; Type: CONSTRAINT; Schema: public; Owner: biomket
--

ALTER TABLE ONLY public.order_line_item
    ADD CONSTRAINT order_line_item_pkey PRIMARY KEY (id);


--
-- Name: order_line_item_tax_line order_line_item_tax_line_pkey; Type: CONSTRAINT; Schema: public; Owner: biomket
--

ALTER TABLE ONLY public.order_line_item_tax_line
    ADD CONSTRAINT order_line_item_tax_line_pkey PRIMARY KEY (id);


--
-- Name: order_payment_collection order_payment_collection_pkey; Type: CONSTRAINT; Schema: public; Owner: biomket
--

ALTER TABLE ONLY public.order_payment_collection
    ADD CONSTRAINT order_payment_collection_pkey PRIMARY KEY (order_id, payment_collection_id);


--
-- Name: order order_pkey; Type: CONSTRAINT; Schema: public; Owner: biomket
--

ALTER TABLE ONLY public."order"
    ADD CONSTRAINT order_pkey PRIMARY KEY (id);


--
-- Name: order_promotion order_promotion_pkey; Type: CONSTRAINT; Schema: public; Owner: biomket
--

ALTER TABLE ONLY public.order_promotion
    ADD CONSTRAINT order_promotion_pkey PRIMARY KEY (order_id, promotion_id);


--
-- Name: order_shipping_method_adjustment order_shipping_method_adjustment_pkey; Type: CONSTRAINT; Schema: public; Owner: biomket
--

ALTER TABLE ONLY public.order_shipping_method_adjustment
    ADD CONSTRAINT order_shipping_method_adjustment_pkey PRIMARY KEY (id);


--
-- Name: order_shipping_method order_shipping_method_pkey; Type: CONSTRAINT; Schema: public; Owner: biomket
--

ALTER TABLE ONLY public.order_shipping_method
    ADD CONSTRAINT order_shipping_method_pkey PRIMARY KEY (id);


--
-- Name: order_shipping_method_tax_line order_shipping_method_tax_line_pkey; Type: CONSTRAINT; Schema: public; Owner: biomket
--

ALTER TABLE ONLY public.order_shipping_method_tax_line
    ADD CONSTRAINT order_shipping_method_tax_line_pkey PRIMARY KEY (id);


--
-- Name: order_shipping order_shipping_pkey; Type: CONSTRAINT; Schema: public; Owner: biomket
--

ALTER TABLE ONLY public.order_shipping
    ADD CONSTRAINT order_shipping_pkey PRIMARY KEY (id);


--
-- Name: order_summary order_summary_pkey; Type: CONSTRAINT; Schema: public; Owner: biomket
--

ALTER TABLE ONLY public.order_summary
    ADD CONSTRAINT order_summary_pkey PRIMARY KEY (id);


--
-- Name: order_transaction order_transaction_pkey; Type: CONSTRAINT; Schema: public; Owner: biomket
--

ALTER TABLE ONLY public.order_transaction
    ADD CONSTRAINT order_transaction_pkey PRIMARY KEY (id);


--
-- Name: payment_collection_payment_providers payment_collection_payment_providers_pkey; Type: CONSTRAINT; Schema: public; Owner: biomket
--

ALTER TABLE ONLY public.payment_collection_payment_providers
    ADD CONSTRAINT payment_collection_payment_providers_pkey PRIMARY KEY (payment_collection_id, payment_provider_id);


--
-- Name: payment_collection payment_collection_pkey; Type: CONSTRAINT; Schema: public; Owner: biomket
--

ALTER TABLE ONLY public.payment_collection
    ADD CONSTRAINT payment_collection_pkey PRIMARY KEY (id);


--
-- Name: payment payment_pkey; Type: CONSTRAINT; Schema: public; Owner: biomket
--

ALTER TABLE ONLY public.payment
    ADD CONSTRAINT payment_pkey PRIMARY KEY (id);


--
-- Name: payment_provider payment_provider_pkey; Type: CONSTRAINT; Schema: public; Owner: biomket
--

ALTER TABLE ONLY public.payment_provider
    ADD CONSTRAINT payment_provider_pkey PRIMARY KEY (id);


--
-- Name: payment_session payment_session_pkey; Type: CONSTRAINT; Schema: public; Owner: biomket
--

ALTER TABLE ONLY public.payment_session
    ADD CONSTRAINT payment_session_pkey PRIMARY KEY (id);


--
-- Name: price_list price_list_pkey; Type: CONSTRAINT; Schema: public; Owner: biomket
--

ALTER TABLE ONLY public.price_list
    ADD CONSTRAINT price_list_pkey PRIMARY KEY (id);


--
-- Name: price_list_rule price_list_rule_pkey; Type: CONSTRAINT; Schema: public; Owner: biomket
--

ALTER TABLE ONLY public.price_list_rule
    ADD CONSTRAINT price_list_rule_pkey PRIMARY KEY (id);


--
-- Name: price price_pkey; Type: CONSTRAINT; Schema: public; Owner: biomket
--

ALTER TABLE ONLY public.price
    ADD CONSTRAINT price_pkey PRIMARY KEY (id);


--
-- Name: price_preference price_preference_pkey; Type: CONSTRAINT; Schema: public; Owner: biomket
--

ALTER TABLE ONLY public.price_preference
    ADD CONSTRAINT price_preference_pkey PRIMARY KEY (id);


--
-- Name: price_rule price_rule_pkey; Type: CONSTRAINT; Schema: public; Owner: biomket
--

ALTER TABLE ONLY public.price_rule
    ADD CONSTRAINT price_rule_pkey PRIMARY KEY (id);


--
-- Name: price_set price_set_pkey; Type: CONSTRAINT; Schema: public; Owner: biomket
--

ALTER TABLE ONLY public.price_set
    ADD CONSTRAINT price_set_pkey PRIMARY KEY (id);


--
-- Name: product_category product_category_pkey; Type: CONSTRAINT; Schema: public; Owner: biomket
--

ALTER TABLE ONLY public.product_category
    ADD CONSTRAINT product_category_pkey PRIMARY KEY (id);


--
-- Name: product_category_product product_category_product_pkey; Type: CONSTRAINT; Schema: public; Owner: biomket
--

ALTER TABLE ONLY public.product_category_product
    ADD CONSTRAINT product_category_product_pkey PRIMARY KEY (product_id, product_category_id);


--
-- Name: product_collection product_collection_pkey; Type: CONSTRAINT; Schema: public; Owner: biomket
--

ALTER TABLE ONLY public.product_collection
    ADD CONSTRAINT product_collection_pkey PRIMARY KEY (id);


--
-- Name: product_option product_option_pkey; Type: CONSTRAINT; Schema: public; Owner: biomket
--

ALTER TABLE ONLY public.product_option
    ADD CONSTRAINT product_option_pkey PRIMARY KEY (id);


--
-- Name: product_option_value product_option_value_pkey; Type: CONSTRAINT; Schema: public; Owner: biomket
--

ALTER TABLE ONLY public.product_option_value
    ADD CONSTRAINT product_option_value_pkey PRIMARY KEY (id);


--
-- Name: product product_pkey; Type: CONSTRAINT; Schema: public; Owner: biomket
--

ALTER TABLE ONLY public.product
    ADD CONSTRAINT product_pkey PRIMARY KEY (id);


--
-- Name: product_product_waste_waste_attribute product_product_waste_waste_attribute_pkey; Type: CONSTRAINT; Schema: public; Owner: biomket
--

ALTER TABLE ONLY public.product_product_waste_waste_attribute
    ADD CONSTRAINT product_product_waste_waste_attribute_pkey PRIMARY KEY (product_id, waste_attribute_id);


--
-- Name: product_sales_channel product_sales_channel_pkey; Type: CONSTRAINT; Schema: public; Owner: biomket
--

ALTER TABLE ONLY public.product_sales_channel
    ADD CONSTRAINT product_sales_channel_pkey PRIMARY KEY (product_id, sales_channel_id);


--
-- Name: product_shipping_profile product_shipping_profile_pkey; Type: CONSTRAINT; Schema: public; Owner: biomket
--

ALTER TABLE ONLY public.product_shipping_profile
    ADD CONSTRAINT product_shipping_profile_pkey PRIMARY KEY (product_id, shipping_profile_id);


--
-- Name: product_tag product_tag_pkey; Type: CONSTRAINT; Schema: public; Owner: biomket
--

ALTER TABLE ONLY public.product_tag
    ADD CONSTRAINT product_tag_pkey PRIMARY KEY (id);


--
-- Name: product_tags product_tags_pkey; Type: CONSTRAINT; Schema: public; Owner: biomket
--

ALTER TABLE ONLY public.product_tags
    ADD CONSTRAINT product_tags_pkey PRIMARY KEY (product_id, product_tag_id);


--
-- Name: product_type product_type_pkey; Type: CONSTRAINT; Schema: public; Owner: biomket
--

ALTER TABLE ONLY public.product_type
    ADD CONSTRAINT product_type_pkey PRIMARY KEY (id);


--
-- Name: product_variant_inventory_item product_variant_inventory_item_pkey; Type: CONSTRAINT; Schema: public; Owner: biomket
--

ALTER TABLE ONLY public.product_variant_inventory_item
    ADD CONSTRAINT product_variant_inventory_item_pkey PRIMARY KEY (variant_id, inventory_item_id);


--
-- Name: product_variant_option product_variant_option_pkey; Type: CONSTRAINT; Schema: public; Owner: biomket
--

ALTER TABLE ONLY public.product_variant_option
    ADD CONSTRAINT product_variant_option_pkey PRIMARY KEY (variant_id, option_value_id);


--
-- Name: product_variant product_variant_pkey; Type: CONSTRAINT; Schema: public; Owner: biomket
--

ALTER TABLE ONLY public.product_variant
    ADD CONSTRAINT product_variant_pkey PRIMARY KEY (id);


--
-- Name: product_variant_price_set product_variant_price_set_pkey; Type: CONSTRAINT; Schema: public; Owner: biomket
--

ALTER TABLE ONLY public.product_variant_price_set
    ADD CONSTRAINT product_variant_price_set_pkey PRIMARY KEY (variant_id, price_set_id);


--
-- Name: product_variant_product_image product_variant_product_image_pkey; Type: CONSTRAINT; Schema: public; Owner: biomket
--

ALTER TABLE ONLY public.product_variant_product_image
    ADD CONSTRAINT product_variant_product_image_pkey PRIMARY KEY (id);


--
-- Name: promotion_application_method promotion_application_method_pkey; Type: CONSTRAINT; Schema: public; Owner: biomket
--

ALTER TABLE ONLY public.promotion_application_method
    ADD CONSTRAINT promotion_application_method_pkey PRIMARY KEY (id);


--
-- Name: promotion_campaign_budget promotion_campaign_budget_pkey; Type: CONSTRAINT; Schema: public; Owner: biomket
--

ALTER TABLE ONLY public.promotion_campaign_budget
    ADD CONSTRAINT promotion_campaign_budget_pkey PRIMARY KEY (id);


--
-- Name: promotion_campaign_budget_usage promotion_campaign_budget_usage_pkey; Type: CONSTRAINT; Schema: public; Owner: biomket
--

ALTER TABLE ONLY public.promotion_campaign_budget_usage
    ADD CONSTRAINT promotion_campaign_budget_usage_pkey PRIMARY KEY (id);


--
-- Name: promotion_campaign promotion_campaign_pkey; Type: CONSTRAINT; Schema: public; Owner: biomket
--

ALTER TABLE ONLY public.promotion_campaign
    ADD CONSTRAINT promotion_campaign_pkey PRIMARY KEY (id);


--
-- Name: promotion promotion_pkey; Type: CONSTRAINT; Schema: public; Owner: biomket
--

ALTER TABLE ONLY public.promotion
    ADD CONSTRAINT promotion_pkey PRIMARY KEY (id);


--
-- Name: promotion_promotion_rule promotion_promotion_rule_pkey; Type: CONSTRAINT; Schema: public; Owner: biomket
--

ALTER TABLE ONLY public.promotion_promotion_rule
    ADD CONSTRAINT promotion_promotion_rule_pkey PRIMARY KEY (promotion_id, promotion_rule_id);


--
-- Name: promotion_rule promotion_rule_pkey; Type: CONSTRAINT; Schema: public; Owner: biomket
--

ALTER TABLE ONLY public.promotion_rule
    ADD CONSTRAINT promotion_rule_pkey PRIMARY KEY (id);


--
-- Name: promotion_rule_value promotion_rule_value_pkey; Type: CONSTRAINT; Schema: public; Owner: biomket
--

ALTER TABLE ONLY public.promotion_rule_value
    ADD CONSTRAINT promotion_rule_value_pkey PRIMARY KEY (id);


--
-- Name: provider_identity provider_identity_pkey; Type: CONSTRAINT; Schema: public; Owner: biomket
--

ALTER TABLE ONLY public.provider_identity
    ADD CONSTRAINT provider_identity_pkey PRIMARY KEY (id);


--
-- Name: publishable_api_key_sales_channel publishable_api_key_sales_channel_pkey; Type: CONSTRAINT; Schema: public; Owner: biomket
--

ALTER TABLE ONLY public.publishable_api_key_sales_channel
    ADD CONSTRAINT publishable_api_key_sales_channel_pkey PRIMARY KEY (publishable_key_id, sales_channel_id);


--
-- Name: refund refund_pkey; Type: CONSTRAINT; Schema: public; Owner: biomket
--

ALTER TABLE ONLY public.refund
    ADD CONSTRAINT refund_pkey PRIMARY KEY (id);


--
-- Name: refund_reason refund_reason_pkey; Type: CONSTRAINT; Schema: public; Owner: biomket
--

ALTER TABLE ONLY public.refund_reason
    ADD CONSTRAINT refund_reason_pkey PRIMARY KEY (id);


--
-- Name: region_country region_country_pkey; Type: CONSTRAINT; Schema: public; Owner: biomket
--

ALTER TABLE ONLY public.region_country
    ADD CONSTRAINT region_country_pkey PRIMARY KEY (iso_2);


--
-- Name: region_payment_provider region_payment_provider_pkey; Type: CONSTRAINT; Schema: public; Owner: biomket
--

ALTER TABLE ONLY public.region_payment_provider
    ADD CONSTRAINT region_payment_provider_pkey PRIMARY KEY (region_id, payment_provider_id);


--
-- Name: region region_pkey; Type: CONSTRAINT; Schema: public; Owner: biomket
--

ALTER TABLE ONLY public.region
    ADD CONSTRAINT region_pkey PRIMARY KEY (id);


--
-- Name: reservation_item reservation_item_pkey; Type: CONSTRAINT; Schema: public; Owner: biomket
--

ALTER TABLE ONLY public.reservation_item
    ADD CONSTRAINT reservation_item_pkey PRIMARY KEY (id);


--
-- Name: return_fulfillment return_fulfillment_pkey; Type: CONSTRAINT; Schema: public; Owner: biomket
--

ALTER TABLE ONLY public.return_fulfillment
    ADD CONSTRAINT return_fulfillment_pkey PRIMARY KEY (return_id, fulfillment_id);


--
-- Name: return_item return_item_pkey; Type: CONSTRAINT; Schema: public; Owner: biomket
--

ALTER TABLE ONLY public.return_item
    ADD CONSTRAINT return_item_pkey PRIMARY KEY (id);


--
-- Name: return return_pkey; Type: CONSTRAINT; Schema: public; Owner: biomket
--

ALTER TABLE ONLY public.return
    ADD CONSTRAINT return_pkey PRIMARY KEY (id);


--
-- Name: return_reason return_reason_pkey; Type: CONSTRAINT; Schema: public; Owner: biomket
--

ALTER TABLE ONLY public.return_reason
    ADD CONSTRAINT return_reason_pkey PRIMARY KEY (id);


--
-- Name: sales_channel sales_channel_pkey; Type: CONSTRAINT; Schema: public; Owner: biomket
--

ALTER TABLE ONLY public.sales_channel
    ADD CONSTRAINT sales_channel_pkey PRIMARY KEY (id);


--
-- Name: sales_channel_stock_location sales_channel_stock_location_pkey; Type: CONSTRAINT; Schema: public; Owner: biomket
--

ALTER TABLE ONLY public.sales_channel_stock_location
    ADD CONSTRAINT sales_channel_stock_location_pkey PRIMARY KEY (sales_channel_id, stock_location_id);


--
-- Name: script_migrations script_migrations_pkey; Type: CONSTRAINT; Schema: public; Owner: biomket
--

ALTER TABLE ONLY public.script_migrations
    ADD CONSTRAINT script_migrations_pkey PRIMARY KEY (id);


--
-- Name: service_zone service_zone_pkey; Type: CONSTRAINT; Schema: public; Owner: biomket
--

ALTER TABLE ONLY public.service_zone
    ADD CONSTRAINT service_zone_pkey PRIMARY KEY (id);


--
-- Name: shipping_option shipping_option_pkey; Type: CONSTRAINT; Schema: public; Owner: biomket
--

ALTER TABLE ONLY public.shipping_option
    ADD CONSTRAINT shipping_option_pkey PRIMARY KEY (id);


--
-- Name: shipping_option_price_set shipping_option_price_set_pkey; Type: CONSTRAINT; Schema: public; Owner: biomket
--

ALTER TABLE ONLY public.shipping_option_price_set
    ADD CONSTRAINT shipping_option_price_set_pkey PRIMARY KEY (shipping_option_id, price_set_id);


--
-- Name: shipping_option_rule shipping_option_rule_pkey; Type: CONSTRAINT; Schema: public; Owner: biomket
--

ALTER TABLE ONLY public.shipping_option_rule
    ADD CONSTRAINT shipping_option_rule_pkey PRIMARY KEY (id);


--
-- Name: shipping_option_type shipping_option_type_pkey; Type: CONSTRAINT; Schema: public; Owner: biomket
--

ALTER TABLE ONLY public.shipping_option_type
    ADD CONSTRAINT shipping_option_type_pkey PRIMARY KEY (id);


--
-- Name: shipping_profile shipping_profile_pkey; Type: CONSTRAINT; Schema: public; Owner: biomket
--

ALTER TABLE ONLY public.shipping_profile
    ADD CONSTRAINT shipping_profile_pkey PRIMARY KEY (id);


--
-- Name: stock_location_address stock_location_address_pkey; Type: CONSTRAINT; Schema: public; Owner: biomket
--

ALTER TABLE ONLY public.stock_location_address
    ADD CONSTRAINT stock_location_address_pkey PRIMARY KEY (id);


--
-- Name: stock_location stock_location_pkey; Type: CONSTRAINT; Schema: public; Owner: biomket
--

ALTER TABLE ONLY public.stock_location
    ADD CONSTRAINT stock_location_pkey PRIMARY KEY (id);


--
-- Name: store_currency store_currency_pkey; Type: CONSTRAINT; Schema: public; Owner: biomket
--

ALTER TABLE ONLY public.store_currency
    ADD CONSTRAINT store_currency_pkey PRIMARY KEY (id);


--
-- Name: store_locale store_locale_pkey; Type: CONSTRAINT; Schema: public; Owner: biomket
--

ALTER TABLE ONLY public.store_locale
    ADD CONSTRAINT store_locale_pkey PRIMARY KEY (id);


--
-- Name: store store_pkey; Type: CONSTRAINT; Schema: public; Owner: biomket
--

ALTER TABLE ONLY public.store
    ADD CONSTRAINT store_pkey PRIMARY KEY (id);


--
-- Name: tax_provider tax_provider_pkey; Type: CONSTRAINT; Schema: public; Owner: biomket
--

ALTER TABLE ONLY public.tax_provider
    ADD CONSTRAINT tax_provider_pkey PRIMARY KEY (id);


--
-- Name: tax_rate tax_rate_pkey; Type: CONSTRAINT; Schema: public; Owner: biomket
--

ALTER TABLE ONLY public.tax_rate
    ADD CONSTRAINT tax_rate_pkey PRIMARY KEY (id);


--
-- Name: tax_rate_rule tax_rate_rule_pkey; Type: CONSTRAINT; Schema: public; Owner: biomket
--

ALTER TABLE ONLY public.tax_rate_rule
    ADD CONSTRAINT tax_rate_rule_pkey PRIMARY KEY (id);


--
-- Name: tax_region tax_region_pkey; Type: CONSTRAINT; Schema: public; Owner: biomket
--

ALTER TABLE ONLY public.tax_region
    ADD CONSTRAINT tax_region_pkey PRIMARY KEY (id);


--
-- Name: user user_pkey; Type: CONSTRAINT; Schema: public; Owner: biomket
--

ALTER TABLE ONLY public."user"
    ADD CONSTRAINT user_pkey PRIMARY KEY (id);


--
-- Name: user_preference user_preference_pkey; Type: CONSTRAINT; Schema: public; Owner: biomket
--

ALTER TABLE ONLY public.user_preference
    ADD CONSTRAINT user_preference_pkey PRIMARY KEY (id);


--
-- Name: user_rbac_role user_rbac_role_pkey; Type: CONSTRAINT; Schema: public; Owner: biomket
--

ALTER TABLE ONLY public.user_rbac_role
    ADD CONSTRAINT user_rbac_role_pkey PRIMARY KEY (user_id, rbac_role_id);


--
-- Name: view_configuration view_configuration_pkey; Type: CONSTRAINT; Schema: public; Owner: biomket
--

ALTER TABLE ONLY public.view_configuration
    ADD CONSTRAINT view_configuration_pkey PRIMARY KEY (id);


--
-- Name: waste_attribute waste_attribute_pkey; Type: CONSTRAINT; Schema: public; Owner: biomket
--

ALTER TABLE ONLY public.waste_attribute
    ADD CONSTRAINT waste_attribute_pkey PRIMARY KEY (id);


--
-- Name: workflow_execution workflow_execution_pkey; Type: CONSTRAINT; Schema: public; Owner: biomket
--

ALTER TABLE ONLY public.workflow_execution
    ADD CONSTRAINT workflow_execution_pkey PRIMARY KEY (workflow_id, transaction_id, run_id);


--
-- Name: IDX_account_holder_deleted_at; Type: INDEX; Schema: public; Owner: biomket
--

CREATE INDEX "IDX_account_holder_deleted_at" ON public.account_holder USING btree (deleted_at) WHERE (deleted_at IS NULL);


--
-- Name: IDX_account_holder_id_5cb3a0c0; Type: INDEX; Schema: public; Owner: biomket
--

CREATE INDEX "IDX_account_holder_id_5cb3a0c0" ON public.customer_account_holder USING btree (account_holder_id) WHERE (deleted_at IS NULL);


--
-- Name: IDX_account_holder_provider_id_external_id_unique; Type: INDEX; Schema: public; Owner: biomket
--

CREATE UNIQUE INDEX "IDX_account_holder_provider_id_external_id_unique" ON public.account_holder USING btree (provider_id, external_id) WHERE (deleted_at IS NULL);


--
-- Name: IDX_application_method_allocation; Type: INDEX; Schema: public; Owner: biomket
--

CREATE INDEX "IDX_application_method_allocation" ON public.promotion_application_method USING btree (allocation);


--
-- Name: IDX_application_method_target_type; Type: INDEX; Schema: public; Owner: biomket
--

CREATE INDEX "IDX_application_method_target_type" ON public.promotion_application_method USING btree (target_type);


--
-- Name: IDX_application_method_type; Type: INDEX; Schema: public; Owner: biomket
--

CREATE INDEX "IDX_application_method_type" ON public.promotion_application_method USING btree (type);


--
-- Name: IDX_auth_identity_deleted_at; Type: INDEX; Schema: public; Owner: biomket
--

CREATE INDEX "IDX_auth_identity_deleted_at" ON public.auth_identity USING btree (deleted_at) WHERE (deleted_at IS NULL);


--
-- Name: IDX_campaign_budget_type; Type: INDEX; Schema: public; Owner: biomket
--

CREATE INDEX "IDX_campaign_budget_type" ON public.promotion_campaign_budget USING btree (type);


--
-- Name: IDX_capture_deleted_at; Type: INDEX; Schema: public; Owner: biomket
--

CREATE INDEX "IDX_capture_deleted_at" ON public.capture USING btree (deleted_at);


--
-- Name: IDX_capture_payment_id; Type: INDEX; Schema: public; Owner: biomket
--

CREATE INDEX "IDX_capture_payment_id" ON public.capture USING btree (payment_id) WHERE (deleted_at IS NULL);


--
-- Name: IDX_cart_address_deleted_at; Type: INDEX; Schema: public; Owner: biomket
--

CREATE INDEX "IDX_cart_address_deleted_at" ON public.cart_address USING btree (deleted_at) WHERE (deleted_at IS NOT NULL);


--
-- Name: IDX_cart_billing_address_id; Type: INDEX; Schema: public; Owner: biomket
--

CREATE INDEX "IDX_cart_billing_address_id" ON public.cart USING btree (billing_address_id) WHERE ((deleted_at IS NULL) AND (billing_address_id IS NOT NULL));


--
-- Name: IDX_cart_credit_line_reference_reference_id; Type: INDEX; Schema: public; Owner: biomket
--

CREATE INDEX "IDX_cart_credit_line_reference_reference_id" ON public.credit_line USING btree (reference, reference_id) WHERE (deleted_at IS NOT NULL);


--
-- Name: IDX_cart_currency_code; Type: INDEX; Schema: public; Owner: biomket
--

CREATE INDEX "IDX_cart_currency_code" ON public.cart USING btree (currency_code);


--
-- Name: IDX_cart_customer_id; Type: INDEX; Schema: public; Owner: biomket
--

CREATE INDEX "IDX_cart_customer_id" ON public.cart USING btree (customer_id) WHERE ((deleted_at IS NULL) AND (customer_id IS NOT NULL));


--
-- Name: IDX_cart_deleted_at; Type: INDEX; Schema: public; Owner: biomket
--

CREATE INDEX "IDX_cart_deleted_at" ON public.cart USING btree (deleted_at) WHERE (deleted_at IS NOT NULL);


--
-- Name: IDX_cart_id_-4a39f6c9; Type: INDEX; Schema: public; Owner: biomket
--

CREATE INDEX "IDX_cart_id_-4a39f6c9" ON public.cart_payment_collection USING btree (cart_id) WHERE (deleted_at IS NULL);


--
-- Name: IDX_cart_id_-71069c16; Type: INDEX; Schema: public; Owner: biomket
--

CREATE INDEX "IDX_cart_id_-71069c16" ON public.order_cart USING btree (cart_id) WHERE (deleted_at IS NULL);


--
-- Name: IDX_cart_id_-a9d4a70b; Type: INDEX; Schema: public; Owner: biomket
--

CREATE INDEX "IDX_cart_id_-a9d4a70b" ON public.cart_promotion USING btree (cart_id) WHERE (deleted_at IS NULL);


--
-- Name: IDX_cart_line_item_adjustment_deleted_at; Type: INDEX; Schema: public; Owner: biomket
--

CREATE INDEX "IDX_cart_line_item_adjustment_deleted_at" ON public.cart_line_item_adjustment USING btree (deleted_at) WHERE (deleted_at IS NOT NULL);


--
-- Name: IDX_cart_line_item_adjustment_item_id; Type: INDEX; Schema: public; Owner: biomket
--

CREATE INDEX "IDX_cart_line_item_adjustment_item_id" ON public.cart_line_item_adjustment USING btree (item_id) WHERE (deleted_at IS NULL);


--
-- Name: IDX_cart_line_item_cart_id; Type: INDEX; Schema: public; Owner: biomket
--

CREATE INDEX "IDX_cart_line_item_cart_id" ON public.cart_line_item USING btree (cart_id) WHERE (deleted_at IS NULL);


--
-- Name: IDX_cart_line_item_deleted_at; Type: INDEX; Schema: public; Owner: biomket
--

CREATE INDEX "IDX_cart_line_item_deleted_at" ON public.cart_line_item USING btree (deleted_at) WHERE (deleted_at IS NOT NULL);


--
-- Name: IDX_cart_line_item_tax_line_deleted_at; Type: INDEX; Schema: public; Owner: biomket
--

CREATE INDEX "IDX_cart_line_item_tax_line_deleted_at" ON public.cart_line_item_tax_line USING btree (deleted_at) WHERE (deleted_at IS NOT NULL);


--
-- Name: IDX_cart_line_item_tax_line_item_id; Type: INDEX; Schema: public; Owner: biomket
--

CREATE INDEX "IDX_cart_line_item_tax_line_item_id" ON public.cart_line_item_tax_line USING btree (item_id) WHERE (deleted_at IS NULL);


--
-- Name: IDX_cart_region_id; Type: INDEX; Schema: public; Owner: biomket
--

CREATE INDEX "IDX_cart_region_id" ON public.cart USING btree (region_id) WHERE ((deleted_at IS NULL) AND (region_id IS NOT NULL));


--
-- Name: IDX_cart_sales_channel_id; Type: INDEX; Schema: public; Owner: biomket
--

CREATE INDEX "IDX_cart_sales_channel_id" ON public.cart USING btree (sales_channel_id) WHERE ((deleted_at IS NULL) AND (sales_channel_id IS NOT NULL));


--
-- Name: IDX_cart_shipping_address_id; Type: INDEX; Schema: public; Owner: biomket
--

CREATE INDEX "IDX_cart_shipping_address_id" ON public.cart USING btree (shipping_address_id) WHERE ((deleted_at IS NULL) AND (shipping_address_id IS NOT NULL));


--
-- Name: IDX_cart_shipping_method_adjustment_deleted_at; Type: INDEX; Schema: public; Owner: biomket
--

CREATE INDEX "IDX_cart_shipping_method_adjustment_deleted_at" ON public.cart_shipping_method_adjustment USING btree (deleted_at) WHERE (deleted_at IS NOT NULL);


--
-- Name: IDX_cart_shipping_method_adjustment_shipping_method_id; Type: INDEX; Schema: public; Owner: biomket
--

CREATE INDEX "IDX_cart_shipping_method_adjustment_shipping_method_id" ON public.cart_shipping_method_adjustment USING btree (shipping_method_id) WHERE (deleted_at IS NULL);


--
-- Name: IDX_cart_shipping_method_cart_id; Type: INDEX; Schema: public; Owner: biomket
--

CREATE INDEX "IDX_cart_shipping_method_cart_id" ON public.cart_shipping_method USING btree (cart_id) WHERE (deleted_at IS NULL);


--
-- Name: IDX_cart_shipping_method_deleted_at; Type: INDEX; Schema: public; Owner: biomket
--

CREATE INDEX "IDX_cart_shipping_method_deleted_at" ON public.cart_shipping_method USING btree (deleted_at) WHERE (deleted_at IS NOT NULL);


--
-- Name: IDX_cart_shipping_method_tax_line_deleted_at; Type: INDEX; Schema: public; Owner: biomket
--

CREATE INDEX "IDX_cart_shipping_method_tax_line_deleted_at" ON public.cart_shipping_method_tax_line USING btree (deleted_at) WHERE (deleted_at IS NOT NULL);


--
-- Name: IDX_cart_shipping_method_tax_line_shipping_method_id; Type: INDEX; Schema: public; Owner: biomket
--

CREATE INDEX "IDX_cart_shipping_method_tax_line_shipping_method_id" ON public.cart_shipping_method_tax_line USING btree (shipping_method_id) WHERE (deleted_at IS NULL);


--
-- Name: IDX_category_handle_unique; Type: INDEX; Schema: public; Owner: biomket
--

CREATE UNIQUE INDEX "IDX_category_handle_unique" ON public.product_category USING btree (handle) WHERE (deleted_at IS NULL);


--
-- Name: IDX_cms_component_instance_type; Type: INDEX; Schema: public; Owner: biomket
--

CREATE INDEX "IDX_cms_component_instance_type" ON public.cms_component_instance USING btree (component_type_id);


--
-- Name: IDX_cms_component_type_folder; Type: INDEX; Schema: public; Owner: biomket
--

CREATE INDEX "IDX_cms_component_type_folder" ON public.cms_component_type USING btree (folder_id);


--
-- Name: IDX_cms_component_type_name; Type: INDEX; Schema: public; Owner: biomket
--

CREATE UNIQUE INDEX "IDX_cms_component_type_name" ON public.cms_component_type USING btree (name) WHERE (deleted_at IS NULL);


--
-- Name: IDX_cms_page_component_page; Type: INDEX; Schema: public; Owner: biomket
--

CREATE INDEX "IDX_cms_page_component_page" ON public.cms_page_component USING btree (page_id);


--
-- Name: IDX_cms_page_component_section; Type: INDEX; Schema: public; Owner: biomket
--

CREATE INDEX "IDX_cms_page_component_section" ON public.cms_page_component USING btree (page_section_id);


--
-- Name: IDX_cms_page_deleted_at; Type: INDEX; Schema: public; Owner: biomket
--

CREATE INDEX "IDX_cms_page_deleted_at" ON public.cms_page USING btree (deleted_at) WHERE (deleted_at IS NULL);


--
-- Name: IDX_collection_handle_unique; Type: INDEX; Schema: public; Owner: biomket
--

CREATE UNIQUE INDEX "IDX_collection_handle_unique" ON public.product_collection USING btree (handle) WHERE (deleted_at IS NULL);


--
-- Name: IDX_credit_line_cart_id; Type: INDEX; Schema: public; Owner: biomket
--

CREATE INDEX "IDX_credit_line_cart_id" ON public.credit_line USING btree (cart_id) WHERE (deleted_at IS NULL);


--
-- Name: IDX_credit_line_deleted_at; Type: INDEX; Schema: public; Owner: biomket
--

CREATE INDEX "IDX_credit_line_deleted_at" ON public.credit_line USING btree (deleted_at) WHERE (deleted_at IS NULL);


--
-- Name: IDX_customer_address_customer_id; Type: INDEX; Schema: public; Owner: biomket
--

CREATE INDEX "IDX_customer_address_customer_id" ON public.customer_address USING btree (customer_id);


--
-- Name: IDX_customer_address_deleted_at; Type: INDEX; Schema: public; Owner: biomket
--

CREATE INDEX "IDX_customer_address_deleted_at" ON public.customer_address USING btree (deleted_at) WHERE (deleted_at IS NULL);


--
-- Name: IDX_customer_address_unique_customer_billing; Type: INDEX; Schema: public; Owner: biomket
--

CREATE UNIQUE INDEX "IDX_customer_address_unique_customer_billing" ON public.customer_address USING btree (customer_id) WHERE (is_default_billing = true);


--
-- Name: IDX_customer_address_unique_customer_shipping; Type: INDEX; Schema: public; Owner: biomket
--

CREATE UNIQUE INDEX "IDX_customer_address_unique_customer_shipping" ON public.customer_address USING btree (customer_id) WHERE (is_default_shipping = true);


--
-- Name: IDX_customer_deleted_at; Type: INDEX; Schema: public; Owner: biomket
--

CREATE INDEX "IDX_customer_deleted_at" ON public.customer USING btree (deleted_at) WHERE (deleted_at IS NULL);


--
-- Name: IDX_customer_email_has_account_unique; Type: INDEX; Schema: public; Owner: biomket
--

CREATE UNIQUE INDEX "IDX_customer_email_has_account_unique" ON public.customer USING btree (email, has_account) WHERE (deleted_at IS NULL);


--
-- Name: IDX_customer_group_customer_customer_group_id; Type: INDEX; Schema: public; Owner: biomket
--

CREATE INDEX "IDX_customer_group_customer_customer_group_id" ON public.customer_group_customer USING btree (customer_group_id) WHERE (deleted_at IS NULL);


--
-- Name: IDX_customer_group_customer_customer_id; Type: INDEX; Schema: public; Owner: biomket
--

CREATE INDEX "IDX_customer_group_customer_customer_id" ON public.customer_group_customer USING btree (customer_id);


--
-- Name: IDX_customer_group_customer_deleted_at; Type: INDEX; Schema: public; Owner: biomket
--

CREATE INDEX "IDX_customer_group_customer_deleted_at" ON public.customer_group_customer USING btree (deleted_at) WHERE (deleted_at IS NULL);


--
-- Name: IDX_customer_group_deleted_at; Type: INDEX; Schema: public; Owner: biomket
--

CREATE INDEX "IDX_customer_group_deleted_at" ON public.customer_group USING btree (deleted_at) WHERE (deleted_at IS NULL);


--
-- Name: IDX_customer_group_name_unique; Type: INDEX; Schema: public; Owner: biomket
--

CREATE UNIQUE INDEX "IDX_customer_group_name_unique" ON public.customer_group USING btree (name) WHERE (deleted_at IS NULL);


--
-- Name: IDX_customer_id_5cb3a0c0; Type: INDEX; Schema: public; Owner: biomket
--

CREATE INDEX "IDX_customer_id_5cb3a0c0" ON public.customer_account_holder USING btree (customer_id) WHERE (deleted_at IS NULL);


--
-- Name: IDX_deleted_at_-1d67bae40; Type: INDEX; Schema: public; Owner: biomket
--

CREATE INDEX "IDX_deleted_at_-1d67bae40" ON public.publishable_api_key_sales_channel USING btree (deleted_at);


--
-- Name: IDX_deleted_at_-1e5992737; Type: INDEX; Schema: public; Owner: biomket
--

CREATE INDEX "IDX_deleted_at_-1e5992737" ON public.location_fulfillment_provider USING btree (deleted_at);


--
-- Name: IDX_deleted_at_-31ea43a; Type: INDEX; Schema: public; Owner: biomket
--

CREATE INDEX "IDX_deleted_at_-31ea43a" ON public.return_fulfillment USING btree (deleted_at);


--
-- Name: IDX_deleted_at_-4a39f6c9; Type: INDEX; Schema: public; Owner: biomket
--

CREATE INDEX "IDX_deleted_at_-4a39f6c9" ON public.cart_payment_collection USING btree (deleted_at);


--
-- Name: IDX_deleted_at_-71069c16; Type: INDEX; Schema: public; Owner: biomket
--

CREATE INDEX "IDX_deleted_at_-71069c16" ON public.order_cart USING btree (deleted_at);


--
-- Name: IDX_deleted_at_-71518339; Type: INDEX; Schema: public; Owner: biomket
--

CREATE INDEX "IDX_deleted_at_-71518339" ON public.order_promotion USING btree (deleted_at);


--
-- Name: IDX_deleted_at_-a9d4a70b; Type: INDEX; Schema: public; Owner: biomket
--

CREATE INDEX "IDX_deleted_at_-a9d4a70b" ON public.cart_promotion USING btree (deleted_at);


--
-- Name: IDX_deleted_at_-e88adb96; Type: INDEX; Schema: public; Owner: biomket
--

CREATE INDEX "IDX_deleted_at_-e88adb96" ON public.location_fulfillment_set USING btree (deleted_at);


--
-- Name: IDX_deleted_at_-e8d2543e; Type: INDEX; Schema: public; Owner: biomket
--

CREATE INDEX "IDX_deleted_at_-e8d2543e" ON public.order_fulfillment USING btree (deleted_at);


--
-- Name: IDX_deleted_at_17a262437; Type: INDEX; Schema: public; Owner: biomket
--

CREATE INDEX "IDX_deleted_at_17a262437" ON public.product_shipping_profile USING btree (deleted_at);


--
-- Name: IDX_deleted_at_17b4c4e35; Type: INDEX; Schema: public; Owner: biomket
--

CREATE INDEX "IDX_deleted_at_17b4c4e35" ON public.product_variant_inventory_item USING btree (deleted_at);


--
-- Name: IDX_deleted_at_1c934dab0; Type: INDEX; Schema: public; Owner: biomket
--

CREATE INDEX "IDX_deleted_at_1c934dab0" ON public.region_payment_provider USING btree (deleted_at);


--
-- Name: IDX_deleted_at_20b454295; Type: INDEX; Schema: public; Owner: biomket
--

CREATE INDEX "IDX_deleted_at_20b454295" ON public.product_sales_channel USING btree (deleted_at);


--
-- Name: IDX_deleted_at_26d06f470; Type: INDEX; Schema: public; Owner: biomket
--

CREATE INDEX "IDX_deleted_at_26d06f470" ON public.sales_channel_stock_location USING btree (deleted_at);


--
-- Name: IDX_deleted_at_52b23597; Type: INDEX; Schema: public; Owner: biomket
--

CREATE INDEX "IDX_deleted_at_52b23597" ON public.product_variant_price_set USING btree (deleted_at);


--
-- Name: IDX_deleted_at_5cb3a0c0; Type: INDEX; Schema: public; Owner: biomket
--

CREATE INDEX "IDX_deleted_at_5cb3a0c0" ON public.customer_account_holder USING btree (deleted_at);


--
-- Name: IDX_deleted_at_64ff0c4c; Type: INDEX; Schema: public; Owner: biomket
--

CREATE INDEX "IDX_deleted_at_64ff0c4c" ON public.user_rbac_role USING btree (deleted_at);


--
-- Name: IDX_deleted_at_9c6589bf; Type: INDEX; Schema: public; Owner: biomket
--

CREATE INDEX "IDX_deleted_at_9c6589bf" ON public.product_product_waste_waste_attribute USING btree (deleted_at);


--
-- Name: IDX_deleted_at_ba32fa9c; Type: INDEX; Schema: public; Owner: biomket
--

CREATE INDEX "IDX_deleted_at_ba32fa9c" ON public.shipping_option_price_set USING btree (deleted_at);


--
-- Name: IDX_deleted_at_f42b9949; Type: INDEX; Schema: public; Owner: biomket
--

CREATE INDEX "IDX_deleted_at_f42b9949" ON public.order_payment_collection USING btree (deleted_at);


--
-- Name: IDX_fulfillment_address_deleted_at; Type: INDEX; Schema: public; Owner: biomket
--

CREATE INDEX "IDX_fulfillment_address_deleted_at" ON public.fulfillment_address USING btree (deleted_at) WHERE (deleted_at IS NOT NULL);


--
-- Name: IDX_fulfillment_deleted_at; Type: INDEX; Schema: public; Owner: biomket
--

CREATE INDEX "IDX_fulfillment_deleted_at" ON public.fulfillment USING btree (deleted_at) WHERE (deleted_at IS NOT NULL);


--
-- Name: IDX_fulfillment_id_-31ea43a; Type: INDEX; Schema: public; Owner: biomket
--

CREATE INDEX "IDX_fulfillment_id_-31ea43a" ON public.return_fulfillment USING btree (fulfillment_id) WHERE (deleted_at IS NULL);


--
-- Name: IDX_fulfillment_id_-e8d2543e; Type: INDEX; Schema: public; Owner: biomket
--

CREATE INDEX "IDX_fulfillment_id_-e8d2543e" ON public.order_fulfillment USING btree (fulfillment_id) WHERE (deleted_at IS NULL);


--
-- Name: IDX_fulfillment_item_deleted_at; Type: INDEX; Schema: public; Owner: biomket
--

CREATE INDEX "IDX_fulfillment_item_deleted_at" ON public.fulfillment_item USING btree (deleted_at) WHERE (deleted_at IS NOT NULL);


--
-- Name: IDX_fulfillment_item_fulfillment_id; Type: INDEX; Schema: public; Owner: biomket
--

CREATE INDEX "IDX_fulfillment_item_fulfillment_id" ON public.fulfillment_item USING btree (fulfillment_id) WHERE (deleted_at IS NULL);


--
-- Name: IDX_fulfillment_item_inventory_item_id; Type: INDEX; Schema: public; Owner: biomket
--

CREATE INDEX "IDX_fulfillment_item_inventory_item_id" ON public.fulfillment_item USING btree (inventory_item_id) WHERE (deleted_at IS NULL);


--
-- Name: IDX_fulfillment_item_line_item_id; Type: INDEX; Schema: public; Owner: biomket
--

CREATE INDEX "IDX_fulfillment_item_line_item_id" ON public.fulfillment_item USING btree (line_item_id) WHERE (deleted_at IS NULL);


--
-- Name: IDX_fulfillment_label_deleted_at; Type: INDEX; Schema: public; Owner: biomket
--

CREATE INDEX "IDX_fulfillment_label_deleted_at" ON public.fulfillment_label USING btree (deleted_at) WHERE (deleted_at IS NOT NULL);


--
-- Name: IDX_fulfillment_label_fulfillment_id; Type: INDEX; Schema: public; Owner: biomket
--

CREATE INDEX "IDX_fulfillment_label_fulfillment_id" ON public.fulfillment_label USING btree (fulfillment_id) WHERE (deleted_at IS NULL);


--
-- Name: IDX_fulfillment_location_id; Type: INDEX; Schema: public; Owner: biomket
--

CREATE INDEX "IDX_fulfillment_location_id" ON public.fulfillment USING btree (location_id) WHERE (deleted_at IS NULL);


--
-- Name: IDX_fulfillment_provider_deleted_at; Type: INDEX; Schema: public; Owner: biomket
--

CREATE INDEX "IDX_fulfillment_provider_deleted_at" ON public.fulfillment_provider USING btree (deleted_at) WHERE (deleted_at IS NULL);


--
-- Name: IDX_fulfillment_provider_id_-1e5992737; Type: INDEX; Schema: public; Owner: biomket
--

CREATE INDEX "IDX_fulfillment_provider_id_-1e5992737" ON public.location_fulfillment_provider USING btree (fulfillment_provider_id) WHERE (deleted_at IS NULL);


--
-- Name: IDX_fulfillment_set_deleted_at; Type: INDEX; Schema: public; Owner: biomket
--

CREATE INDEX "IDX_fulfillment_set_deleted_at" ON public.fulfillment_set USING btree (deleted_at) WHERE (deleted_at IS NOT NULL);


--
-- Name: IDX_fulfillment_set_id_-e88adb96; Type: INDEX; Schema: public; Owner: biomket
--

CREATE INDEX "IDX_fulfillment_set_id_-e88adb96" ON public.location_fulfillment_set USING btree (fulfillment_set_id) WHERE (deleted_at IS NULL);


--
-- Name: IDX_fulfillment_set_name_unique; Type: INDEX; Schema: public; Owner: biomket
--

CREATE UNIQUE INDEX "IDX_fulfillment_set_name_unique" ON public.fulfillment_set USING btree (name) WHERE (deleted_at IS NULL);


--
-- Name: IDX_fulfillment_shipping_option_id; Type: INDEX; Schema: public; Owner: biomket
--

CREATE INDEX "IDX_fulfillment_shipping_option_id" ON public.fulfillment USING btree (shipping_option_id) WHERE (deleted_at IS NULL);


--
-- Name: IDX_geo_zone_city; Type: INDEX; Schema: public; Owner: biomket
--

CREATE INDEX "IDX_geo_zone_city" ON public.geo_zone USING btree (city) WHERE ((deleted_at IS NULL) AND (city IS NOT NULL));


--
-- Name: IDX_geo_zone_country_code; Type: INDEX; Schema: public; Owner: biomket
--

CREATE INDEX "IDX_geo_zone_country_code" ON public.geo_zone USING btree (country_code) WHERE (deleted_at IS NULL);


--
-- Name: IDX_geo_zone_deleted_at; Type: INDEX; Schema: public; Owner: biomket
--

CREATE INDEX "IDX_geo_zone_deleted_at" ON public.geo_zone USING btree (deleted_at) WHERE (deleted_at IS NOT NULL);


--
-- Name: IDX_geo_zone_province_code; Type: INDEX; Schema: public; Owner: biomket
--

CREATE INDEX "IDX_geo_zone_province_code" ON public.geo_zone USING btree (province_code) WHERE ((deleted_at IS NULL) AND (province_code IS NOT NULL));


--
-- Name: IDX_geo_zone_service_zone_id; Type: INDEX; Schema: public; Owner: biomket
--

CREATE INDEX "IDX_geo_zone_service_zone_id" ON public.geo_zone USING btree (service_zone_id) WHERE (deleted_at IS NULL);


--
-- Name: IDX_id_-1d67bae40; Type: INDEX; Schema: public; Owner: biomket
--

CREATE INDEX "IDX_id_-1d67bae40" ON public.publishable_api_key_sales_channel USING btree (id);


--
-- Name: IDX_id_-1e5992737; Type: INDEX; Schema: public; Owner: biomket
--

CREATE INDEX "IDX_id_-1e5992737" ON public.location_fulfillment_provider USING btree (id);


--
-- Name: IDX_id_-31ea43a; Type: INDEX; Schema: public; Owner: biomket
--

CREATE INDEX "IDX_id_-31ea43a" ON public.return_fulfillment USING btree (id);


--
-- Name: IDX_id_-4a39f6c9; Type: INDEX; Schema: public; Owner: biomket
--

CREATE INDEX "IDX_id_-4a39f6c9" ON public.cart_payment_collection USING btree (id);


--
-- Name: IDX_id_-71069c16; Type: INDEX; Schema: public; Owner: biomket
--

CREATE INDEX "IDX_id_-71069c16" ON public.order_cart USING btree (id);


--
-- Name: IDX_id_-71518339; Type: INDEX; Schema: public; Owner: biomket
--

CREATE INDEX "IDX_id_-71518339" ON public.order_promotion USING btree (id);


--
-- Name: IDX_id_-a9d4a70b; Type: INDEX; Schema: public; Owner: biomket
--

CREATE INDEX "IDX_id_-a9d4a70b" ON public.cart_promotion USING btree (id);


--
-- Name: IDX_id_-e88adb96; Type: INDEX; Schema: public; Owner: biomket
--

CREATE INDEX "IDX_id_-e88adb96" ON public.location_fulfillment_set USING btree (id);


--
-- Name: IDX_id_-e8d2543e; Type: INDEX; Schema: public; Owner: biomket
--

CREATE INDEX "IDX_id_-e8d2543e" ON public.order_fulfillment USING btree (id);


--
-- Name: IDX_id_17a262437; Type: INDEX; Schema: public; Owner: biomket
--

CREATE INDEX "IDX_id_17a262437" ON public.product_shipping_profile USING btree (id);


--
-- Name: IDX_id_17b4c4e35; Type: INDEX; Schema: public; Owner: biomket
--

CREATE INDEX "IDX_id_17b4c4e35" ON public.product_variant_inventory_item USING btree (id);


--
-- Name: IDX_id_1c934dab0; Type: INDEX; Schema: public; Owner: biomket
--

CREATE INDEX "IDX_id_1c934dab0" ON public.region_payment_provider USING btree (id);


--
-- Name: IDX_id_20b454295; Type: INDEX; Schema: public; Owner: biomket
--

CREATE INDEX "IDX_id_20b454295" ON public.product_sales_channel USING btree (id);


--
-- Name: IDX_id_26d06f470; Type: INDEX; Schema: public; Owner: biomket
--

CREATE INDEX "IDX_id_26d06f470" ON public.sales_channel_stock_location USING btree (id);


--
-- Name: IDX_id_52b23597; Type: INDEX; Schema: public; Owner: biomket
--

CREATE INDEX "IDX_id_52b23597" ON public.product_variant_price_set USING btree (id);


--
-- Name: IDX_id_5cb3a0c0; Type: INDEX; Schema: public; Owner: biomket
--

CREATE INDEX "IDX_id_5cb3a0c0" ON public.customer_account_holder USING btree (id);


--
-- Name: IDX_id_64ff0c4c; Type: INDEX; Schema: public; Owner: biomket
--

CREATE INDEX "IDX_id_64ff0c4c" ON public.user_rbac_role USING btree (id);


--
-- Name: IDX_id_9c6589bf; Type: INDEX; Schema: public; Owner: biomket
--

CREATE INDEX "IDX_id_9c6589bf" ON public.product_product_waste_waste_attribute USING btree (id);


--
-- Name: IDX_id_ba32fa9c; Type: INDEX; Schema: public; Owner: biomket
--

CREATE INDEX "IDX_id_ba32fa9c" ON public.shipping_option_price_set USING btree (id);


--
-- Name: IDX_id_f42b9949; Type: INDEX; Schema: public; Owner: biomket
--

CREATE INDEX "IDX_id_f42b9949" ON public.order_payment_collection USING btree (id);


--
-- Name: IDX_image_deleted_at; Type: INDEX; Schema: public; Owner: biomket
--

CREATE INDEX "IDX_image_deleted_at" ON public.image USING btree (deleted_at) WHERE (deleted_at IS NULL);


--
-- Name: IDX_image_product_id; Type: INDEX; Schema: public; Owner: biomket
--

CREATE INDEX "IDX_image_product_id" ON public.image USING btree (product_id) WHERE (deleted_at IS NULL);


--
-- Name: IDX_inventory_item_deleted_at; Type: INDEX; Schema: public; Owner: biomket
--

CREATE INDEX "IDX_inventory_item_deleted_at" ON public.inventory_item USING btree (deleted_at) WHERE (deleted_at IS NOT NULL);


--
-- Name: IDX_inventory_item_id_17b4c4e35; Type: INDEX; Schema: public; Owner: biomket
--

CREATE INDEX "IDX_inventory_item_id_17b4c4e35" ON public.product_variant_inventory_item USING btree (inventory_item_id) WHERE (deleted_at IS NULL);


--
-- Name: IDX_inventory_item_sku; Type: INDEX; Schema: public; Owner: biomket
--

CREATE UNIQUE INDEX "IDX_inventory_item_sku" ON public.inventory_item USING btree (sku) WHERE (deleted_at IS NULL);


--
-- Name: IDX_inventory_level_deleted_at; Type: INDEX; Schema: public; Owner: biomket
--

CREATE INDEX "IDX_inventory_level_deleted_at" ON public.inventory_level USING btree (deleted_at) WHERE (deleted_at IS NOT NULL);


--
-- Name: IDX_inventory_level_inventory_item_id; Type: INDEX; Schema: public; Owner: biomket
--

CREATE INDEX "IDX_inventory_level_inventory_item_id" ON public.inventory_level USING btree (inventory_item_id) WHERE (deleted_at IS NULL);


--
-- Name: IDX_inventory_level_location_id; Type: INDEX; Schema: public; Owner: biomket
--

CREATE INDEX "IDX_inventory_level_location_id" ON public.inventory_level USING btree (location_id) WHERE (deleted_at IS NULL);


--
-- Name: IDX_inventory_level_location_id_inventory_item_id; Type: INDEX; Schema: public; Owner: biomket
--

CREATE UNIQUE INDEX "IDX_inventory_level_location_id_inventory_item_id" ON public.inventory_level USING btree (inventory_item_id, location_id) WHERE (deleted_at IS NULL);


--
-- Name: IDX_line_item_adjustment_promotion_id; Type: INDEX; Schema: public; Owner: biomket
--

CREATE INDEX "IDX_line_item_adjustment_promotion_id" ON public.cart_line_item_adjustment USING btree (promotion_id) WHERE ((deleted_at IS NULL) AND (promotion_id IS NOT NULL));


--
-- Name: IDX_line_item_product_id; Type: INDEX; Schema: public; Owner: biomket
--

CREATE INDEX "IDX_line_item_product_id" ON public.cart_line_item USING btree (product_id) WHERE ((deleted_at IS NULL) AND (product_id IS NOT NULL));


--
-- Name: IDX_line_item_product_type_id; Type: INDEX; Schema: public; Owner: biomket
--

CREATE INDEX "IDX_line_item_product_type_id" ON public.order_line_item USING btree (product_type_id) WHERE ((deleted_at IS NULL) AND (product_type_id IS NOT NULL));


--
-- Name: IDX_line_item_tax_line_tax_rate_id; Type: INDEX; Schema: public; Owner: biomket
--

CREATE INDEX "IDX_line_item_tax_line_tax_rate_id" ON public.cart_line_item_tax_line USING btree (tax_rate_id) WHERE ((deleted_at IS NULL) AND (tax_rate_id IS NOT NULL));


--
-- Name: IDX_line_item_variant_id; Type: INDEX; Schema: public; Owner: biomket
--

CREATE INDEX "IDX_line_item_variant_id" ON public.cart_line_item USING btree (variant_id) WHERE ((deleted_at IS NULL) AND (variant_id IS NOT NULL));


--
-- Name: IDX_notification_deleted_at; Type: INDEX; Schema: public; Owner: biomket
--

CREATE INDEX "IDX_notification_deleted_at" ON public.notification USING btree (deleted_at) WHERE (deleted_at IS NULL);


--
-- Name: IDX_notification_idempotency_key_unique; Type: INDEX; Schema: public; Owner: biomket
--

CREATE UNIQUE INDEX "IDX_notification_idempotency_key_unique" ON public.notification USING btree (idempotency_key) WHERE (deleted_at IS NULL);


--
-- Name: IDX_notification_provider_deleted_at; Type: INDEX; Schema: public; Owner: biomket
--

CREATE INDEX "IDX_notification_provider_deleted_at" ON public.notification_provider USING btree (deleted_at) WHERE (deleted_at IS NULL);


--
-- Name: IDX_notification_provider_id; Type: INDEX; Schema: public; Owner: biomket
--

CREATE INDEX "IDX_notification_provider_id" ON public.notification USING btree (provider_id);


--
-- Name: IDX_notification_receiver_id; Type: INDEX; Schema: public; Owner: biomket
--

CREATE INDEX "IDX_notification_receiver_id" ON public.notification USING btree (receiver_id);


--
-- Name: IDX_option_product_id_title_unique; Type: INDEX; Schema: public; Owner: biomket
--

CREATE UNIQUE INDEX "IDX_option_product_id_title_unique" ON public.product_option USING btree (product_id, title) WHERE (deleted_at IS NULL);


--
-- Name: IDX_option_value_option_id_unique; Type: INDEX; Schema: public; Owner: biomket
--

CREATE UNIQUE INDEX "IDX_option_value_option_id_unique" ON public.product_option_value USING btree (option_id, value) WHERE (deleted_at IS NULL);


--
-- Name: IDX_order_address_customer_id; Type: INDEX; Schema: public; Owner: biomket
--

CREATE INDEX "IDX_order_address_customer_id" ON public.order_address USING btree (customer_id);


--
-- Name: IDX_order_address_deleted_at; Type: INDEX; Schema: public; Owner: biomket
--

CREATE INDEX "IDX_order_address_deleted_at" ON public.order_address USING btree (deleted_at) WHERE (deleted_at IS NULL);


--
-- Name: IDX_order_billing_address_id; Type: INDEX; Schema: public; Owner: biomket
--

CREATE INDEX "IDX_order_billing_address_id" ON public."order" USING btree (billing_address_id) WHERE (deleted_at IS NULL);


--
-- Name: IDX_order_change_action_claim_id; Type: INDEX; Schema: public; Owner: biomket
--

CREATE INDEX "IDX_order_change_action_claim_id" ON public.order_change_action USING btree (claim_id) WHERE ((claim_id IS NOT NULL) AND (deleted_at IS NULL));


--
-- Name: IDX_order_change_action_deleted_at; Type: INDEX; Schema: public; Owner: biomket
--

CREATE INDEX "IDX_order_change_action_deleted_at" ON public.order_change_action USING btree (deleted_at);


--
-- Name: IDX_order_change_action_exchange_id; Type: INDEX; Schema: public; Owner: biomket
--

CREATE INDEX "IDX_order_change_action_exchange_id" ON public.order_change_action USING btree (exchange_id) WHERE ((exchange_id IS NOT NULL) AND (deleted_at IS NULL));


--
-- Name: IDX_order_change_action_order_change_id; Type: INDEX; Schema: public; Owner: biomket
--

CREATE INDEX "IDX_order_change_action_order_change_id" ON public.order_change_action USING btree (order_change_id) WHERE (deleted_at IS NULL);


--
-- Name: IDX_order_change_action_order_id; Type: INDEX; Schema: public; Owner: biomket
--

CREATE INDEX "IDX_order_change_action_order_id" ON public.order_change_action USING btree (order_id) WHERE (deleted_at IS NULL);


--
-- Name: IDX_order_change_action_ordering; Type: INDEX; Schema: public; Owner: biomket
--

CREATE INDEX "IDX_order_change_action_ordering" ON public.order_change_action USING btree (ordering) WHERE (deleted_at IS NULL);


--
-- Name: IDX_order_change_action_return_id; Type: INDEX; Schema: public; Owner: biomket
--

CREATE INDEX "IDX_order_change_action_return_id" ON public.order_change_action USING btree (return_id) WHERE ((return_id IS NOT NULL) AND (deleted_at IS NULL));


--
-- Name: IDX_order_change_change_type; Type: INDEX; Schema: public; Owner: biomket
--

CREATE INDEX "IDX_order_change_change_type" ON public.order_change USING btree (change_type);


--
-- Name: IDX_order_change_claim_id; Type: INDEX; Schema: public; Owner: biomket
--

CREATE INDEX "IDX_order_change_claim_id" ON public.order_change USING btree (claim_id) WHERE ((claim_id IS NOT NULL) AND (deleted_at IS NULL));


--
-- Name: IDX_order_change_deleted_at; Type: INDEX; Schema: public; Owner: biomket
--

CREATE INDEX "IDX_order_change_deleted_at" ON public.order_change USING btree (deleted_at);


--
-- Name: IDX_order_change_exchange_id; Type: INDEX; Schema: public; Owner: biomket
--

CREATE INDEX "IDX_order_change_exchange_id" ON public.order_change USING btree (exchange_id) WHERE ((exchange_id IS NOT NULL) AND (deleted_at IS NULL));


--
-- Name: IDX_order_change_order_id; Type: INDEX; Schema: public; Owner: biomket
--

CREATE INDEX "IDX_order_change_order_id" ON public.order_change USING btree (order_id) WHERE (deleted_at IS NULL);


--
-- Name: IDX_order_change_order_id_version; Type: INDEX; Schema: public; Owner: biomket
--

CREATE INDEX "IDX_order_change_order_id_version" ON public.order_change USING btree (order_id, version);


--
-- Name: IDX_order_change_return_id; Type: INDEX; Schema: public; Owner: biomket
--

CREATE INDEX "IDX_order_change_return_id" ON public.order_change USING btree (return_id) WHERE ((return_id IS NOT NULL) AND (deleted_at IS NULL));


--
-- Name: IDX_order_change_status; Type: INDEX; Schema: public; Owner: biomket
--

CREATE INDEX "IDX_order_change_status" ON public.order_change USING btree (status) WHERE (deleted_at IS NULL);


--
-- Name: IDX_order_change_version; Type: INDEX; Schema: public; Owner: biomket
--

CREATE INDEX "IDX_order_change_version" ON public.order_change USING btree (order_id, version) WHERE (deleted_at IS NULL);


--
-- Name: IDX_order_claim_deleted_at; Type: INDEX; Schema: public; Owner: biomket
--

CREATE INDEX "IDX_order_claim_deleted_at" ON public.order_claim USING btree (deleted_at) WHERE (deleted_at IS NULL);


--
-- Name: IDX_order_claim_display_id; Type: INDEX; Schema: public; Owner: biomket
--

CREATE INDEX "IDX_order_claim_display_id" ON public.order_claim USING btree (display_id) WHERE (deleted_at IS NULL);


--
-- Name: IDX_order_claim_item_claim_id; Type: INDEX; Schema: public; Owner: biomket
--

CREATE INDEX "IDX_order_claim_item_claim_id" ON public.order_claim_item USING btree (claim_id) WHERE (deleted_at IS NULL);


--
-- Name: IDX_order_claim_item_deleted_at; Type: INDEX; Schema: public; Owner: biomket
--

CREATE INDEX "IDX_order_claim_item_deleted_at" ON public.order_claim_item USING btree (deleted_at) WHERE (deleted_at IS NULL);


--
-- Name: IDX_order_claim_item_image_claim_item_id; Type: INDEX; Schema: public; Owner: biomket
--

CREATE INDEX "IDX_order_claim_item_image_claim_item_id" ON public.order_claim_item_image USING btree (claim_item_id) WHERE (deleted_at IS NULL);


--
-- Name: IDX_order_claim_item_image_deleted_at; Type: INDEX; Schema: public; Owner: biomket
--

CREATE INDEX "IDX_order_claim_item_image_deleted_at" ON public.order_claim_item_image USING btree (deleted_at) WHERE (deleted_at IS NOT NULL);


--
-- Name: IDX_order_claim_item_item_id; Type: INDEX; Schema: public; Owner: biomket
--

CREATE INDEX "IDX_order_claim_item_item_id" ON public.order_claim_item USING btree (item_id) WHERE (deleted_at IS NULL);


--
-- Name: IDX_order_claim_order_id; Type: INDEX; Schema: public; Owner: biomket
--

CREATE INDEX "IDX_order_claim_order_id" ON public.order_claim USING btree (order_id) WHERE (deleted_at IS NULL);


--
-- Name: IDX_order_claim_return_id; Type: INDEX; Schema: public; Owner: biomket
--

CREATE INDEX "IDX_order_claim_return_id" ON public.order_claim USING btree (return_id) WHERE ((return_id IS NOT NULL) AND (deleted_at IS NULL));


--
-- Name: IDX_order_credit_line_deleted_at; Type: INDEX; Schema: public; Owner: biomket
--

CREATE INDEX "IDX_order_credit_line_deleted_at" ON public.order_credit_line USING btree (deleted_at) WHERE (deleted_at IS NOT NULL);


--
-- Name: IDX_order_credit_line_order_id; Type: INDEX; Schema: public; Owner: biomket
--

CREATE INDEX "IDX_order_credit_line_order_id" ON public.order_credit_line USING btree (order_id) WHERE (deleted_at IS NULL);


--
-- Name: IDX_order_credit_line_order_id_version; Type: INDEX; Schema: public; Owner: biomket
--

CREATE INDEX "IDX_order_credit_line_order_id_version" ON public.order_credit_line USING btree (order_id, version) WHERE (deleted_at IS NULL);


--
-- Name: IDX_order_currency_code; Type: INDEX; Schema: public; Owner: biomket
--

CREATE INDEX "IDX_order_currency_code" ON public."order" USING btree (currency_code) WHERE (deleted_at IS NULL);


--
-- Name: IDX_order_custom_display_id; Type: INDEX; Schema: public; Owner: biomket
--

CREATE UNIQUE INDEX "IDX_order_custom_display_id" ON public."order" USING btree (custom_display_id) WHERE (deleted_at IS NULL);


--
-- Name: IDX_order_customer_id; Type: INDEX; Schema: public; Owner: biomket
--

CREATE INDEX "IDX_order_customer_id" ON public."order" USING btree (customer_id) WHERE (deleted_at IS NULL);


--
-- Name: IDX_order_deleted_at; Type: INDEX; Schema: public; Owner: biomket
--

CREATE INDEX "IDX_order_deleted_at" ON public."order" USING btree (deleted_at);


--
-- Name: IDX_order_display_id; Type: INDEX; Schema: public; Owner: biomket
--

CREATE INDEX "IDX_order_display_id" ON public."order" USING btree (display_id) WHERE (deleted_at IS NULL);


--
-- Name: IDX_order_exchange_deleted_at; Type: INDEX; Schema: public; Owner: biomket
--

CREATE INDEX "IDX_order_exchange_deleted_at" ON public.order_exchange USING btree (deleted_at) WHERE (deleted_at IS NULL);


--
-- Name: IDX_order_exchange_display_id; Type: INDEX; Schema: public; Owner: biomket
--

CREATE INDEX "IDX_order_exchange_display_id" ON public.order_exchange USING btree (display_id) WHERE (deleted_at IS NULL);


--
-- Name: IDX_order_exchange_item_deleted_at; Type: INDEX; Schema: public; Owner: biomket
--

CREATE INDEX "IDX_order_exchange_item_deleted_at" ON public.order_exchange_item USING btree (deleted_at) WHERE (deleted_at IS NULL);


--
-- Name: IDX_order_exchange_item_exchange_id; Type: INDEX; Schema: public; Owner: biomket
--

CREATE INDEX "IDX_order_exchange_item_exchange_id" ON public.order_exchange_item USING btree (exchange_id) WHERE (deleted_at IS NULL);


--
-- Name: IDX_order_exchange_item_item_id; Type: INDEX; Schema: public; Owner: biomket
--

CREATE INDEX "IDX_order_exchange_item_item_id" ON public.order_exchange_item USING btree (item_id) WHERE (deleted_at IS NULL);


--
-- Name: IDX_order_exchange_order_id; Type: INDEX; Schema: public; Owner: biomket
--

CREATE INDEX "IDX_order_exchange_order_id" ON public.order_exchange USING btree (order_id) WHERE (deleted_at IS NULL);


--
-- Name: IDX_order_exchange_return_id; Type: INDEX; Schema: public; Owner: biomket
--

CREATE INDEX "IDX_order_exchange_return_id" ON public.order_exchange USING btree (return_id) WHERE ((return_id IS NOT NULL) AND (deleted_at IS NULL));


--
-- Name: IDX_order_id_-71069c16; Type: INDEX; Schema: public; Owner: biomket
--

CREATE INDEX "IDX_order_id_-71069c16" ON public.order_cart USING btree (order_id) WHERE (deleted_at IS NULL);


--
-- Name: IDX_order_id_-71518339; Type: INDEX; Schema: public; Owner: biomket
--

CREATE INDEX "IDX_order_id_-71518339" ON public.order_promotion USING btree (order_id) WHERE (deleted_at IS NULL);


--
-- Name: IDX_order_id_-e8d2543e; Type: INDEX; Schema: public; Owner: biomket
--

CREATE INDEX "IDX_order_id_-e8d2543e" ON public.order_fulfillment USING btree (order_id) WHERE (deleted_at IS NULL);


--
-- Name: IDX_order_id_f42b9949; Type: INDEX; Schema: public; Owner: biomket
--

CREATE INDEX "IDX_order_id_f42b9949" ON public.order_payment_collection USING btree (order_id) WHERE (deleted_at IS NULL);


--
-- Name: IDX_order_is_draft_order; Type: INDEX; Schema: public; Owner: biomket
--

CREATE INDEX "IDX_order_is_draft_order" ON public."order" USING btree (is_draft_order) WHERE (deleted_at IS NULL);


--
-- Name: IDX_order_item_deleted_at; Type: INDEX; Schema: public; Owner: biomket
--

CREATE INDEX "IDX_order_item_deleted_at" ON public.order_item USING btree (deleted_at) WHERE (deleted_at IS NOT NULL);


--
-- Name: IDX_order_item_item_id; Type: INDEX; Schema: public; Owner: biomket
--

CREATE INDEX "IDX_order_item_item_id" ON public.order_item USING btree (item_id) WHERE (deleted_at IS NULL);


--
-- Name: IDX_order_item_order_id; Type: INDEX; Schema: public; Owner: biomket
--

CREATE INDEX "IDX_order_item_order_id" ON public.order_item USING btree (order_id) WHERE (deleted_at IS NULL);


--
-- Name: IDX_order_item_order_id_version; Type: INDEX; Schema: public; Owner: biomket
--

CREATE INDEX "IDX_order_item_order_id_version" ON public.order_item USING btree (order_id, version) WHERE (deleted_at IS NULL);


--
-- Name: IDX_order_line_item_adjustment_item_id; Type: INDEX; Schema: public; Owner: biomket
--

CREATE INDEX "IDX_order_line_item_adjustment_item_id" ON public.order_line_item_adjustment USING btree (item_id) WHERE (deleted_at IS NULL);


--
-- Name: IDX_order_line_item_product_id; Type: INDEX; Schema: public; Owner: biomket
--

CREATE INDEX "IDX_order_line_item_product_id" ON public.order_line_item USING btree (product_id) WHERE (deleted_at IS NULL);


--
-- Name: IDX_order_line_item_tax_line_item_id; Type: INDEX; Schema: public; Owner: biomket
--

CREATE INDEX "IDX_order_line_item_tax_line_item_id" ON public.order_line_item_tax_line USING btree (item_id) WHERE (deleted_at IS NULL);


--
-- Name: IDX_order_line_item_variant_id; Type: INDEX; Schema: public; Owner: biomket
--

CREATE INDEX "IDX_order_line_item_variant_id" ON public.order_line_item USING btree (variant_id) WHERE (deleted_at IS NULL);


--
-- Name: IDX_order_region_id; Type: INDEX; Schema: public; Owner: biomket
--

CREATE INDEX "IDX_order_region_id" ON public."order" USING btree (region_id) WHERE (deleted_at IS NULL);


--
-- Name: IDX_order_sales_channel_id; Type: INDEX; Schema: public; Owner: biomket
--

CREATE INDEX "IDX_order_sales_channel_id" ON public."order" USING btree (sales_channel_id) WHERE (deleted_at IS NULL);


--
-- Name: IDX_order_shipping_address_id; Type: INDEX; Schema: public; Owner: biomket
--

CREATE INDEX "IDX_order_shipping_address_id" ON public."order" USING btree (shipping_address_id) WHERE (deleted_at IS NULL);


--
-- Name: IDX_order_shipping_claim_id; Type: INDEX; Schema: public; Owner: biomket
--

CREATE INDEX "IDX_order_shipping_claim_id" ON public.order_shipping USING btree (claim_id) WHERE ((claim_id IS NOT NULL) AND (deleted_at IS NULL));


--
-- Name: IDX_order_shipping_deleted_at; Type: INDEX; Schema: public; Owner: biomket
--

CREATE INDEX "IDX_order_shipping_deleted_at" ON public.order_shipping USING btree (deleted_at) WHERE (deleted_at IS NOT NULL);


--
-- Name: IDX_order_shipping_exchange_id; Type: INDEX; Schema: public; Owner: biomket
--

CREATE INDEX "IDX_order_shipping_exchange_id" ON public.order_shipping USING btree (exchange_id) WHERE ((exchange_id IS NOT NULL) AND (deleted_at IS NULL));


--
-- Name: IDX_order_shipping_item_id; Type: INDEX; Schema: public; Owner: biomket
--

CREATE INDEX "IDX_order_shipping_item_id" ON public.order_shipping USING btree (shipping_method_id) WHERE (deleted_at IS NULL);


--
-- Name: IDX_order_shipping_method_adjustment_shipping_method_id; Type: INDEX; Schema: public; Owner: biomket
--

CREATE INDEX "IDX_order_shipping_method_adjustment_shipping_method_id" ON public.order_shipping_method_adjustment USING btree (shipping_method_id) WHERE (deleted_at IS NULL);


--
-- Name: IDX_order_shipping_method_shipping_option_id; Type: INDEX; Schema: public; Owner: biomket
--

CREATE INDEX "IDX_order_shipping_method_shipping_option_id" ON public.order_shipping_method USING btree (shipping_option_id) WHERE (deleted_at IS NULL);


--
-- Name: IDX_order_shipping_method_tax_line_shipping_method_id; Type: INDEX; Schema: public; Owner: biomket
--

CREATE INDEX "IDX_order_shipping_method_tax_line_shipping_method_id" ON public.order_shipping_method_tax_line USING btree (shipping_method_id) WHERE (deleted_at IS NULL);


--
-- Name: IDX_order_shipping_order_id; Type: INDEX; Schema: public; Owner: biomket
--

CREATE INDEX "IDX_order_shipping_order_id" ON public.order_shipping USING btree (order_id) WHERE (deleted_at IS NULL);


--
-- Name: IDX_order_shipping_order_id_version; Type: INDEX; Schema: public; Owner: biomket
--

CREATE INDEX "IDX_order_shipping_order_id_version" ON public.order_shipping USING btree (order_id, version) WHERE (deleted_at IS NULL);


--
-- Name: IDX_order_shipping_return_id; Type: INDEX; Schema: public; Owner: biomket
--

CREATE INDEX "IDX_order_shipping_return_id" ON public.order_shipping USING btree (return_id) WHERE ((return_id IS NOT NULL) AND (deleted_at IS NULL));


--
-- Name: IDX_order_shipping_shipping_method_id; Type: INDEX; Schema: public; Owner: biomket
--

CREATE INDEX "IDX_order_shipping_shipping_method_id" ON public.order_shipping USING btree (shipping_method_id) WHERE (deleted_at IS NULL);


--
-- Name: IDX_order_summary_deleted_at; Type: INDEX; Schema: public; Owner: biomket
--

CREATE INDEX "IDX_order_summary_deleted_at" ON public.order_summary USING btree (deleted_at) WHERE (deleted_at IS NOT NULL);


--
-- Name: IDX_order_summary_order_id_version; Type: INDEX; Schema: public; Owner: biomket
--

CREATE INDEX "IDX_order_summary_order_id_version" ON public.order_summary USING btree (order_id, version) WHERE (deleted_at IS NULL);


--
-- Name: IDX_order_transaction_claim_id; Type: INDEX; Schema: public; Owner: biomket
--

CREATE INDEX "IDX_order_transaction_claim_id" ON public.order_transaction USING btree (claim_id) WHERE ((claim_id IS NOT NULL) AND (deleted_at IS NULL));


--
-- Name: IDX_order_transaction_currency_code; Type: INDEX; Schema: public; Owner: biomket
--

CREATE INDEX "IDX_order_transaction_currency_code" ON public.order_transaction USING btree (currency_code) WHERE (deleted_at IS NULL);


--
-- Name: IDX_order_transaction_exchange_id; Type: INDEX; Schema: public; Owner: biomket
--

CREATE INDEX "IDX_order_transaction_exchange_id" ON public.order_transaction USING btree (exchange_id) WHERE ((exchange_id IS NOT NULL) AND (deleted_at IS NULL));


--
-- Name: IDX_order_transaction_order_id; Type: INDEX; Schema: public; Owner: biomket
--

CREATE INDEX "IDX_order_transaction_order_id" ON public.order_transaction USING btree (order_id) WHERE (deleted_at IS NULL);


--
-- Name: IDX_order_transaction_order_id_version; Type: INDEX; Schema: public; Owner: biomket
--

CREATE INDEX "IDX_order_transaction_order_id_version" ON public.order_transaction USING btree (order_id, version) WHERE (deleted_at IS NULL);


--
-- Name: IDX_order_transaction_reference_id; Type: INDEX; Schema: public; Owner: biomket
--

CREATE INDEX "IDX_order_transaction_reference_id" ON public.order_transaction USING btree (reference_id) WHERE (deleted_at IS NULL);


--
-- Name: IDX_order_transaction_return_id; Type: INDEX; Schema: public; Owner: biomket
--

CREATE INDEX "IDX_order_transaction_return_id" ON public.order_transaction USING btree (return_id) WHERE ((return_id IS NOT NULL) AND (deleted_at IS NULL));


--
-- Name: IDX_payment_collection_deleted_at; Type: INDEX; Schema: public; Owner: biomket
--

CREATE INDEX "IDX_payment_collection_deleted_at" ON public.payment_collection USING btree (deleted_at) WHERE (deleted_at IS NOT NULL);


--
-- Name: IDX_payment_collection_id_-4a39f6c9; Type: INDEX; Schema: public; Owner: biomket
--

CREATE INDEX "IDX_payment_collection_id_-4a39f6c9" ON public.cart_payment_collection USING btree (payment_collection_id) WHERE (deleted_at IS NULL);


--
-- Name: IDX_payment_collection_id_f42b9949; Type: INDEX; Schema: public; Owner: biomket
--

CREATE INDEX "IDX_payment_collection_id_f42b9949" ON public.order_payment_collection USING btree (payment_collection_id) WHERE (deleted_at IS NULL);


--
-- Name: IDX_payment_deleted_at; Type: INDEX; Schema: public; Owner: biomket
--

CREATE INDEX "IDX_payment_deleted_at" ON public.payment USING btree (deleted_at) WHERE (deleted_at IS NOT NULL);


--
-- Name: IDX_payment_payment_collection_id; Type: INDEX; Schema: public; Owner: biomket
--

CREATE INDEX "IDX_payment_payment_collection_id" ON public.payment USING btree (payment_collection_id) WHERE (deleted_at IS NULL);


--
-- Name: IDX_payment_payment_session_id; Type: INDEX; Schema: public; Owner: biomket
--

CREATE INDEX "IDX_payment_payment_session_id" ON public.payment USING btree (payment_session_id);


--
-- Name: IDX_payment_payment_session_id_unique; Type: INDEX; Schema: public; Owner: biomket
--

CREATE UNIQUE INDEX "IDX_payment_payment_session_id_unique" ON public.payment USING btree (payment_session_id) WHERE (deleted_at IS NULL);


--
-- Name: IDX_payment_provider_deleted_at; Type: INDEX; Schema: public; Owner: biomket
--

CREATE INDEX "IDX_payment_provider_deleted_at" ON public.payment_provider USING btree (deleted_at) WHERE (deleted_at IS NULL);


--
-- Name: IDX_payment_provider_id; Type: INDEX; Schema: public; Owner: biomket
--

CREATE INDEX "IDX_payment_provider_id" ON public.payment USING btree (provider_id) WHERE (deleted_at IS NULL);


--
-- Name: IDX_payment_provider_id_1c934dab0; Type: INDEX; Schema: public; Owner: biomket
--

CREATE INDEX "IDX_payment_provider_id_1c934dab0" ON public.region_payment_provider USING btree (payment_provider_id) WHERE (deleted_at IS NULL);


--
-- Name: IDX_payment_session_deleted_at; Type: INDEX; Schema: public; Owner: biomket
--

CREATE INDEX "IDX_payment_session_deleted_at" ON public.payment_session USING btree (deleted_at);


--
-- Name: IDX_payment_session_payment_collection_id; Type: INDEX; Schema: public; Owner: biomket
--

CREATE INDEX "IDX_payment_session_payment_collection_id" ON public.payment_session USING btree (payment_collection_id) WHERE (deleted_at IS NULL);


--
-- Name: IDX_price_currency_code; Type: INDEX; Schema: public; Owner: biomket
--

CREATE INDEX "IDX_price_currency_code" ON public.price USING btree (currency_code) WHERE (deleted_at IS NULL);


--
-- Name: IDX_price_deleted_at; Type: INDEX; Schema: public; Owner: biomket
--

CREATE INDEX "IDX_price_deleted_at" ON public.price USING btree (deleted_at) WHERE (deleted_at IS NOT NULL);


--
-- Name: IDX_price_list_deleted_at; Type: INDEX; Schema: public; Owner: biomket
--

CREATE INDEX "IDX_price_list_deleted_at" ON public.price_list USING btree (deleted_at) WHERE (deleted_at IS NOT NULL);


--
-- Name: IDX_price_list_id_status_starts_at_ends_at; Type: INDEX; Schema: public; Owner: biomket
--

CREATE INDEX "IDX_price_list_id_status_starts_at_ends_at" ON public.price_list USING btree (id, status, starts_at, ends_at) WHERE ((deleted_at IS NULL) AND (status = 'active'::text));


--
-- Name: IDX_price_list_rule_attribute; Type: INDEX; Schema: public; Owner: biomket
--

CREATE INDEX "IDX_price_list_rule_attribute" ON public.price_list_rule USING btree (attribute) WHERE (deleted_at IS NULL);


--
-- Name: IDX_price_list_rule_deleted_at; Type: INDEX; Schema: public; Owner: biomket
--

CREATE INDEX "IDX_price_list_rule_deleted_at" ON public.price_list_rule USING btree (deleted_at) WHERE (deleted_at IS NOT NULL);


--
-- Name: IDX_price_list_rule_price_list_id; Type: INDEX; Schema: public; Owner: biomket
--

CREATE INDEX "IDX_price_list_rule_price_list_id" ON public.price_list_rule USING btree (price_list_id) WHERE (deleted_at IS NOT NULL);


--
-- Name: IDX_price_list_rule_value; Type: INDEX; Schema: public; Owner: biomket
--

CREATE INDEX "IDX_price_list_rule_value" ON public.price_list_rule USING gin (value) WHERE (deleted_at IS NULL);


--
-- Name: IDX_price_preference_attribute_value; Type: INDEX; Schema: public; Owner: biomket
--

CREATE UNIQUE INDEX "IDX_price_preference_attribute_value" ON public.price_preference USING btree (attribute, value) WHERE (deleted_at IS NULL);


--
-- Name: IDX_price_preference_deleted_at; Type: INDEX; Schema: public; Owner: biomket
--

CREATE INDEX "IDX_price_preference_deleted_at" ON public.price_preference USING btree (deleted_at) WHERE (deleted_at IS NOT NULL);


--
-- Name: IDX_price_price_list_id; Type: INDEX; Schema: public; Owner: biomket
--

CREATE INDEX "IDX_price_price_list_id" ON public.price USING btree (price_list_id) WHERE (deleted_at IS NULL);


--
-- Name: IDX_price_price_set_id; Type: INDEX; Schema: public; Owner: biomket
--

CREATE INDEX "IDX_price_price_set_id" ON public.price USING btree (price_set_id) WHERE (deleted_at IS NULL);


--
-- Name: IDX_price_rule_attribute; Type: INDEX; Schema: public; Owner: biomket
--

CREATE INDEX "IDX_price_rule_attribute" ON public.price_rule USING btree (attribute) WHERE (deleted_at IS NULL);


--
-- Name: IDX_price_rule_attribute_value; Type: INDEX; Schema: public; Owner: biomket
--

CREATE INDEX "IDX_price_rule_attribute_value" ON public.price_rule USING btree (attribute, value) WHERE (deleted_at IS NULL);


--
-- Name: IDX_price_rule_attribute_value_price_id; Type: INDEX; Schema: public; Owner: biomket
--

CREATE INDEX "IDX_price_rule_attribute_value_price_id" ON public.price_rule USING btree (attribute, value, price_id) WHERE (deleted_at IS NULL);


--
-- Name: IDX_price_rule_deleted_at; Type: INDEX; Schema: public; Owner: biomket
--

CREATE INDEX "IDX_price_rule_deleted_at" ON public.price_rule USING btree (deleted_at) WHERE (deleted_at IS NOT NULL);


--
-- Name: IDX_price_rule_operator; Type: INDEX; Schema: public; Owner: biomket
--

CREATE INDEX "IDX_price_rule_operator" ON public.price_rule USING btree (operator);


--
-- Name: IDX_price_rule_operator_value; Type: INDEX; Schema: public; Owner: biomket
--

CREATE INDEX "IDX_price_rule_operator_value" ON public.price_rule USING btree (operator, value) WHERE (deleted_at IS NULL);


--
-- Name: IDX_price_rule_price_id; Type: INDEX; Schema: public; Owner: biomket
--

CREATE INDEX "IDX_price_rule_price_id" ON public.price_rule USING btree (price_id) WHERE (deleted_at IS NULL);


--
-- Name: IDX_price_rule_price_id_attribute_operator_unique; Type: INDEX; Schema: public; Owner: biomket
--

CREATE UNIQUE INDEX "IDX_price_rule_price_id_attribute_operator_unique" ON public.price_rule USING btree (price_id, attribute, operator) WHERE (deleted_at IS NULL);


--
-- Name: IDX_price_set_deleted_at; Type: INDEX; Schema: public; Owner: biomket
--

CREATE INDEX "IDX_price_set_deleted_at" ON public.price_set USING btree (deleted_at) WHERE (deleted_at IS NOT NULL);


--
-- Name: IDX_price_set_id_52b23597; Type: INDEX; Schema: public; Owner: biomket
--

CREATE INDEX "IDX_price_set_id_52b23597" ON public.product_variant_price_set USING btree (price_set_id) WHERE (deleted_at IS NULL);


--
-- Name: IDX_price_set_id_ba32fa9c; Type: INDEX; Schema: public; Owner: biomket
--

CREATE INDEX "IDX_price_set_id_ba32fa9c" ON public.shipping_option_price_set USING btree (price_set_id) WHERE (deleted_at IS NULL);


--
-- Name: IDX_product_category_parent_category_id; Type: INDEX; Schema: public; Owner: biomket
--

CREATE INDEX "IDX_product_category_parent_category_id" ON public.product_category USING btree (parent_category_id) WHERE (deleted_at IS NULL);


--
-- Name: IDX_product_category_path; Type: INDEX; Schema: public; Owner: biomket
--

CREATE INDEX "IDX_product_category_path" ON public.product_category USING btree (mpath) WHERE (deleted_at IS NULL);


--
-- Name: IDX_product_collection_deleted_at; Type: INDEX; Schema: public; Owner: biomket
--

CREATE INDEX "IDX_product_collection_deleted_at" ON public.product_collection USING btree (deleted_at);


--
-- Name: IDX_product_collection_id; Type: INDEX; Schema: public; Owner: biomket
--

CREATE INDEX "IDX_product_collection_id" ON public.product USING btree (collection_id) WHERE (deleted_at IS NULL);


--
-- Name: IDX_product_deleted_at; Type: INDEX; Schema: public; Owner: biomket
--

CREATE INDEX "IDX_product_deleted_at" ON public.product USING btree (deleted_at);


--
-- Name: IDX_product_handle_unique; Type: INDEX; Schema: public; Owner: biomket
--

CREATE UNIQUE INDEX "IDX_product_handle_unique" ON public.product USING btree (handle) WHERE (deleted_at IS NULL);


--
-- Name: IDX_product_id_17a262437; Type: INDEX; Schema: public; Owner: biomket
--

CREATE INDEX "IDX_product_id_17a262437" ON public.product_shipping_profile USING btree (product_id) WHERE (deleted_at IS NULL);


--
-- Name: IDX_product_id_20b454295; Type: INDEX; Schema: public; Owner: biomket
--

CREATE INDEX "IDX_product_id_20b454295" ON public.product_sales_channel USING btree (product_id) WHERE (deleted_at IS NULL);


--
-- Name: IDX_product_id_9c6589bf; Type: INDEX; Schema: public; Owner: biomket
--

CREATE INDEX "IDX_product_id_9c6589bf" ON public.product_product_waste_waste_attribute USING btree (product_id) WHERE (deleted_at IS NULL);


--
-- Name: IDX_product_image_rank; Type: INDEX; Schema: public; Owner: biomket
--

CREATE INDEX "IDX_product_image_rank" ON public.image USING btree (rank) WHERE (deleted_at IS NULL);


--
-- Name: IDX_product_image_rank_product_id; Type: INDEX; Schema: public; Owner: biomket
--

CREATE INDEX "IDX_product_image_rank_product_id" ON public.image USING btree (rank, product_id) WHERE (deleted_at IS NULL);


--
-- Name: IDX_product_image_url; Type: INDEX; Schema: public; Owner: biomket
--

CREATE INDEX "IDX_product_image_url" ON public.image USING btree (url) WHERE (deleted_at IS NULL);


--
-- Name: IDX_product_image_url_rank_product_id; Type: INDEX; Schema: public; Owner: biomket
--

CREATE INDEX "IDX_product_image_url_rank_product_id" ON public.image USING btree (url, rank, product_id) WHERE (deleted_at IS NULL);


--
-- Name: IDX_product_option_deleted_at; Type: INDEX; Schema: public; Owner: biomket
--

CREATE INDEX "IDX_product_option_deleted_at" ON public.product_option USING btree (deleted_at);


--
-- Name: IDX_product_option_product_id; Type: INDEX; Schema: public; Owner: biomket
--

CREATE INDEX "IDX_product_option_product_id" ON public.product_option USING btree (product_id) WHERE (deleted_at IS NULL);


--
-- Name: IDX_product_option_value_deleted_at; Type: INDEX; Schema: public; Owner: biomket
--

CREATE INDEX "IDX_product_option_value_deleted_at" ON public.product_option_value USING btree (deleted_at);


--
-- Name: IDX_product_option_value_option_id; Type: INDEX; Schema: public; Owner: biomket
--

CREATE INDEX "IDX_product_option_value_option_id" ON public.product_option_value USING btree (option_id) WHERE (deleted_at IS NULL);


--
-- Name: IDX_product_status; Type: INDEX; Schema: public; Owner: biomket
--

CREATE INDEX "IDX_product_status" ON public.product USING btree (status) WHERE (deleted_at IS NULL);


--
-- Name: IDX_product_tag_deleted_at; Type: INDEX; Schema: public; Owner: biomket
--

CREATE INDEX "IDX_product_tag_deleted_at" ON public.product_tag USING btree (deleted_at);


--
-- Name: IDX_product_type_deleted_at; Type: INDEX; Schema: public; Owner: biomket
--

CREATE INDEX "IDX_product_type_deleted_at" ON public.product_type USING btree (deleted_at);


--
-- Name: IDX_product_type_id; Type: INDEX; Schema: public; Owner: biomket
--

CREATE INDEX "IDX_product_type_id" ON public.product USING btree (type_id) WHERE (deleted_at IS NULL);


--
-- Name: IDX_product_variant_barcode_unique; Type: INDEX; Schema: public; Owner: biomket
--

CREATE UNIQUE INDEX "IDX_product_variant_barcode_unique" ON public.product_variant USING btree (barcode) WHERE (deleted_at IS NULL);


--
-- Name: IDX_product_variant_deleted_at; Type: INDEX; Schema: public; Owner: biomket
--

CREATE INDEX "IDX_product_variant_deleted_at" ON public.product_variant USING btree (deleted_at);


--
-- Name: IDX_product_variant_ean_unique; Type: INDEX; Schema: public; Owner: biomket
--

CREATE UNIQUE INDEX "IDX_product_variant_ean_unique" ON public.product_variant USING btree (ean) WHERE (deleted_at IS NULL);


--
-- Name: IDX_product_variant_id_product_id; Type: INDEX; Schema: public; Owner: biomket
--

CREATE INDEX "IDX_product_variant_id_product_id" ON public.product_variant USING btree (id, product_id) WHERE (deleted_at IS NULL);


--
-- Name: IDX_product_variant_product_id; Type: INDEX; Schema: public; Owner: biomket
--

CREATE INDEX "IDX_product_variant_product_id" ON public.product_variant USING btree (product_id) WHERE (deleted_at IS NULL);


--
-- Name: IDX_product_variant_product_image_deleted_at; Type: INDEX; Schema: public; Owner: biomket
--

CREATE INDEX "IDX_product_variant_product_image_deleted_at" ON public.product_variant_product_image USING btree (deleted_at) WHERE (deleted_at IS NULL);


--
-- Name: IDX_product_variant_product_image_image_id; Type: INDEX; Schema: public; Owner: biomket
--

CREATE INDEX "IDX_product_variant_product_image_image_id" ON public.product_variant_product_image USING btree (image_id) WHERE (deleted_at IS NULL);


--
-- Name: IDX_product_variant_product_image_variant_id; Type: INDEX; Schema: public; Owner: biomket
--

CREATE INDEX "IDX_product_variant_product_image_variant_id" ON public.product_variant_product_image USING btree (variant_id) WHERE (deleted_at IS NULL);


--
-- Name: IDX_product_variant_sku_unique; Type: INDEX; Schema: public; Owner: biomket
--

CREATE UNIQUE INDEX "IDX_product_variant_sku_unique" ON public.product_variant USING btree (sku) WHERE (deleted_at IS NULL);


--
-- Name: IDX_product_variant_upc_unique; Type: INDEX; Schema: public; Owner: biomket
--

CREATE UNIQUE INDEX "IDX_product_variant_upc_unique" ON public.product_variant USING btree (upc) WHERE (deleted_at IS NULL);


--
-- Name: IDX_promotion_application_method_currency_code; Type: INDEX; Schema: public; Owner: biomket
--

CREATE INDEX "IDX_promotion_application_method_currency_code" ON public.promotion_application_method USING btree (currency_code) WHERE (deleted_at IS NOT NULL);


--
-- Name: IDX_promotion_application_method_deleted_at; Type: INDEX; Schema: public; Owner: biomket
--

CREATE INDEX "IDX_promotion_application_method_deleted_at" ON public.promotion_application_method USING btree (deleted_at) WHERE (deleted_at IS NULL);


--
-- Name: IDX_promotion_application_method_promotion_id_unique; Type: INDEX; Schema: public; Owner: biomket
--

CREATE UNIQUE INDEX "IDX_promotion_application_method_promotion_id_unique" ON public.promotion_application_method USING btree (promotion_id) WHERE (deleted_at IS NULL);


--
-- Name: IDX_promotion_campaign_budget_campaign_id_unique; Type: INDEX; Schema: public; Owner: biomket
--

CREATE UNIQUE INDEX "IDX_promotion_campaign_budget_campaign_id_unique" ON public.promotion_campaign_budget USING btree (campaign_id) WHERE (deleted_at IS NULL);


--
-- Name: IDX_promotion_campaign_budget_deleted_at; Type: INDEX; Schema: public; Owner: biomket
--

CREATE INDEX "IDX_promotion_campaign_budget_deleted_at" ON public.promotion_campaign_budget USING btree (deleted_at) WHERE (deleted_at IS NULL);


--
-- Name: IDX_promotion_campaign_budget_usage_attribute_value_budget_id_u; Type: INDEX; Schema: public; Owner: biomket
--

CREATE UNIQUE INDEX "IDX_promotion_campaign_budget_usage_attribute_value_budget_id_u" ON public.promotion_campaign_budget_usage USING btree (attribute_value, budget_id) WHERE (deleted_at IS NULL);


--
-- Name: IDX_promotion_campaign_budget_usage_budget_id; Type: INDEX; Schema: public; Owner: biomket
--

CREATE INDEX "IDX_promotion_campaign_budget_usage_budget_id" ON public.promotion_campaign_budget_usage USING btree (budget_id) WHERE (deleted_at IS NULL);


--
-- Name: IDX_promotion_campaign_budget_usage_deleted_at; Type: INDEX; Schema: public; Owner: biomket
--

CREATE INDEX "IDX_promotion_campaign_budget_usage_deleted_at" ON public.promotion_campaign_budget_usage USING btree (deleted_at) WHERE (deleted_at IS NULL);


--
-- Name: IDX_promotion_campaign_campaign_identifier_unique; Type: INDEX; Schema: public; Owner: biomket
--

CREATE UNIQUE INDEX "IDX_promotion_campaign_campaign_identifier_unique" ON public.promotion_campaign USING btree (campaign_identifier) WHERE (deleted_at IS NULL);


--
-- Name: IDX_promotion_campaign_deleted_at; Type: INDEX; Schema: public; Owner: biomket
--

CREATE INDEX "IDX_promotion_campaign_deleted_at" ON public.promotion_campaign USING btree (deleted_at) WHERE (deleted_at IS NULL);


--
-- Name: IDX_promotion_campaign_id; Type: INDEX; Schema: public; Owner: biomket
--

CREATE INDEX "IDX_promotion_campaign_id" ON public.promotion USING btree (campaign_id) WHERE (deleted_at IS NULL);


--
-- Name: IDX_promotion_deleted_at; Type: INDEX; Schema: public; Owner: biomket
--

CREATE INDEX "IDX_promotion_deleted_at" ON public.promotion USING btree (deleted_at) WHERE (deleted_at IS NULL);


--
-- Name: IDX_promotion_id_-71518339; Type: INDEX; Schema: public; Owner: biomket
--

CREATE INDEX "IDX_promotion_id_-71518339" ON public.order_promotion USING btree (promotion_id) WHERE (deleted_at IS NULL);


--
-- Name: IDX_promotion_id_-a9d4a70b; Type: INDEX; Schema: public; Owner: biomket
--

CREATE INDEX "IDX_promotion_id_-a9d4a70b" ON public.cart_promotion USING btree (promotion_id) WHERE (deleted_at IS NULL);


--
-- Name: IDX_promotion_is_automatic; Type: INDEX; Schema: public; Owner: biomket
--

CREATE INDEX "IDX_promotion_is_automatic" ON public.promotion USING btree (is_automatic) WHERE (deleted_at IS NULL);


--
-- Name: IDX_promotion_rule_attribute; Type: INDEX; Schema: public; Owner: biomket
--

CREATE INDEX "IDX_promotion_rule_attribute" ON public.promotion_rule USING btree (attribute);


--
-- Name: IDX_promotion_rule_attribute_operator; Type: INDEX; Schema: public; Owner: biomket
--

CREATE INDEX "IDX_promotion_rule_attribute_operator" ON public.promotion_rule USING btree (attribute, operator) WHERE (deleted_at IS NULL);


--
-- Name: IDX_promotion_rule_attribute_operator_id; Type: INDEX; Schema: public; Owner: biomket
--

CREATE INDEX "IDX_promotion_rule_attribute_operator_id" ON public.promotion_rule USING btree (operator, attribute, id) WHERE (deleted_at IS NULL);


--
-- Name: IDX_promotion_rule_deleted_at; Type: INDEX; Schema: public; Owner: biomket
--

CREATE INDEX "IDX_promotion_rule_deleted_at" ON public.promotion_rule USING btree (deleted_at) WHERE (deleted_at IS NULL);


--
-- Name: IDX_promotion_rule_operator; Type: INDEX; Schema: public; Owner: biomket
--

CREATE INDEX "IDX_promotion_rule_operator" ON public.promotion_rule USING btree (operator);


--
-- Name: IDX_promotion_rule_value_deleted_at; Type: INDEX; Schema: public; Owner: biomket
--

CREATE INDEX "IDX_promotion_rule_value_deleted_at" ON public.promotion_rule_value USING btree (deleted_at) WHERE (deleted_at IS NULL);


--
-- Name: IDX_promotion_rule_value_promotion_rule_id; Type: INDEX; Schema: public; Owner: biomket
--

CREATE INDEX "IDX_promotion_rule_value_promotion_rule_id" ON public.promotion_rule_value USING btree (promotion_rule_id) WHERE (deleted_at IS NULL);


--
-- Name: IDX_promotion_rule_value_rule_id_value; Type: INDEX; Schema: public; Owner: biomket
--

CREATE INDEX "IDX_promotion_rule_value_rule_id_value" ON public.promotion_rule_value USING btree (promotion_rule_id, value) WHERE (deleted_at IS NULL);


--
-- Name: IDX_promotion_rule_value_value; Type: INDEX; Schema: public; Owner: biomket
--

CREATE INDEX "IDX_promotion_rule_value_value" ON public.promotion_rule_value USING btree (value) WHERE (deleted_at IS NULL);


--
-- Name: IDX_promotion_status; Type: INDEX; Schema: public; Owner: biomket
--

CREATE INDEX "IDX_promotion_status" ON public.promotion USING btree (status) WHERE (deleted_at IS NULL);


--
-- Name: IDX_promotion_type; Type: INDEX; Schema: public; Owner: biomket
--

CREATE INDEX "IDX_promotion_type" ON public.promotion USING btree (type);


--
-- Name: IDX_provider_identity_auth_identity_id; Type: INDEX; Schema: public; Owner: biomket
--

CREATE INDEX "IDX_provider_identity_auth_identity_id" ON public.provider_identity USING btree (auth_identity_id);


--
-- Name: IDX_provider_identity_deleted_at; Type: INDEX; Schema: public; Owner: biomket
--

CREATE INDEX "IDX_provider_identity_deleted_at" ON public.provider_identity USING btree (deleted_at) WHERE (deleted_at IS NULL);


--
-- Name: IDX_provider_identity_provider_entity_id; Type: INDEX; Schema: public; Owner: biomket
--

CREATE UNIQUE INDEX "IDX_provider_identity_provider_entity_id" ON public.provider_identity USING btree (entity_id, provider);


--
-- Name: IDX_publishable_key_id_-1d67bae40; Type: INDEX; Schema: public; Owner: biomket
--

CREATE INDEX "IDX_publishable_key_id_-1d67bae40" ON public.publishable_api_key_sales_channel USING btree (publishable_key_id) WHERE (deleted_at IS NULL);


--
-- Name: IDX_rbac_role_id_64ff0c4c; Type: INDEX; Schema: public; Owner: biomket
--

CREATE INDEX "IDX_rbac_role_id_64ff0c4c" ON public.user_rbac_role USING btree (rbac_role_id) WHERE (deleted_at IS NULL);


--
-- Name: IDX_refund_deleted_at; Type: INDEX; Schema: public; Owner: biomket
--

CREATE INDEX "IDX_refund_deleted_at" ON public.refund USING btree (deleted_at);


--
-- Name: IDX_refund_payment_id; Type: INDEX; Schema: public; Owner: biomket
--

CREATE INDEX "IDX_refund_payment_id" ON public.refund USING btree (payment_id) WHERE (deleted_at IS NULL);


--
-- Name: IDX_refund_reason_deleted_at; Type: INDEX; Schema: public; Owner: biomket
--

CREATE INDEX "IDX_refund_reason_deleted_at" ON public.refund_reason USING btree (deleted_at) WHERE (deleted_at IS NULL);


--
-- Name: IDX_refund_refund_reason_id; Type: INDEX; Schema: public; Owner: biomket
--

CREATE INDEX "IDX_refund_refund_reason_id" ON public.refund USING btree (refund_reason_id) WHERE (deleted_at IS NULL);


--
-- Name: IDX_region_country_deleted_at; Type: INDEX; Schema: public; Owner: biomket
--

CREATE INDEX "IDX_region_country_deleted_at" ON public.region_country USING btree (deleted_at) WHERE (deleted_at IS NULL);


--
-- Name: IDX_region_country_region_id; Type: INDEX; Schema: public; Owner: biomket
--

CREATE INDEX "IDX_region_country_region_id" ON public.region_country USING btree (region_id) WHERE (deleted_at IS NULL);


--
-- Name: IDX_region_country_region_id_iso_2_unique; Type: INDEX; Schema: public; Owner: biomket
--

CREATE UNIQUE INDEX "IDX_region_country_region_id_iso_2_unique" ON public.region_country USING btree (region_id, iso_2);


--
-- Name: IDX_region_deleted_at; Type: INDEX; Schema: public; Owner: biomket
--

CREATE INDEX "IDX_region_deleted_at" ON public.region USING btree (deleted_at) WHERE (deleted_at IS NOT NULL);


--
-- Name: IDX_region_id_1c934dab0; Type: INDEX; Schema: public; Owner: biomket
--

CREATE INDEX "IDX_region_id_1c934dab0" ON public.region_payment_provider USING btree (region_id) WHERE (deleted_at IS NULL);


--
-- Name: IDX_reservation_item_deleted_at; Type: INDEX; Schema: public; Owner: biomket
--

CREATE INDEX "IDX_reservation_item_deleted_at" ON public.reservation_item USING btree (deleted_at) WHERE (deleted_at IS NOT NULL);


--
-- Name: IDX_reservation_item_inventory_item_id; Type: INDEX; Schema: public; Owner: biomket
--

CREATE INDEX "IDX_reservation_item_inventory_item_id" ON public.reservation_item USING btree (inventory_item_id) WHERE (deleted_at IS NULL);


--
-- Name: IDX_reservation_item_line_item_id; Type: INDEX; Schema: public; Owner: biomket
--

CREATE INDEX "IDX_reservation_item_line_item_id" ON public.reservation_item USING btree (line_item_id) WHERE (deleted_at IS NULL);


--
-- Name: IDX_reservation_item_location_id; Type: INDEX; Schema: public; Owner: biomket
--

CREATE INDEX "IDX_reservation_item_location_id" ON public.reservation_item USING btree (location_id) WHERE (deleted_at IS NULL);


--
-- Name: IDX_return_claim_id; Type: INDEX; Schema: public; Owner: biomket
--

CREATE INDEX "IDX_return_claim_id" ON public.return USING btree (claim_id) WHERE ((claim_id IS NOT NULL) AND (deleted_at IS NULL));


--
-- Name: IDX_return_display_id; Type: INDEX; Schema: public; Owner: biomket
--

CREATE INDEX "IDX_return_display_id" ON public.return USING btree (display_id) WHERE (deleted_at IS NULL);


--
-- Name: IDX_return_exchange_id; Type: INDEX; Schema: public; Owner: biomket
--

CREATE INDEX "IDX_return_exchange_id" ON public.return USING btree (exchange_id) WHERE ((exchange_id IS NOT NULL) AND (deleted_at IS NULL));


--
-- Name: IDX_return_id_-31ea43a; Type: INDEX; Schema: public; Owner: biomket
--

CREATE INDEX "IDX_return_id_-31ea43a" ON public.return_fulfillment USING btree (return_id) WHERE (deleted_at IS NULL);


--
-- Name: IDX_return_item_deleted_at; Type: INDEX; Schema: public; Owner: biomket
--

CREATE INDEX "IDX_return_item_deleted_at" ON public.return_item USING btree (deleted_at) WHERE (deleted_at IS NULL);


--
-- Name: IDX_return_item_item_id; Type: INDEX; Schema: public; Owner: biomket
--

CREATE INDEX "IDX_return_item_item_id" ON public.return_item USING btree (item_id) WHERE (deleted_at IS NULL);


--
-- Name: IDX_return_item_reason_id; Type: INDEX; Schema: public; Owner: biomket
--

CREATE INDEX "IDX_return_item_reason_id" ON public.return_item USING btree (reason_id) WHERE (deleted_at IS NULL);


--
-- Name: IDX_return_item_return_id; Type: INDEX; Schema: public; Owner: biomket
--

CREATE INDEX "IDX_return_item_return_id" ON public.return_item USING btree (return_id) WHERE (deleted_at IS NULL);


--
-- Name: IDX_return_order_id; Type: INDEX; Schema: public; Owner: biomket
--

CREATE INDEX "IDX_return_order_id" ON public.return USING btree (order_id) WHERE (deleted_at IS NULL);


--
-- Name: IDX_return_reason_parent_return_reason_id; Type: INDEX; Schema: public; Owner: biomket
--

CREATE INDEX "IDX_return_reason_parent_return_reason_id" ON public.return_reason USING btree (parent_return_reason_id) WHERE (deleted_at IS NULL);


--
-- Name: IDX_return_reason_value; Type: INDEX; Schema: public; Owner: biomket
--

CREATE INDEX "IDX_return_reason_value" ON public.return_reason USING btree (value) WHERE (deleted_at IS NULL);


--
-- Name: IDX_sales_channel_deleted_at; Type: INDEX; Schema: public; Owner: biomket
--

CREATE INDEX "IDX_sales_channel_deleted_at" ON public.sales_channel USING btree (deleted_at);


--
-- Name: IDX_sales_channel_id_-1d67bae40; Type: INDEX; Schema: public; Owner: biomket
--

CREATE INDEX "IDX_sales_channel_id_-1d67bae40" ON public.publishable_api_key_sales_channel USING btree (sales_channel_id) WHERE (deleted_at IS NULL);


--
-- Name: IDX_sales_channel_id_20b454295; Type: INDEX; Schema: public; Owner: biomket
--

CREATE INDEX "IDX_sales_channel_id_20b454295" ON public.product_sales_channel USING btree (sales_channel_id) WHERE (deleted_at IS NULL);


--
-- Name: IDX_sales_channel_id_26d06f470; Type: INDEX; Schema: public; Owner: biomket
--

CREATE INDEX "IDX_sales_channel_id_26d06f470" ON public.sales_channel_stock_location USING btree (sales_channel_id) WHERE (deleted_at IS NULL);


--
-- Name: IDX_service_zone_deleted_at; Type: INDEX; Schema: public; Owner: biomket
--

CREATE INDEX "IDX_service_zone_deleted_at" ON public.service_zone USING btree (deleted_at) WHERE (deleted_at IS NOT NULL);


--
-- Name: IDX_service_zone_fulfillment_set_id; Type: INDEX; Schema: public; Owner: biomket
--

CREATE INDEX "IDX_service_zone_fulfillment_set_id" ON public.service_zone USING btree (fulfillment_set_id) WHERE (deleted_at IS NULL);


--
-- Name: IDX_service_zone_name_unique; Type: INDEX; Schema: public; Owner: biomket
--

CREATE UNIQUE INDEX "IDX_service_zone_name_unique" ON public.service_zone USING btree (name) WHERE (deleted_at IS NULL);


--
-- Name: IDX_shipping_method_adjustment_promotion_id; Type: INDEX; Schema: public; Owner: biomket
--

CREATE INDEX "IDX_shipping_method_adjustment_promotion_id" ON public.cart_shipping_method_adjustment USING btree (promotion_id) WHERE ((deleted_at IS NULL) AND (promotion_id IS NOT NULL));


--
-- Name: IDX_shipping_method_option_id; Type: INDEX; Schema: public; Owner: biomket
--

CREATE INDEX "IDX_shipping_method_option_id" ON public.cart_shipping_method USING btree (shipping_option_id) WHERE ((deleted_at IS NULL) AND (shipping_option_id IS NOT NULL));


--
-- Name: IDX_shipping_method_tax_line_tax_rate_id; Type: INDEX; Schema: public; Owner: biomket
--

CREATE INDEX "IDX_shipping_method_tax_line_tax_rate_id" ON public.cart_shipping_method_tax_line USING btree (tax_rate_id) WHERE ((deleted_at IS NULL) AND (tax_rate_id IS NOT NULL));


--
-- Name: IDX_shipping_option_deleted_at; Type: INDEX; Schema: public; Owner: biomket
--

CREATE INDEX "IDX_shipping_option_deleted_at" ON public.shipping_option USING btree (deleted_at) WHERE (deleted_at IS NOT NULL);


--
-- Name: IDX_shipping_option_id_ba32fa9c; Type: INDEX; Schema: public; Owner: biomket
--

CREATE INDEX "IDX_shipping_option_id_ba32fa9c" ON public.shipping_option_price_set USING btree (shipping_option_id) WHERE (deleted_at IS NULL);


--
-- Name: IDX_shipping_option_provider_id; Type: INDEX; Schema: public; Owner: biomket
--

CREATE INDEX "IDX_shipping_option_provider_id" ON public.shipping_option USING btree (provider_id) WHERE (deleted_at IS NULL);


--
-- Name: IDX_shipping_option_rule_deleted_at; Type: INDEX; Schema: public; Owner: biomket
--

CREATE INDEX "IDX_shipping_option_rule_deleted_at" ON public.shipping_option_rule USING btree (deleted_at) WHERE (deleted_at IS NOT NULL);


--
-- Name: IDX_shipping_option_rule_shipping_option_id; Type: INDEX; Schema: public; Owner: biomket
--

CREATE INDEX "IDX_shipping_option_rule_shipping_option_id" ON public.shipping_option_rule USING btree (shipping_option_id) WHERE (deleted_at IS NULL);


--
-- Name: IDX_shipping_option_service_zone_id; Type: INDEX; Schema: public; Owner: biomket
--

CREATE INDEX "IDX_shipping_option_service_zone_id" ON public.shipping_option USING btree (service_zone_id) WHERE (deleted_at IS NULL);


--
-- Name: IDX_shipping_option_shipping_option_type_id; Type: INDEX; Schema: public; Owner: biomket
--

CREATE INDEX "IDX_shipping_option_shipping_option_type_id" ON public.shipping_option USING btree (shipping_option_type_id) WHERE (deleted_at IS NULL);


--
-- Name: IDX_shipping_option_shipping_profile_id; Type: INDEX; Schema: public; Owner: biomket
--

CREATE INDEX "IDX_shipping_option_shipping_profile_id" ON public.shipping_option USING btree (shipping_profile_id) WHERE (deleted_at IS NULL);


--
-- Name: IDX_shipping_option_type_deleted_at; Type: INDEX; Schema: public; Owner: biomket
--

CREATE INDEX "IDX_shipping_option_type_deleted_at" ON public.shipping_option_type USING btree (deleted_at) WHERE (deleted_at IS NOT NULL);


--
-- Name: IDX_shipping_profile_deleted_at; Type: INDEX; Schema: public; Owner: biomket
--

CREATE INDEX "IDX_shipping_profile_deleted_at" ON public.shipping_profile USING btree (deleted_at) WHERE (deleted_at IS NOT NULL);


--
-- Name: IDX_shipping_profile_id_17a262437; Type: INDEX; Schema: public; Owner: biomket
--

CREATE INDEX "IDX_shipping_profile_id_17a262437" ON public.product_shipping_profile USING btree (shipping_profile_id) WHERE (deleted_at IS NULL);


--
-- Name: IDX_shipping_profile_name_unique; Type: INDEX; Schema: public; Owner: biomket
--

CREATE UNIQUE INDEX "IDX_shipping_profile_name_unique" ON public.shipping_profile USING btree (name) WHERE (deleted_at IS NULL);


--
-- Name: IDX_single_default_region; Type: INDEX; Schema: public; Owner: biomket
--

CREATE UNIQUE INDEX "IDX_single_default_region" ON public.tax_rate USING btree (tax_region_id) WHERE ((is_default = true) AND (deleted_at IS NULL));


--
-- Name: IDX_stock_location_address_deleted_at; Type: INDEX; Schema: public; Owner: biomket
--

CREATE INDEX "IDX_stock_location_address_deleted_at" ON public.stock_location_address USING btree (deleted_at) WHERE (deleted_at IS NOT NULL);


--
-- Name: IDX_stock_location_address_id_unique; Type: INDEX; Schema: public; Owner: biomket
--

CREATE UNIQUE INDEX "IDX_stock_location_address_id_unique" ON public.stock_location USING btree (address_id) WHERE (deleted_at IS NULL);


--
-- Name: IDX_stock_location_deleted_at; Type: INDEX; Schema: public; Owner: biomket
--

CREATE INDEX "IDX_stock_location_deleted_at" ON public.stock_location USING btree (deleted_at) WHERE (deleted_at IS NOT NULL);


--
-- Name: IDX_stock_location_id_-1e5992737; Type: INDEX; Schema: public; Owner: biomket
--

CREATE INDEX "IDX_stock_location_id_-1e5992737" ON public.location_fulfillment_provider USING btree (stock_location_id) WHERE (deleted_at IS NULL);


--
-- Name: IDX_stock_location_id_-e88adb96; Type: INDEX; Schema: public; Owner: biomket
--

CREATE INDEX "IDX_stock_location_id_-e88adb96" ON public.location_fulfillment_set USING btree (stock_location_id) WHERE (deleted_at IS NULL);


--
-- Name: IDX_stock_location_id_26d06f470; Type: INDEX; Schema: public; Owner: biomket
--

CREATE INDEX "IDX_stock_location_id_26d06f470" ON public.sales_channel_stock_location USING btree (stock_location_id) WHERE (deleted_at IS NULL);


--
-- Name: IDX_store_currency_deleted_at; Type: INDEX; Schema: public; Owner: biomket
--

CREATE INDEX "IDX_store_currency_deleted_at" ON public.store_currency USING btree (deleted_at) WHERE (deleted_at IS NOT NULL);


--
-- Name: IDX_store_currency_store_id; Type: INDEX; Schema: public; Owner: biomket
--

CREATE INDEX "IDX_store_currency_store_id" ON public.store_currency USING btree (store_id) WHERE (deleted_at IS NULL);


--
-- Name: IDX_store_deleted_at; Type: INDEX; Schema: public; Owner: biomket
--

CREATE INDEX "IDX_store_deleted_at" ON public.store USING btree (deleted_at) WHERE (deleted_at IS NOT NULL);


--
-- Name: IDX_store_locale_deleted_at; Type: INDEX; Schema: public; Owner: biomket
--

CREATE INDEX "IDX_store_locale_deleted_at" ON public.store_locale USING btree (deleted_at) WHERE (deleted_at IS NULL);


--
-- Name: IDX_store_locale_store_id; Type: INDEX; Schema: public; Owner: biomket
--

CREATE INDEX "IDX_store_locale_store_id" ON public.store_locale USING btree (store_id) WHERE (deleted_at IS NULL);


--
-- Name: IDX_tag_value_unique; Type: INDEX; Schema: public; Owner: biomket
--

CREATE UNIQUE INDEX "IDX_tag_value_unique" ON public.product_tag USING btree (value) WHERE (deleted_at IS NULL);


--
-- Name: IDX_tax_provider_deleted_at; Type: INDEX; Schema: public; Owner: biomket
--

CREATE INDEX "IDX_tax_provider_deleted_at" ON public.tax_provider USING btree (deleted_at) WHERE (deleted_at IS NULL);


--
-- Name: IDX_tax_rate_deleted_at; Type: INDEX; Schema: public; Owner: biomket
--

CREATE INDEX "IDX_tax_rate_deleted_at" ON public.tax_rate USING btree (deleted_at) WHERE (deleted_at IS NOT NULL);


--
-- Name: IDX_tax_rate_rule_deleted_at; Type: INDEX; Schema: public; Owner: biomket
--

CREATE INDEX "IDX_tax_rate_rule_deleted_at" ON public.tax_rate_rule USING btree (deleted_at) WHERE (deleted_at IS NOT NULL);


--
-- Name: IDX_tax_rate_rule_reference_id; Type: INDEX; Schema: public; Owner: biomket
--

CREATE INDEX "IDX_tax_rate_rule_reference_id" ON public.tax_rate_rule USING btree (reference_id) WHERE (deleted_at IS NULL);


--
-- Name: IDX_tax_rate_rule_tax_rate_id; Type: INDEX; Schema: public; Owner: biomket
--

CREATE INDEX "IDX_tax_rate_rule_tax_rate_id" ON public.tax_rate_rule USING btree (tax_rate_id) WHERE (deleted_at IS NULL);


--
-- Name: IDX_tax_rate_rule_unique_rate_reference; Type: INDEX; Schema: public; Owner: biomket
--

CREATE UNIQUE INDEX "IDX_tax_rate_rule_unique_rate_reference" ON public.tax_rate_rule USING btree (tax_rate_id, reference_id) WHERE (deleted_at IS NULL);


--
-- Name: IDX_tax_rate_tax_region_id; Type: INDEX; Schema: public; Owner: biomket
--

CREATE INDEX "IDX_tax_rate_tax_region_id" ON public.tax_rate USING btree (tax_region_id) WHERE (deleted_at IS NULL);


--
-- Name: IDX_tax_region_deleted_at; Type: INDEX; Schema: public; Owner: biomket
--

CREATE INDEX "IDX_tax_region_deleted_at" ON public.tax_region USING btree (deleted_at) WHERE (deleted_at IS NOT NULL);


--
-- Name: IDX_tax_region_parent_id; Type: INDEX; Schema: public; Owner: biomket
--

CREATE INDEX "IDX_tax_region_parent_id" ON public.tax_region USING btree (parent_id);


--
-- Name: IDX_tax_region_provider_id; Type: INDEX; Schema: public; Owner: biomket
--

CREATE INDEX "IDX_tax_region_provider_id" ON public.tax_region USING btree (provider_id) WHERE (deleted_at IS NULL);


--
-- Name: IDX_tax_region_unique_country_nullable_province; Type: INDEX; Schema: public; Owner: biomket
--

CREATE UNIQUE INDEX "IDX_tax_region_unique_country_nullable_province" ON public.tax_region USING btree (country_code) WHERE ((province_code IS NULL) AND (deleted_at IS NULL));


--
-- Name: IDX_tax_region_unique_country_province; Type: INDEX; Schema: public; Owner: biomket
--

CREATE UNIQUE INDEX "IDX_tax_region_unique_country_province" ON public.tax_region USING btree (country_code, province_code) WHERE (deleted_at IS NULL);


--
-- Name: IDX_type_value_unique; Type: INDEX; Schema: public; Owner: biomket
--

CREATE UNIQUE INDEX "IDX_type_value_unique" ON public.product_type USING btree (value) WHERE (deleted_at IS NULL);


--
-- Name: IDX_unique_promotion_code; Type: INDEX; Schema: public; Owner: biomket
--

CREATE UNIQUE INDEX "IDX_unique_promotion_code" ON public.promotion USING btree (code) WHERE (deleted_at IS NULL);


--
-- Name: IDX_user_deleted_at; Type: INDEX; Schema: public; Owner: biomket
--

CREATE INDEX "IDX_user_deleted_at" ON public."user" USING btree (deleted_at) WHERE (deleted_at IS NOT NULL);


--
-- Name: IDX_user_email_unique; Type: INDEX; Schema: public; Owner: biomket
--

CREATE UNIQUE INDEX "IDX_user_email_unique" ON public."user" USING btree (email) WHERE (deleted_at IS NULL);


--
-- Name: IDX_user_id_64ff0c4c; Type: INDEX; Schema: public; Owner: biomket
--

CREATE INDEX "IDX_user_id_64ff0c4c" ON public.user_rbac_role USING btree (user_id) WHERE (deleted_at IS NULL);


--
-- Name: IDX_user_preference_deleted_at; Type: INDEX; Schema: public; Owner: biomket
--

CREATE INDEX "IDX_user_preference_deleted_at" ON public.user_preference USING btree (deleted_at) WHERE (deleted_at IS NULL);


--
-- Name: IDX_user_preference_user_id; Type: INDEX; Schema: public; Owner: biomket
--

CREATE INDEX "IDX_user_preference_user_id" ON public.user_preference USING btree (user_id) WHERE (deleted_at IS NULL);


--
-- Name: IDX_user_preference_user_id_key_unique; Type: INDEX; Schema: public; Owner: biomket
--

CREATE UNIQUE INDEX "IDX_user_preference_user_id_key_unique" ON public.user_preference USING btree (user_id, key) WHERE (deleted_at IS NULL);


--
-- Name: IDX_variant_id_17b4c4e35; Type: INDEX; Schema: public; Owner: biomket
--

CREATE INDEX "IDX_variant_id_17b4c4e35" ON public.product_variant_inventory_item USING btree (variant_id) WHERE (deleted_at IS NULL);


--
-- Name: IDX_variant_id_52b23597; Type: INDEX; Schema: public; Owner: biomket
--

CREATE INDEX "IDX_variant_id_52b23597" ON public.product_variant_price_set USING btree (variant_id) WHERE (deleted_at IS NULL);


--
-- Name: IDX_view_configuration_deleted_at; Type: INDEX; Schema: public; Owner: biomket
--

CREATE INDEX "IDX_view_configuration_deleted_at" ON public.view_configuration USING btree (deleted_at) WHERE (deleted_at IS NULL);


--
-- Name: IDX_view_configuration_entity_is_system_default; Type: INDEX; Schema: public; Owner: biomket
--

CREATE INDEX "IDX_view_configuration_entity_is_system_default" ON public.view_configuration USING btree (entity, is_system_default) WHERE (deleted_at IS NULL);


--
-- Name: IDX_view_configuration_entity_user_id; Type: INDEX; Schema: public; Owner: biomket
--

CREATE INDEX "IDX_view_configuration_entity_user_id" ON public.view_configuration USING btree (entity, user_id) WHERE (deleted_at IS NULL);


--
-- Name: IDX_view_configuration_user_id; Type: INDEX; Schema: public; Owner: biomket
--

CREATE INDEX "IDX_view_configuration_user_id" ON public.view_configuration USING btree (user_id) WHERE (deleted_at IS NULL);


--
-- Name: IDX_waste_attribute_deleted_at; Type: INDEX; Schema: public; Owner: biomket
--

CREATE INDEX "IDX_waste_attribute_deleted_at" ON public.waste_attribute USING btree (deleted_at) WHERE (deleted_at IS NULL);


--
-- Name: IDX_waste_attribute_id_9c6589bf; Type: INDEX; Schema: public; Owner: biomket
--

CREATE INDEX "IDX_waste_attribute_id_9c6589bf" ON public.product_product_waste_waste_attribute USING btree (waste_attribute_id) WHERE (deleted_at IS NULL);


--
-- Name: IDX_workflow_execution_deleted_at; Type: INDEX; Schema: public; Owner: biomket
--

CREATE INDEX "IDX_workflow_execution_deleted_at" ON public.workflow_execution USING btree (deleted_at) WHERE (deleted_at IS NULL);


--
-- Name: IDX_workflow_execution_id; Type: INDEX; Schema: public; Owner: biomket
--

CREATE INDEX "IDX_workflow_execution_id" ON public.workflow_execution USING btree (id) WHERE (deleted_at IS NULL);


--
-- Name: IDX_workflow_execution_retention_time_updated_at_state; Type: INDEX; Schema: public; Owner: biomket
--

CREATE INDEX "IDX_workflow_execution_retention_time_updated_at_state" ON public.workflow_execution USING btree (retention_time, updated_at, state) WHERE ((deleted_at IS NULL) AND (retention_time IS NOT NULL));


--
-- Name: IDX_workflow_execution_run_id; Type: INDEX; Schema: public; Owner: biomket
--

CREATE INDEX "IDX_workflow_execution_run_id" ON public.workflow_execution USING btree (run_id) WHERE (deleted_at IS NULL);


--
-- Name: IDX_workflow_execution_state; Type: INDEX; Schema: public; Owner: biomket
--

CREATE INDEX "IDX_workflow_execution_state" ON public.workflow_execution USING btree (state) WHERE (deleted_at IS NULL);


--
-- Name: IDX_workflow_execution_state_updated_at; Type: INDEX; Schema: public; Owner: biomket
--

CREATE INDEX "IDX_workflow_execution_state_updated_at" ON public.workflow_execution USING btree (state, updated_at) WHERE (deleted_at IS NULL);


--
-- Name: IDX_workflow_execution_transaction_id; Type: INDEX; Schema: public; Owner: biomket
--

CREATE INDEX "IDX_workflow_execution_transaction_id" ON public.workflow_execution USING btree (transaction_id) WHERE (deleted_at IS NULL);


--
-- Name: IDX_workflow_execution_updated_at_retention_time; Type: INDEX; Schema: public; Owner: biomket
--

CREATE INDEX "IDX_workflow_execution_updated_at_retention_time" ON public.workflow_execution USING btree (updated_at, retention_time) WHERE ((deleted_at IS NULL) AND (retention_time IS NOT NULL) AND ((state)::text = ANY (ARRAY[('done'::character varying)::text, ('failed'::character varying)::text, ('reverted'::character varying)::text])));


--
-- Name: IDX_workflow_execution_workflow_id; Type: INDEX; Schema: public; Owner: biomket
--

CREATE INDEX "IDX_workflow_execution_workflow_id" ON public.workflow_execution USING btree (workflow_id) WHERE (deleted_at IS NULL);


--
-- Name: IDX_workflow_execution_workflow_id_transaction_id; Type: INDEX; Schema: public; Owner: biomket
--

CREATE INDEX "IDX_workflow_execution_workflow_id_transaction_id" ON public.workflow_execution USING btree (workflow_id, transaction_id) WHERE (deleted_at IS NULL);


--
-- Name: IDX_workflow_execution_workflow_id_transaction_id_run_id_unique; Type: INDEX; Schema: public; Owner: biomket
--

CREATE UNIQUE INDEX "IDX_workflow_execution_workflow_id_transaction_id_run_id_unique" ON public.workflow_execution USING btree (workflow_id, transaction_id, run_id) WHERE (deleted_at IS NULL);


--
-- Name: idx_script_name_unique; Type: INDEX; Schema: public; Owner: biomket
--

CREATE UNIQUE INDEX idx_script_name_unique ON public.script_migrations USING btree (script_name);


--
-- Name: tax_rate_rule FK_tax_rate_rule_tax_rate_id; Type: FK CONSTRAINT; Schema: public; Owner: biomket
--

ALTER TABLE ONLY public.tax_rate_rule
    ADD CONSTRAINT "FK_tax_rate_rule_tax_rate_id" FOREIGN KEY (tax_rate_id) REFERENCES public.tax_rate(id) ON DELETE CASCADE;


--
-- Name: tax_rate FK_tax_rate_tax_region_id; Type: FK CONSTRAINT; Schema: public; Owner: biomket
--

ALTER TABLE ONLY public.tax_rate
    ADD CONSTRAINT "FK_tax_rate_tax_region_id" FOREIGN KEY (tax_region_id) REFERENCES public.tax_region(id) ON DELETE CASCADE;


--
-- Name: tax_region FK_tax_region_parent_id; Type: FK CONSTRAINT; Schema: public; Owner: biomket
--

ALTER TABLE ONLY public.tax_region
    ADD CONSTRAINT "FK_tax_region_parent_id" FOREIGN KEY (parent_id) REFERENCES public.tax_region(id) ON DELETE CASCADE;


--
-- Name: tax_region FK_tax_region_provider_id; Type: FK CONSTRAINT; Schema: public; Owner: biomket
--

ALTER TABLE ONLY public.tax_region
    ADD CONSTRAINT "FK_tax_region_provider_id" FOREIGN KEY (provider_id) REFERENCES public.tax_provider(id) ON DELETE SET NULL;


--
-- Name: application_method_buy_rules application_method_buy_rules_application_method_id_foreign; Type: FK CONSTRAINT; Schema: public; Owner: biomket
--

ALTER TABLE ONLY public.application_method_buy_rules
    ADD CONSTRAINT application_method_buy_rules_application_method_id_foreign FOREIGN KEY (application_method_id) REFERENCES public.promotion_application_method(id) ON UPDATE CASCADE ON DELETE CASCADE;


--
-- Name: application_method_buy_rules application_method_buy_rules_promotion_rule_id_foreign; Type: FK CONSTRAINT; Schema: public; Owner: biomket
--

ALTER TABLE ONLY public.application_method_buy_rules
    ADD CONSTRAINT application_method_buy_rules_promotion_rule_id_foreign FOREIGN KEY (promotion_rule_id) REFERENCES public.promotion_rule(id) ON UPDATE CASCADE ON DELETE CASCADE;


--
-- Name: application_method_target_rules application_method_target_rules_application_method_id_foreign; Type: FK CONSTRAINT; Schema: public; Owner: biomket
--

ALTER TABLE ONLY public.application_method_target_rules
    ADD CONSTRAINT application_method_target_rules_application_method_id_foreign FOREIGN KEY (application_method_id) REFERENCES public.promotion_application_method(id) ON UPDATE CASCADE ON DELETE CASCADE;


--
-- Name: application_method_target_rules application_method_target_rules_promotion_rule_id_foreign; Type: FK CONSTRAINT; Schema: public; Owner: biomket
--

ALTER TABLE ONLY public.application_method_target_rules
    ADD CONSTRAINT application_method_target_rules_promotion_rule_id_foreign FOREIGN KEY (promotion_rule_id) REFERENCES public.promotion_rule(id) ON UPDATE CASCADE ON DELETE CASCADE;


--
-- Name: capture capture_payment_id_foreign; Type: FK CONSTRAINT; Schema: public; Owner: biomket
--

ALTER TABLE ONLY public.capture
    ADD CONSTRAINT capture_payment_id_foreign FOREIGN KEY (payment_id) REFERENCES public.payment(id) ON UPDATE CASCADE ON DELETE CASCADE;


--
-- Name: cart cart_billing_address_id_foreign; Type: FK CONSTRAINT; Schema: public; Owner: biomket
--

ALTER TABLE ONLY public.cart
    ADD CONSTRAINT cart_billing_address_id_foreign FOREIGN KEY (billing_address_id) REFERENCES public.cart_address(id) ON UPDATE CASCADE ON DELETE SET NULL;


--
-- Name: cart_line_item_adjustment cart_line_item_adjustment_item_id_foreign; Type: FK CONSTRAINT; Schema: public; Owner: biomket
--

ALTER TABLE ONLY public.cart_line_item_adjustment
    ADD CONSTRAINT cart_line_item_adjustment_item_id_foreign FOREIGN KEY (item_id) REFERENCES public.cart_line_item(id) ON UPDATE CASCADE ON DELETE CASCADE;


--
-- Name: cart_line_item cart_line_item_cart_id_foreign; Type: FK CONSTRAINT; Schema: public; Owner: biomket
--

ALTER TABLE ONLY public.cart_line_item
    ADD CONSTRAINT cart_line_item_cart_id_foreign FOREIGN KEY (cart_id) REFERENCES public.cart(id) ON UPDATE CASCADE ON DELETE CASCADE;


--
-- Name: cart_line_item_tax_line cart_line_item_tax_line_item_id_foreign; Type: FK CONSTRAINT; Schema: public; Owner: biomket
--

ALTER TABLE ONLY public.cart_line_item_tax_line
    ADD CONSTRAINT cart_line_item_tax_line_item_id_foreign FOREIGN KEY (item_id) REFERENCES public.cart_line_item(id) ON UPDATE CASCADE ON DELETE CASCADE;


--
-- Name: cart cart_shipping_address_id_foreign; Type: FK CONSTRAINT; Schema: public; Owner: biomket
--

ALTER TABLE ONLY public.cart
    ADD CONSTRAINT cart_shipping_address_id_foreign FOREIGN KEY (shipping_address_id) REFERENCES public.cart_address(id) ON UPDATE CASCADE ON DELETE SET NULL;


--
-- Name: cart_shipping_method_adjustment cart_shipping_method_adjustment_shipping_method_id_foreign; Type: FK CONSTRAINT; Schema: public; Owner: biomket
--

ALTER TABLE ONLY public.cart_shipping_method_adjustment
    ADD CONSTRAINT cart_shipping_method_adjustment_shipping_method_id_foreign FOREIGN KEY (shipping_method_id) REFERENCES public.cart_shipping_method(id) ON UPDATE CASCADE ON DELETE CASCADE;


--
-- Name: cart_shipping_method cart_shipping_method_cart_id_foreign; Type: FK CONSTRAINT; Schema: public; Owner: biomket
--

ALTER TABLE ONLY public.cart_shipping_method
    ADD CONSTRAINT cart_shipping_method_cart_id_foreign FOREIGN KEY (cart_id) REFERENCES public.cart(id) ON UPDATE CASCADE ON DELETE CASCADE;


--
-- Name: cart_shipping_method_tax_line cart_shipping_method_tax_line_shipping_method_id_foreign; Type: FK CONSTRAINT; Schema: public; Owner: biomket
--

ALTER TABLE ONLY public.cart_shipping_method_tax_line
    ADD CONSTRAINT cart_shipping_method_tax_line_shipping_method_id_foreign FOREIGN KEY (shipping_method_id) REFERENCES public.cart_shipping_method(id) ON UPDATE CASCADE ON DELETE CASCADE;


--
-- Name: credit_line credit_line_cart_id_foreign; Type: FK CONSTRAINT; Schema: public; Owner: biomket
--

ALTER TABLE ONLY public.credit_line
    ADD CONSTRAINT credit_line_cart_id_foreign FOREIGN KEY (cart_id) REFERENCES public.cart(id) ON UPDATE CASCADE;


--
-- Name: customer_address customer_address_customer_id_foreign; Type: FK CONSTRAINT; Schema: public; Owner: biomket
--

ALTER TABLE ONLY public.customer_address
    ADD CONSTRAINT customer_address_customer_id_foreign FOREIGN KEY (customer_id) REFERENCES public.customer(id) ON UPDATE CASCADE ON DELETE CASCADE;


--
-- Name: customer_group_customer customer_group_customer_customer_group_id_foreign; Type: FK CONSTRAINT; Schema: public; Owner: biomket
--

ALTER TABLE ONLY public.customer_group_customer
    ADD CONSTRAINT customer_group_customer_customer_group_id_foreign FOREIGN KEY (customer_group_id) REFERENCES public.customer_group(id) ON UPDATE CASCADE ON DELETE CASCADE;


--
-- Name: customer_group_customer customer_group_customer_customer_id_foreign; Type: FK CONSTRAINT; Schema: public; Owner: biomket
--

ALTER TABLE ONLY public.customer_group_customer
    ADD CONSTRAINT customer_group_customer_customer_id_foreign FOREIGN KEY (customer_id) REFERENCES public.customer(id) ON UPDATE CASCADE ON DELETE CASCADE;


--
-- Name: fulfillment fulfillment_delivery_address_id_foreign; Type: FK CONSTRAINT; Schema: public; Owner: biomket
--

ALTER TABLE ONLY public.fulfillment
    ADD CONSTRAINT fulfillment_delivery_address_id_foreign FOREIGN KEY (delivery_address_id) REFERENCES public.fulfillment_address(id) ON UPDATE CASCADE ON DELETE SET NULL;


--
-- Name: fulfillment_item fulfillment_item_fulfillment_id_foreign; Type: FK CONSTRAINT; Schema: public; Owner: biomket
--

ALTER TABLE ONLY public.fulfillment_item
    ADD CONSTRAINT fulfillment_item_fulfillment_id_foreign FOREIGN KEY (fulfillment_id) REFERENCES public.fulfillment(id) ON UPDATE CASCADE ON DELETE CASCADE;


--
-- Name: fulfillment_label fulfillment_label_fulfillment_id_foreign; Type: FK CONSTRAINT; Schema: public; Owner: biomket
--

ALTER TABLE ONLY public.fulfillment_label
    ADD CONSTRAINT fulfillment_label_fulfillment_id_foreign FOREIGN KEY (fulfillment_id) REFERENCES public.fulfillment(id) ON UPDATE CASCADE ON DELETE CASCADE;


--
-- Name: fulfillment fulfillment_provider_id_foreign; Type: FK CONSTRAINT; Schema: public; Owner: biomket
--

ALTER TABLE ONLY public.fulfillment
    ADD CONSTRAINT fulfillment_provider_id_foreign FOREIGN KEY (provider_id) REFERENCES public.fulfillment_provider(id) ON UPDATE CASCADE ON DELETE SET NULL;


--
-- Name: fulfillment fulfillment_shipping_option_id_foreign; Type: FK CONSTRAINT; Schema: public; Owner: biomket
--

ALTER TABLE ONLY public.fulfillment
    ADD CONSTRAINT fulfillment_shipping_option_id_foreign FOREIGN KEY (shipping_option_id) REFERENCES public.shipping_option(id) ON UPDATE CASCADE ON DELETE SET NULL;


--
-- Name: geo_zone geo_zone_service_zone_id_foreign; Type: FK CONSTRAINT; Schema: public; Owner: biomket
--

ALTER TABLE ONLY public.geo_zone
    ADD CONSTRAINT geo_zone_service_zone_id_foreign FOREIGN KEY (service_zone_id) REFERENCES public.service_zone(id) ON UPDATE CASCADE ON DELETE CASCADE;


--
-- Name: image image_product_id_foreign; Type: FK CONSTRAINT; Schema: public; Owner: biomket
--

ALTER TABLE ONLY public.image
    ADD CONSTRAINT image_product_id_foreign FOREIGN KEY (product_id) REFERENCES public.product(id) ON UPDATE CASCADE ON DELETE CASCADE;


--
-- Name: inventory_level inventory_level_inventory_item_id_foreign; Type: FK CONSTRAINT; Schema: public; Owner: biomket
--

ALTER TABLE ONLY public.inventory_level
    ADD CONSTRAINT inventory_level_inventory_item_id_foreign FOREIGN KEY (inventory_item_id) REFERENCES public.inventory_item(id) ON UPDATE CASCADE ON DELETE CASCADE;


--
-- Name: notification notification_provider_id_foreign; Type: FK CONSTRAINT; Schema: public; Owner: biomket
--

ALTER TABLE ONLY public.notification
    ADD CONSTRAINT notification_provider_id_foreign FOREIGN KEY (provider_id) REFERENCES public.notification_provider(id) ON UPDATE CASCADE ON DELETE SET NULL;


--
-- Name: order order_billing_address_id_foreign; Type: FK CONSTRAINT; Schema: public; Owner: biomket
--

ALTER TABLE ONLY public."order"
    ADD CONSTRAINT order_billing_address_id_foreign FOREIGN KEY (billing_address_id) REFERENCES public.order_address(id) ON UPDATE CASCADE ON DELETE SET NULL;


--
-- Name: order_change_action order_change_action_order_change_id_foreign; Type: FK CONSTRAINT; Schema: public; Owner: biomket
--

ALTER TABLE ONLY public.order_change_action
    ADD CONSTRAINT order_change_action_order_change_id_foreign FOREIGN KEY (order_change_id) REFERENCES public.order_change(id) ON UPDATE CASCADE ON DELETE CASCADE;


--
-- Name: order_change order_change_order_id_foreign; Type: FK CONSTRAINT; Schema: public; Owner: biomket
--

ALTER TABLE ONLY public.order_change
    ADD CONSTRAINT order_change_order_id_foreign FOREIGN KEY (order_id) REFERENCES public."order"(id) ON UPDATE CASCADE ON DELETE CASCADE;


--
-- Name: order_credit_line order_credit_line_order_id_foreign; Type: FK CONSTRAINT; Schema: public; Owner: biomket
--

ALTER TABLE ONLY public.order_credit_line
    ADD CONSTRAINT order_credit_line_order_id_foreign FOREIGN KEY (order_id) REFERENCES public."order"(id) ON UPDATE CASCADE ON DELETE CASCADE;


--
-- Name: order_item order_item_item_id_foreign; Type: FK CONSTRAINT; Schema: public; Owner: biomket
--

ALTER TABLE ONLY public.order_item
    ADD CONSTRAINT order_item_item_id_foreign FOREIGN KEY (item_id) REFERENCES public.order_line_item(id) ON UPDATE CASCADE ON DELETE CASCADE;


--
-- Name: order_item order_item_order_id_foreign; Type: FK CONSTRAINT; Schema: public; Owner: biomket
--

ALTER TABLE ONLY public.order_item
    ADD CONSTRAINT order_item_order_id_foreign FOREIGN KEY (order_id) REFERENCES public."order"(id) ON UPDATE CASCADE ON DELETE CASCADE;


--
-- Name: order_line_item_adjustment order_line_item_adjustment_item_id_foreign; Type: FK CONSTRAINT; Schema: public; Owner: biomket
--

ALTER TABLE ONLY public.order_line_item_adjustment
    ADD CONSTRAINT order_line_item_adjustment_item_id_foreign FOREIGN KEY (item_id) REFERENCES public.order_line_item(id) ON UPDATE CASCADE ON DELETE CASCADE;


--
-- Name: order_line_item_tax_line order_line_item_tax_line_item_id_foreign; Type: FK CONSTRAINT; Schema: public; Owner: biomket
--

ALTER TABLE ONLY public.order_line_item_tax_line
    ADD CONSTRAINT order_line_item_tax_line_item_id_foreign FOREIGN KEY (item_id) REFERENCES public.order_line_item(id) ON UPDATE CASCADE ON DELETE CASCADE;


--
-- Name: order_line_item order_line_item_totals_id_foreign; Type: FK CONSTRAINT; Schema: public; Owner: biomket
--

ALTER TABLE ONLY public.order_line_item
    ADD CONSTRAINT order_line_item_totals_id_foreign FOREIGN KEY (totals_id) REFERENCES public.order_item(id) ON UPDATE CASCADE ON DELETE CASCADE;


--
-- Name: order order_shipping_address_id_foreign; Type: FK CONSTRAINT; Schema: public; Owner: biomket
--

ALTER TABLE ONLY public."order"
    ADD CONSTRAINT order_shipping_address_id_foreign FOREIGN KEY (shipping_address_id) REFERENCES public.order_address(id) ON UPDATE CASCADE ON DELETE SET NULL;


--
-- Name: order_shipping_method_adjustment order_shipping_method_adjustment_shipping_method_id_foreign; Type: FK CONSTRAINT; Schema: public; Owner: biomket
--

ALTER TABLE ONLY public.order_shipping_method_adjustment
    ADD CONSTRAINT order_shipping_method_adjustment_shipping_method_id_foreign FOREIGN KEY (shipping_method_id) REFERENCES public.order_shipping_method(id) ON UPDATE CASCADE ON DELETE CASCADE;


--
-- Name: order_shipping_method_tax_line order_shipping_method_tax_line_shipping_method_id_foreign; Type: FK CONSTRAINT; Schema: public; Owner: biomket
--

ALTER TABLE ONLY public.order_shipping_method_tax_line
    ADD CONSTRAINT order_shipping_method_tax_line_shipping_method_id_foreign FOREIGN KEY (shipping_method_id) REFERENCES public.order_shipping_method(id) ON UPDATE CASCADE ON DELETE CASCADE;


--
-- Name: order_shipping order_shipping_order_id_foreign; Type: FK CONSTRAINT; Schema: public; Owner: biomket
--

ALTER TABLE ONLY public.order_shipping
    ADD CONSTRAINT order_shipping_order_id_foreign FOREIGN KEY (order_id) REFERENCES public."order"(id) ON UPDATE CASCADE ON DELETE CASCADE;


--
-- Name: order_summary order_summary_order_id_foreign; Type: FK CONSTRAINT; Schema: public; Owner: biomket
--

ALTER TABLE ONLY public.order_summary
    ADD CONSTRAINT order_summary_order_id_foreign FOREIGN KEY (order_id) REFERENCES public."order"(id) ON UPDATE CASCADE ON DELETE CASCADE;


--
-- Name: order_transaction order_transaction_order_id_foreign; Type: FK CONSTRAINT; Schema: public; Owner: biomket
--

ALTER TABLE ONLY public.order_transaction
    ADD CONSTRAINT order_transaction_order_id_foreign FOREIGN KEY (order_id) REFERENCES public."order"(id) ON UPDATE CASCADE ON DELETE CASCADE;


--
-- Name: payment_collection_payment_providers payment_collection_payment_providers_payment_col_aa276_foreign; Type: FK CONSTRAINT; Schema: public; Owner: biomket
--

ALTER TABLE ONLY public.payment_collection_payment_providers
    ADD CONSTRAINT payment_collection_payment_providers_payment_col_aa276_foreign FOREIGN KEY (payment_collection_id) REFERENCES public.payment_collection(id) ON UPDATE CASCADE ON DELETE CASCADE;


--
-- Name: payment_collection_payment_providers payment_collection_payment_providers_payment_pro_2d555_foreign; Type: FK CONSTRAINT; Schema: public; Owner: biomket
--

ALTER TABLE ONLY public.payment_collection_payment_providers
    ADD CONSTRAINT payment_collection_payment_providers_payment_pro_2d555_foreign FOREIGN KEY (payment_provider_id) REFERENCES public.payment_provider(id) ON UPDATE CASCADE ON DELETE CASCADE;


--
-- Name: payment payment_payment_collection_id_foreign; Type: FK CONSTRAINT; Schema: public; Owner: biomket
--

ALTER TABLE ONLY public.payment
    ADD CONSTRAINT payment_payment_collection_id_foreign FOREIGN KEY (payment_collection_id) REFERENCES public.payment_collection(id) ON UPDATE CASCADE ON DELETE CASCADE;


--
-- Name: payment_session payment_session_payment_collection_id_foreign; Type: FK CONSTRAINT; Schema: public; Owner: biomket
--

ALTER TABLE ONLY public.payment_session
    ADD CONSTRAINT payment_session_payment_collection_id_foreign FOREIGN KEY (payment_collection_id) REFERENCES public.payment_collection(id) ON UPDATE CASCADE ON DELETE CASCADE;


--
-- Name: price_list_rule price_list_rule_price_list_id_foreign; Type: FK CONSTRAINT; Schema: public; Owner: biomket
--

ALTER TABLE ONLY public.price_list_rule
    ADD CONSTRAINT price_list_rule_price_list_id_foreign FOREIGN KEY (price_list_id) REFERENCES public.price_list(id) ON UPDATE CASCADE ON DELETE CASCADE;


--
-- Name: price price_price_list_id_foreign; Type: FK CONSTRAINT; Schema: public; Owner: biomket
--

ALTER TABLE ONLY public.price
    ADD CONSTRAINT price_price_list_id_foreign FOREIGN KEY (price_list_id) REFERENCES public.price_list(id) ON UPDATE CASCADE ON DELETE CASCADE;


--
-- Name: price price_price_set_id_foreign; Type: FK CONSTRAINT; Schema: public; Owner: biomket
--

ALTER TABLE ONLY public.price
    ADD CONSTRAINT price_price_set_id_foreign FOREIGN KEY (price_set_id) REFERENCES public.price_set(id) ON UPDATE CASCADE ON DELETE CASCADE;


--
-- Name: price_rule price_rule_price_id_foreign; Type: FK CONSTRAINT; Schema: public; Owner: biomket
--

ALTER TABLE ONLY public.price_rule
    ADD CONSTRAINT price_rule_price_id_foreign FOREIGN KEY (price_id) REFERENCES public.price(id) ON UPDATE CASCADE ON DELETE CASCADE;


--
-- Name: product_category product_category_parent_category_id_foreign; Type: FK CONSTRAINT; Schema: public; Owner: biomket
--

ALTER TABLE ONLY public.product_category
    ADD CONSTRAINT product_category_parent_category_id_foreign FOREIGN KEY (parent_category_id) REFERENCES public.product_category(id) ON UPDATE CASCADE ON DELETE CASCADE;


--
-- Name: product_category_product product_category_product_product_category_id_foreign; Type: FK CONSTRAINT; Schema: public; Owner: biomket
--

ALTER TABLE ONLY public.product_category_product
    ADD CONSTRAINT product_category_product_product_category_id_foreign FOREIGN KEY (product_category_id) REFERENCES public.product_category(id) ON UPDATE CASCADE ON DELETE CASCADE;


--
-- Name: product_category_product product_category_product_product_id_foreign; Type: FK CONSTRAINT; Schema: public; Owner: biomket
--

ALTER TABLE ONLY public.product_category_product
    ADD CONSTRAINT product_category_product_product_id_foreign FOREIGN KEY (product_id) REFERENCES public.product(id) ON UPDATE CASCADE ON DELETE CASCADE;


--
-- Name: product product_collection_id_foreign; Type: FK CONSTRAINT; Schema: public; Owner: biomket
--

ALTER TABLE ONLY public.product
    ADD CONSTRAINT product_collection_id_foreign FOREIGN KEY (collection_id) REFERENCES public.product_collection(id) ON UPDATE CASCADE ON DELETE SET NULL;


--
-- Name: product_option product_option_product_id_foreign; Type: FK CONSTRAINT; Schema: public; Owner: biomket
--

ALTER TABLE ONLY public.product_option
    ADD CONSTRAINT product_option_product_id_foreign FOREIGN KEY (product_id) REFERENCES public.product(id) ON UPDATE CASCADE ON DELETE CASCADE;


--
-- Name: product_option_value product_option_value_option_id_foreign; Type: FK CONSTRAINT; Schema: public; Owner: biomket
--

ALTER TABLE ONLY public.product_option_value
    ADD CONSTRAINT product_option_value_option_id_foreign FOREIGN KEY (option_id) REFERENCES public.product_option(id) ON UPDATE CASCADE ON DELETE CASCADE;


--
-- Name: product_tags product_tags_product_id_foreign; Type: FK CONSTRAINT; Schema: public; Owner: biomket
--

ALTER TABLE ONLY public.product_tags
    ADD CONSTRAINT product_tags_product_id_foreign FOREIGN KEY (product_id) REFERENCES public.product(id) ON UPDATE CASCADE ON DELETE CASCADE;


--
-- Name: product_tags product_tags_product_tag_id_foreign; Type: FK CONSTRAINT; Schema: public; Owner: biomket
--

ALTER TABLE ONLY public.product_tags
    ADD CONSTRAINT product_tags_product_tag_id_foreign FOREIGN KEY (product_tag_id) REFERENCES public.product_tag(id) ON UPDATE CASCADE ON DELETE CASCADE;


--
-- Name: product product_type_id_foreign; Type: FK CONSTRAINT; Schema: public; Owner: biomket
--

ALTER TABLE ONLY public.product
    ADD CONSTRAINT product_type_id_foreign FOREIGN KEY (type_id) REFERENCES public.product_type(id) ON UPDATE CASCADE ON DELETE SET NULL;


--
-- Name: product_variant_option product_variant_option_option_value_id_foreign; Type: FK CONSTRAINT; Schema: public; Owner: biomket
--

ALTER TABLE ONLY public.product_variant_option
    ADD CONSTRAINT product_variant_option_option_value_id_foreign FOREIGN KEY (option_value_id) REFERENCES public.product_option_value(id) ON UPDATE CASCADE ON DELETE CASCADE;


--
-- Name: product_variant_option product_variant_option_variant_id_foreign; Type: FK CONSTRAINT; Schema: public; Owner: biomket
--

ALTER TABLE ONLY public.product_variant_option
    ADD CONSTRAINT product_variant_option_variant_id_foreign FOREIGN KEY (variant_id) REFERENCES public.product_variant(id) ON UPDATE CASCADE ON DELETE CASCADE;


--
-- Name: product_variant product_variant_product_id_foreign; Type: FK CONSTRAINT; Schema: public; Owner: biomket
--

ALTER TABLE ONLY public.product_variant
    ADD CONSTRAINT product_variant_product_id_foreign FOREIGN KEY (product_id) REFERENCES public.product(id) ON UPDATE CASCADE ON DELETE CASCADE;


--
-- Name: product_variant_product_image product_variant_product_image_image_id_foreign; Type: FK CONSTRAINT; Schema: public; Owner: biomket
--

ALTER TABLE ONLY public.product_variant_product_image
    ADD CONSTRAINT product_variant_product_image_image_id_foreign FOREIGN KEY (image_id) REFERENCES public.image(id) ON DELETE CASCADE;


--
-- Name: promotion_application_method promotion_application_method_promotion_id_foreign; Type: FK CONSTRAINT; Schema: public; Owner: biomket
--

ALTER TABLE ONLY public.promotion_application_method
    ADD CONSTRAINT promotion_application_method_promotion_id_foreign FOREIGN KEY (promotion_id) REFERENCES public.promotion(id) ON UPDATE CASCADE ON DELETE CASCADE;


--
-- Name: promotion_campaign_budget promotion_campaign_budget_campaign_id_foreign; Type: FK CONSTRAINT; Schema: public; Owner: biomket
--

ALTER TABLE ONLY public.promotion_campaign_budget
    ADD CONSTRAINT promotion_campaign_budget_campaign_id_foreign FOREIGN KEY (campaign_id) REFERENCES public.promotion_campaign(id) ON UPDATE CASCADE ON DELETE CASCADE;


--
-- Name: promotion_campaign_budget_usage promotion_campaign_budget_usage_budget_id_foreign; Type: FK CONSTRAINT; Schema: public; Owner: biomket
--

ALTER TABLE ONLY public.promotion_campaign_budget_usage
    ADD CONSTRAINT promotion_campaign_budget_usage_budget_id_foreign FOREIGN KEY (budget_id) REFERENCES public.promotion_campaign_budget(id) ON UPDATE CASCADE ON DELETE CASCADE;


--
-- Name: promotion promotion_campaign_id_foreign; Type: FK CONSTRAINT; Schema: public; Owner: biomket
--

ALTER TABLE ONLY public.promotion
    ADD CONSTRAINT promotion_campaign_id_foreign FOREIGN KEY (campaign_id) REFERENCES public.promotion_campaign(id) ON UPDATE CASCADE ON DELETE SET NULL;


--
-- Name: promotion_promotion_rule promotion_promotion_rule_promotion_id_foreign; Type: FK CONSTRAINT; Schema: public; Owner: biomket
--

ALTER TABLE ONLY public.promotion_promotion_rule
    ADD CONSTRAINT promotion_promotion_rule_promotion_id_foreign FOREIGN KEY (promotion_id) REFERENCES public.promotion(id) ON UPDATE CASCADE ON DELETE CASCADE;


--
-- Name: promotion_promotion_rule promotion_promotion_rule_promotion_rule_id_foreign; Type: FK CONSTRAINT; Schema: public; Owner: biomket
--

ALTER TABLE ONLY public.promotion_promotion_rule
    ADD CONSTRAINT promotion_promotion_rule_promotion_rule_id_foreign FOREIGN KEY (promotion_rule_id) REFERENCES public.promotion_rule(id) ON UPDATE CASCADE ON DELETE CASCADE;


--
-- Name: promotion_rule_value promotion_rule_value_promotion_rule_id_foreign; Type: FK CONSTRAINT; Schema: public; Owner: biomket
--

ALTER TABLE ONLY public.promotion_rule_value
    ADD CONSTRAINT promotion_rule_value_promotion_rule_id_foreign FOREIGN KEY (promotion_rule_id) REFERENCES public.promotion_rule(id) ON UPDATE CASCADE ON DELETE CASCADE;


--
-- Name: provider_identity provider_identity_auth_identity_id_foreign; Type: FK CONSTRAINT; Schema: public; Owner: biomket
--

ALTER TABLE ONLY public.provider_identity
    ADD CONSTRAINT provider_identity_auth_identity_id_foreign FOREIGN KEY (auth_identity_id) REFERENCES public.auth_identity(id) ON UPDATE CASCADE ON DELETE CASCADE;


--
-- Name: refund refund_payment_id_foreign; Type: FK CONSTRAINT; Schema: public; Owner: biomket
--

ALTER TABLE ONLY public.refund
    ADD CONSTRAINT refund_payment_id_foreign FOREIGN KEY (payment_id) REFERENCES public.payment(id) ON UPDATE CASCADE ON DELETE CASCADE;


--
-- Name: region_country region_country_region_id_foreign; Type: FK CONSTRAINT; Schema: public; Owner: biomket
--

ALTER TABLE ONLY public.region_country
    ADD CONSTRAINT region_country_region_id_foreign FOREIGN KEY (region_id) REFERENCES public.region(id) ON UPDATE CASCADE ON DELETE SET NULL;


--
-- Name: reservation_item reservation_item_inventory_item_id_foreign; Type: FK CONSTRAINT; Schema: public; Owner: biomket
--

ALTER TABLE ONLY public.reservation_item
    ADD CONSTRAINT reservation_item_inventory_item_id_foreign FOREIGN KEY (inventory_item_id) REFERENCES public.inventory_item(id) ON UPDATE CASCADE ON DELETE CASCADE;


--
-- Name: return_reason return_reason_parent_return_reason_id_foreign; Type: FK CONSTRAINT; Schema: public; Owner: biomket
--

ALTER TABLE ONLY public.return_reason
    ADD CONSTRAINT return_reason_parent_return_reason_id_foreign FOREIGN KEY (parent_return_reason_id) REFERENCES public.return_reason(id);


--
-- Name: service_zone service_zone_fulfillment_set_id_foreign; Type: FK CONSTRAINT; Schema: public; Owner: biomket
--

ALTER TABLE ONLY public.service_zone
    ADD CONSTRAINT service_zone_fulfillment_set_id_foreign FOREIGN KEY (fulfillment_set_id) REFERENCES public.fulfillment_set(id) ON UPDATE CASCADE ON DELETE CASCADE;


--
-- Name: shipping_option shipping_option_provider_id_foreign; Type: FK CONSTRAINT; Schema: public; Owner: biomket
--

ALTER TABLE ONLY public.shipping_option
    ADD CONSTRAINT shipping_option_provider_id_foreign FOREIGN KEY (provider_id) REFERENCES public.fulfillment_provider(id) ON UPDATE CASCADE ON DELETE SET NULL;


--
-- Name: shipping_option_rule shipping_option_rule_shipping_option_id_foreign; Type: FK CONSTRAINT; Schema: public; Owner: biomket
--

ALTER TABLE ONLY public.shipping_option_rule
    ADD CONSTRAINT shipping_option_rule_shipping_option_id_foreign FOREIGN KEY (shipping_option_id) REFERENCES public.shipping_option(id) ON UPDATE CASCADE ON DELETE CASCADE;


--
-- Name: shipping_option shipping_option_service_zone_id_foreign; Type: FK CONSTRAINT; Schema: public; Owner: biomket
--

ALTER TABLE ONLY public.shipping_option
    ADD CONSTRAINT shipping_option_service_zone_id_foreign FOREIGN KEY (service_zone_id) REFERENCES public.service_zone(id) ON UPDATE CASCADE ON DELETE CASCADE;


--
-- Name: shipping_option shipping_option_shipping_option_type_id_foreign; Type: FK CONSTRAINT; Schema: public; Owner: biomket
--

ALTER TABLE ONLY public.shipping_option
    ADD CONSTRAINT shipping_option_shipping_option_type_id_foreign FOREIGN KEY (shipping_option_type_id) REFERENCES public.shipping_option_type(id) ON UPDATE CASCADE;


--
-- Name: shipping_option shipping_option_shipping_profile_id_foreign; Type: FK CONSTRAINT; Schema: public; Owner: biomket
--

ALTER TABLE ONLY public.shipping_option
    ADD CONSTRAINT shipping_option_shipping_profile_id_foreign FOREIGN KEY (shipping_profile_id) REFERENCES public.shipping_profile(id) ON UPDATE CASCADE ON DELETE SET NULL;


--
-- Name: stock_location stock_location_address_id_foreign; Type: FK CONSTRAINT; Schema: public; Owner: biomket
--

ALTER TABLE ONLY public.stock_location
    ADD CONSTRAINT stock_location_address_id_foreign FOREIGN KEY (address_id) REFERENCES public.stock_location_address(id) ON UPDATE CASCADE ON DELETE CASCADE;


--
-- Name: store_currency store_currency_store_id_foreign; Type: FK CONSTRAINT; Schema: public; Owner: biomket
--

ALTER TABLE ONLY public.store_currency
    ADD CONSTRAINT store_currency_store_id_foreign FOREIGN KEY (store_id) REFERENCES public.store(id) ON UPDATE CASCADE ON DELETE CASCADE;


--
-- Name: store_locale store_locale_store_id_foreign; Type: FK CONSTRAINT; Schema: public; Owner: biomket
--

ALTER TABLE ONLY public.store_locale
    ADD CONSTRAINT store_locale_store_id_foreign FOREIGN KEY (store_id) REFERENCES public.store(id) ON UPDATE CASCADE ON DELETE CASCADE;